CREATE TABLE `w_progress_users` (
  `id` int(55) NOT NULL,
  `user_id` int(55) NOT NULL,
  `rating` int(55) NOT NULL,
  `sum` double NOT NULL DEFAULT '0',
  `spins` int(11) NOT NULL DEFAULT '0',
  `progress_id` int(55) NOT NULL
) ENGINE=MyISAM DEFAULT CHARSET=utf8mb4 COLLATE=utf8mb4_unicode_ci ROW_FORMAT=DYNAMIC;

--
-- Volcado de datos para la tabla `w_progress_users`
--

INSERT INTO `w_progress_users` (`id`, `user_id`, `rating`, `sum`, `spins`, `progress_id`) VALUES
(45, 50, 2, 0, 70, 122),
(44, 70, 1, 10, 53, 181),
(32, 50, 1, 100, 100, 121),
(33, 53, 1, 100, 100, 121),
(34, 55, 1, 100, 14, 121),
(35, 54, 1, 100, 0, 121),
(36, 56, 1, 100, 34, 121),
(37, 52, 1, 100, 0, 121),
(38, 57, 1, 100, 100, 121),
(39, 57, 2, 1000, 215, 122),
(40, 53, 2, 0, 262, 122),
(41, 62, 1, 6, 62, 141),
(42, 65, 1, 10, 0, 141);

-- --------------------------------------------------------

--
-- Estructura de tabla para la tabla `w_quick_shops`
--

CREATE TABLE `w_quick_shops` (
  `id` int(55) NOT NULL,
  `data` text COLLATE utf8mb4_unicode_ci
) ENGINE=MyISAM DEFAULT CHARSET=utf8mb4 COLLATE=utf8mb4_unicode_ci ROW_FORMAT=DYNAMIC;

-- --------------------------------------------------------

--
-- Estructura de tabla para la tabla `w_rewards`
--

CREATE TABLE `w_rewards` (
  `id` int(55) NOT NULL,
  `user_id` int(55) NOT NULL,
  `referral_id` int(55) NOT NULL,
  `payed` decimal(10,0) NOT NULL DEFAULT '0',
  `sum` decimal(20,4) NOT NULL,
  `ref_sum` decimal(20,4) NOT NULL,
  `activated` int(2) NOT NULL DEFAULT '0',
  `user_received` int(2) NOT NULL DEFAULT '0',
  `referral_received` int(2) NOT NULL DEFAULT '0',
  `until` timestamp NULL DEFAULT NULL,
  `shop_id` int(55) NOT NULL DEFAULT '0',
  `created_at` timestamp NOT NULL DEFAULT CURRENT_TIMESTAMP
) ENGINE=InnoDB DEFAULT CHARSET=utf8mb4 COLLATE=utf8mb4_unicode_ci;

-- --------------------------------------------------------

--
-- Estructura de tabla para la tabla `w_roles`
--

CREATE TABLE `w_roles` (
  `id` int(10) UNSIGNED NOT NULL,
  `name` varchar(191) COLLATE utf8mb4_unicode_ci NOT NULL,
  `slug` varchar(191) COLLATE utf8mb4_unicode_ci NOT NULL,
  `description` varchar(191) COLLATE utf8mb4_unicode_ci DEFAULT NULL,
  `level` int(11) NOT NULL DEFAULT '1',
  `created_at` timestamp NULL DEFAULT NULL,
  `updated_at` datetime NOT NULL DEFAULT CURRENT_TIMESTAMP,
  `deleted_at` timestamp NULL DEFAULT NULL
) ENGINE=MyISAM DEFAULT CHARSET=utf8mb4 COLLATE=utf8mb4_unicode_ci ROW_FORMAT=DYNAMIC;

--
-- Volcado de datos para la tabla `w_roles`
--

INSERT INTO `w_roles` (`id`, `name`, `slug`, `description`, `level`, `created_at`, `updated_at`, `deleted_at`) VALUES
(1, 'User', 'user', '', 1, '2020-01-29 21:00:00', '2020-01-30 00:00:00', NULL),
(2, 'Cashier', 'cashier', '', 2, '2020-01-29 21:00:00', '2020-01-30 00:00:00', NULL),
(3, 'Manager', 'manager', '', 3, '2020-01-29 21:00:00', '2020-01-30 00:00:00', NULL),
(4, 'Distributor', 'distributor', '', 4, '2020-01-29 21:00:00', '2020-01-30 00:00:00', NULL),
(5, 'Agent', 'agent', '', 5, '2020-01-29 21:00:00', '2020-01-30 00:00:00', NULL),
(6, 'Admin', 'admin', '', 6, '2020-01-29 21:00:00', '2020-01-30 00:00:00', NULL);

-- --------------------------------------------------------

--
-- Estructura de tabla para la tabla `w_role_user`
--

CREATE TABLE `w_role_user` (
  `id` int(10) UNSIGNED NOT NULL,
  `role_id` int(10) UNSIGNED NOT NULL,
  `user_id` int(10) UNSIGNED NOT NULL,
  `created_at` timestamp NULL DEFAULT NULL,
  `updated_at` datetime NOT NULL DEFAULT CURRENT_TIMESTAMP
) ENGINE=MyISAM DEFAULT CHARSET=utf8mb4 COLLATE=utf8mb4_unicode_ci ROW_FORMAT=DYNAMIC;

--
-- Volcado de datos para la tabla `w_role_user`
--

INSERT INTO `w_role_user` (`id`, `role_id`, `user_id`, `created_at`, `updated_at`) VALUES
(1, 6, 1, '2020-01-29 21:00:00', '2020-01-30 00:00:00'),
(67, 5, 67, '2021-09-02 16:39:43', '2021-09-02 18:39:43'),
(55, 1, 55, '2021-09-02 07:48:57', '2021-09-02 09:48:57'),
(54, 1, 54, '2021-09-02 07:48:57', '2021-09-02 09:48:57'),
(51, 1, 51, '2021-09-01 20:33:18', '2021-09-01 22:33:18'),
(50, 1, 50, '2021-09-01 20:32:48', '2021-09-01 22:32:48'),
(49, 2, 49, '2021-09-01 20:31:09', '2021-09-01 22:31:09'),
(48, 4, 48, '2021-09-01 20:30:16', '2021-09-01 22:30:16'),
(57, 1, 57, '2021-09-02 07:51:59', '2021-09-02 09:51:59'),
(56, 1, 56, '2021-09-02 07:48:57', '2021-09-02 09:48:57'),
(47, 5, 47, '2021-09-01 20:28:37', '2021-09-01 22:28:37'),
(52, 1, 52, '2021-09-02 07:48:57', '2021-09-02 09:48:57'),
(53, 1, 53, '2021-09-02 07:48:57', '2021-09-02 09:48:57'),
(70, 1, 70, '2021-09-02 16:50:20', '2021-09-02 18:50:20'),
(69, 2, 69, '2021-09-02 16:48:34', '2021-09-02 18:48:34'),
(68, 4, 68, '2021-09-02 16:46:08', '2021-09-02 18:46:08'),
(58, 5, 58, '2021-09-02 11:14:17', '2021-09-02 13:14:17'),
(59, 4, 59, '2021-09-02 11:31:55', '2021-09-02 13:31:55'),
(60, 2, 60, '2021-09-02 11:33:58', '2021-09-02 13:33:58'),
(61, 4, 61, '2021-09-02 11:37:25', '2021-09-02 13:37:25'),
(62, 1, 62, '2021-09-02 11:41:21', '2021-09-02 13:41:21'),
(63, 2, 63, '2021-09-02 11:41:59', '2021-09-02 13:41:59'),
(65, 1, 65, '2021-09-02 12:00:34', '2021-09-02 14:00:34'),
(71, 5, 71, '2021-09-02 18:10:12', '2021-09-02 20:10:12'),
(74, 5, 74, '2021-09-02 19:00:44', '2021-09-02 21:00:44'),
(0, 5, 0, '2021-09-14 21:25:07', '2021-09-14 18:25:07');

-- --------------------------------------------------------

--
-- Estructura de tabla para la tabla `w_rules`
--

CREATE TABLE `w_rules` (
  `id` int(55) NOT NULL,
  `title` varchar(255) COLLATE utf8mb4_unicode_ci NOT NULL,
  `href` varchar(255) COLLATE utf8mb4_unicode_ci DEFAULT NULL,
  `keywords` varchar(255) COLLATE utf8mb4_unicode_ci DEFAULT NULL,
  `description` varchar(255) COLLATE utf8mb4_unicode_ci DEFAULT NULL,
  `text` text COLLATE utf8mb4_unicode_ci,
  `created_at` timestamp NOT NULL DEFAULT CURRENT_TIMESTAMP,
  `updated_at` timestamp NOT NULL DEFAULT CURRENT_TIMESTAMP
) ENGINE=MyISAM DEFAULT CHARSET=utf8mb4 COLLATE=utf8mb4_unicode_ci ROW_FORMAT=DYNAMIC;

--
-- Volcado de datos para la tabla `w_rules`
--

INSERT INTO `w_rules` (`id`, `title`, `href`, `keywords`, `description`, `text`, `created_at`, `updated_at`) VALUES
(1, 'Terms and Conditions', 'terms_and_conditions', NULL, NULL, '<p>Terms and Conditions Terms and Conditions Terms and Conditions Terms and Conditions Terms and Conditions Terms and Conditions Terms and Conditions Terms and Conditions Terms and Conditions Terms and Conditions Terms and Conditions Terms and Conditions Terms and Conditions Terms and Conditions Terms and Conditions Terms and Conditions Terms and Conditions Terms and Conditions Terms and Conditions Terms and Conditions Terms and Conditions Terms and Conditions Terms and Conditions Terms and Conditions Terms and Conditions Terms and Conditions Terms and Conditions Terms and Conditions Terms and Conditions Terms and Conditions Terms and Conditions Terms and Conditions Terms and Conditions Terms and Conditions Terms and Conditions Terms and Conditions Terms and Conditions Terms and Conditions Terms and Conditions Terms and Conditions Terms and Conditions Terms and Conditions Terms and Conditions Terms and Conditions Terms and Conditions Terms and Conditions Terms and Conditions Terms and Conditions Terms and Conditions Terms and Conditions </p>', '2021-03-30 21:09:51', '2021-04-24 12:54:17'),
(2, 'Privacy Policy', 'privacy_policy', NULL, NULL, '<p>Privacy Policy Privacy Policy Privacy Policy Privacy Policy Privacy Policy Privacy Policy Privacy Policy Privacy Policy Privacy Policy Privacy Policy Privacy Policy Privacy Policy Privacy Policy Privacy Policy Privacy Policy Privacy Policy Privacy Policy Privacy Policy Privacy Policy Privacy Policy Privacy Policy Privacy Policy Privacy Policy Privacy Policy Privacy Policy Privacy Policy Privacy Policy Privacy Policy Privacy Policy Privacy Policy Privacy Policy Privacy Policy Privacy Policy Privacy Policy Privacy Policy Privacy Policy Privacy Policy Privacy Policy Privacy Policy Privacy Policy Privacy Policy Privacy Policy Privacy Policy Privacy Policy Privacy Policy Privacy Policy Privacy Policy Privacy Policy Privacy Policy Privacy Policy Privacy Policy Privacy Policy Privacy Policy Privacy Policy Privacy Policy Privacy Policy Privacy Policy Privacy Policy Privacy Policy Privacy Policy Privacy Policy Privacy Policy Privacy Policy Privacy Policy Privacy Policy Privacy Policy </p>', '2021-03-30 21:09:51', '2021-04-24 12:54:28'),
(3, 'General Bonus Policy', 'general_bonus_policy', NULL, NULL, '<p>General Bonus Policy General Bonus Policy General Bonus Policy General Bonus Policy General Bonus Policy General Bonus Policy General Bonus Policy General Bonus Policy General Bonus Policy General Bonus Policy General Bonus Policy General Bonus Policy General Bonus Policy General Bonus Policy General Bonus Policy General Bonus Policy General Bonus Policy General Bonus Policy General Bonus Policy General Bonus Policy General Bonus Policy General Bonus Policy General Bonus Policy General Bonus Policy General Bonus Policy General Bonus Policy General Bonus Policy General Bonus Policy General Bonus Policy General Bonus Policy General Bonus Policy General Bonus Policy General Bonus Policy General Bonus Policy General Bonus Policy General Bonus Policy General Bonus Policy General Bonus Policy General Bonus Policy General Bonus Policy General Bonus Policy General Bonus Policy General Bonus Policy General Bonus Policy General Bonus Policy General Bonus Policy General Bonus Policy General Bonus Policy General Bonus Policy General Bonus Policy General Bonus Policy </p>', '2021-03-30 21:09:51', '2021-04-24 12:54:37'),
(4, 'Why Bitcoin?', 'why_bitcoin', NULL, NULL, '<p>Why Bitcoin? Why Bitcoin? Why Bitcoin? Why Bitcoin? Why Bitcoin? Why Bitcoin? Why Bitcoin? Why Bitcoin? Why Bitcoin? Why Bitcoin? Why Bitcoin? Why Bitcoin? Why Bitcoin? Why Bitcoin? Why Bitcoin? Why Bitcoin? Why Bitcoin? Why Bitcoin? Why Bitcoin? Why Bitcoin? Why Bitcoin? Why Bitcoin? Why Bitcoin? Why Bitcoin? Why Bitcoin? Why Bitcoin? Why Bitcoin? Why Bitcoin? Why Bitcoin? Why Bitcoin? Why Bitcoin? </p>', '2021-03-30 21:09:51', '2021-04-24 12:54:05'),
(5, 'Responsible Gaming', 'responsible_gaming', NULL, NULL, '<p>Responsible Gaming Responsible Gaming Responsible Gaming Responsible Gaming Responsible Gaming Responsible Gaming Responsible Gaming Responsible Gaming Responsible Gaming Responsible Gaming Responsible Gaming Responsible Gaming Responsible Gaming Responsible Gaming Responsible Gaming Responsible Gaming Responsible Gaming Responsible Gaming Responsible Gaming Responsible Gaming Responsible Gaming Responsible Gaming Responsible Gaming Responsible Gaming Responsible Gaming Responsible Gaming Responsible Gaming Responsible Gaming Responsible Gaming Responsible Gaming Responsible Gaming Responsible Gaming Responsible Gaming Responsible Gaming Responsible Gaming Responsible Gaming Responsible Gaming Responsible Gaming Responsible Gaming Responsible Gaming Responsible Gaming Responsible Gaming Responsible Gaming Responsible Gaming Responsible Gaming Responsible Gaming Responsible Gaming Responsible Gaming Responsible Gaming Responsible Gaming Responsible Gaming Responsible Gaming Responsible Gaming Responsible Gaming Responsible Gaming Responsible Gaming Responsible Gaming Responsible Gaming Responsible Gaming Responsible Gaming Responsible Gaming Responsible Gaming Responsible Gaming Responsible Gaming Responsible Gaming Responsible Gaming Responsible Gaming Responsible Gaming Responsible Gaming Responsible Gaming Responsible Gaming Responsible Gaming Responsible Gaming Responsible Gaming Responsible Gaming Responsible Gaming Responsible Gaming Responsible Gaming Responsible Gaming Responsible Gaming Responsible Gaming Responsible Gaming Responsible Gaming Responsible Gaming Responsible Gaming Responsible Gaming Responsible Gaming Responsible Gaming Responsible Gaming Responsible Gaming Responsible Gaming Responsible Gaming Responsible Gaming Responsible Gaming Responsible Gaming Responsible Gaming Responsible Gaming Responsible Gaming Responsible Gaming Responsible Gaming Responsible Gaming Responsible Gaming Responsible Gaming Responsible Gaming Responsible Gaming Responsible Gaming Responsible Gaming Responsible Gaming Responsible Gaming Responsible Gaming Responsible Gaming Responsible Gaming Responsible Gaming Responsible Gaming Responsible Gaming Responsible Gaming Responsible Gaming Responsible Gaming Responsible Gaming Responsible Gaming Responsible Gaming Responsible Gaming Responsible Gaming Responsible Gaming Responsible Gaming Responsible Gaming Responsible Gaming Responsible Gaming Responsible Gaming Responsible Gaming Responsible Gaming Responsible Gaming Responsible Gaming Responsible Gaming Responsible Gaming Responsible Gaming Responsible Gaming Responsible Gaming Responsible Gaming Responsible Gaming Responsible Gaming Responsible Gaming Responsible Gaming Responsible Gaming Responsible Gaming Responsible Gaming Responsible Gaming Responsible Gaming Responsible Gaming Responsible Gaming Responsible Gaming Responsible Gaming Responsible Gaming Responsible Gaming Responsible Gaming Responsible Gaming Responsible Gaming Responsible Gaming Responsible Gaming Responsible Gaming Responsible Gaming Responsible Gaming Responsible Gaming Responsible Gaming Responsible Gaming Responsible Gaming Responsible Gaming Responsible Gaming Responsible Gaming Responsible Gaming Responsible Gaming Responsible Gaming Responsible Gaming Responsible Gaming Responsible Gaming Responsible Gaming Responsible Gaming Responsible Gaming Responsible Gaming Responsible Gaming Responsible Gaming Responsible Gaming Responsible Gaming Responsible Gaming Responsible Gaming Responsible Gaming Responsible Gaming Responsible Gaming Responsible Gaming Responsible Gaming Responsible Gaming Responsible Gaming Responsible Gaming Responsible Gaming Responsible Gaming Responsible Gaming Responsible Gaming Responsible Gaming Responsible Gaming Responsible Gaming Responsible Gaming Responsible Gaming Responsible Gaming Responsible Gaming Responsible Gaming Responsible Gaming Responsible Gaming Responsible Gaming Responsible Gaming Responsible Gaming Responsible Gaming Responsible Gaming Responsible Gaming Responsible Gaming Responsible Gaming Responsible Gaming Responsible Gaming Responsible Gaming Responsible Gaming Responsible Gaming Responsible Gaming Responsible Gaming Responsible Gaming Responsible Gaming Responsible Gaming Responsible Gaming Responsible Gaming Responsible Gaming Responsible Gaming Responsible Gaming Responsible Gaming Responsible Gaming Responsible Gaming Responsible Gaming Responsible Gaming Responsible Gaming Responsible Gaming Responsible Gaming Responsible Gaming Responsible Gaming Responsible Gaming Responsible Gaming Responsible Gaming Responsible Gaming Responsible Gaming Responsible Gaming Responsible Gaming Responsible Gaming Responsible Gaming Responsible Gaming Responsible Gaming Responsible Gaming Responsible Gaming Responsible Gaming Responsible Gaming Responsible Gaming Responsible Gaming Responsible Gaming Responsible Gaming Responsible Gaming Responsible Gaming Responsible Gaming Responsible Gaming Responsible Gaming Responsible Gaming Responsible Gaming Responsible Gaming Responsible Gaming Responsible Gaming Responsible Gaming Responsible Gaming Responsible Gaming Responsible Gaming Responsible Gaming Responsible Gaming Responsible Gaming Responsible Gaming Responsible Gaming Responsible Gaming Responsible Gaming Responsible Gaming Responsible Gaming Responsible Gaming Responsible Gaming Responsible Gaming Responsible Gaming Responsible Gaming Responsible Gaming Responsible Gaming Responsible Gaming Responsible Gaming Responsible Gaming Responsible Gaming Responsible Gaming Responsible Gaming Responsible Gaming Responsible Gaming Responsible Gaming Responsible Gaming Responsible Gaming Responsible Gaming Responsible Gaming Responsible Gaming Responsible Gaming Responsible Gaming Responsible Gaming Responsible Gaming Responsible Gaming Responsible Gaming Responsible Gaming Responsible Gaming Responsible Gaming Responsible Gaming Responsible Gaming Responsible Gaming Responsible Gaming Responsible Gaming Responsible Gaming Responsible Gaming Responsible Gaming Responsible Gaming Responsible Gaming Responsible Gaming Responsible Gaming</p>', '2021-03-30 21:09:51', '2021-04-26 08:40:41');

-- --------------------------------------------------------

--
-- Estructura de tabla para la tabla `w_securities`
--

CREATE TABLE `w_securities` (
  `id` int(55) NOT NULL,
  `type` enum('game','user_balance','user_in_out','user_balance_bigger','shop','shop_balance_bigger','user_win') COLLATE utf8mb4_unicode_ci NOT NULL,
  `bank` varchar(55) COLLATE utf8mb4_unicode_ci DEFAULT NULL,
  `item_id` int(55) NOT NULL,
  `pay_in` double DEFAULT NULL,
  `pay_out` double DEFAULT NULL,
  `pay_total` double DEFAULT NULL,
  `balance` double DEFAULT NULL,
  `win` double DEFAULT NULL,
  `rtp` double DEFAULT NULL,
  `count` int(55) DEFAULT NULL,
  `view` int(2) NOT NULL DEFAULT '1',
  `sms` int(2) NOT NULL DEFAULT '0',
  `block` int(2) NOT NULL DEFAULT '0',
  `category` varchar(255) COLLATE utf8mb4_unicode_ci NOT NULL,
  `shop_id` int(55) NOT NULL,
  `created_at` timestamp NOT NULL DEFAULT CURRENT_TIMESTAMP
) ENGINE=InnoDB DEFAULT CHARSET=utf8mb4 COLLATE=utf8mb4_unicode_ci;

-- --------------------------------------------------------

--
-- Estructura de tabla para la tabla `w_sessions`
--

CREATE TABLE `w_sessions` (
  `id` varchar(191) COLLATE utf8mb4_unicode_ci NOT NULL,
  `user_id` int(11) DEFAULT NULL,
  `ip_address` varchar(45) COLLATE utf8mb4_unicode_ci DEFAULT NULL,
  `user_agent` text COLLATE utf8mb4_unicode_ci,
  `payload` text COLLATE utf8mb4_unicode_ci NOT NULL,
  `last_activity` int(11) NOT NULL,
  `country` varchar(255) COLLATE utf8mb4_unicode_ci DEFAULT NULL,
  `city` varchar(255) COLLATE utf8mb4_unicode_ci DEFAULT NULL,
  `os` varchar(255) COLLATE utf8mb4_unicode_ci DEFAULT NULL,
  `device` varchar(255) COLLATE utf8mb4_unicode_ci DEFAULT NULL,
  `browser` varchar(255) COLLATE utf8mb4_unicode_ci DEFAULT NULL
) ENGINE=MyISAM DEFAULT CHARSET=utf8mb4 COLLATE=utf8mb4_unicode_ci ROW_FORMAT=DYNAMIC;

--
-- Volcado de datos para la tabla `w_sessions`
--

INSERT INTO `w_sessions` (`id`, `user_id`, `ip_address`, `user_agent`, `payload`, `last_activity`, `country`, `city`, `os`, `device`, `browser`) VALUES
('RNdAIEV0a5PrGIAJzx3qEofLgK8cSgrVTurLOD37', 1, '127.0.0.1', 'Mozilla/5.0 (Windows NT 10.0; Win64; x64) AppleWebKit/537.36 (KHTML, like Gecko) Chrome/92.0.4515.159 Safari/537.36', 'YTo0OntzOjY6Il90b2tlbiI7czo0MDoidEY3anBKTzkxS296d2k2U3FWTkVLYkZjRTA2aDJPb0Q2MVM5c3J2cyI7czo5OiJfcHJldmlvdXMiO2E6MTp7czozOiJ1cmwiO3M6MzY6Imh0dHA6Ly9nb2xkc3ZldDgxLnRzdC9iYWNrZW5kL2xvZ291dCI7fXM6NjoiX2ZsYXNoIjthOjI6e3M6Mzoib2xkIjthOjA6e31zOjM6Im5ldyI7YTowOnt9fXM6NTA6ImxvZ2luX3dlYl81OWJhMzZhZGRjMmIyZjk0MDE1ODBmMDE0YzdmNThlYTRlMzA5ODlkIjtpOjE7fQ==', 1630265467, 'Unknown', 'Unknown', 'Windows 10', 'Computer', 'Chrome'),
('bKT3OhTgMeJHzhzrQmDvkj0j5iRVg6KWmDtXuu66', 1, '127.0.0.1', 'Mozilla/5.0 (Windows NT 10.0; Win64; x64) AppleWebKit/537.36 (KHTML, like Gecko) Chrome/92.0.4515.159 Safari/537.36', 'YTo0OntzOjY6Il90b2tlbiI7czo0MDoiT29JcmNWZU0yWnBaZk8zdUJsVHlhSkdrZXVRWDJKZ3dJZ0VXTjNZbiI7czo5OiJfcHJldmlvdXMiO2E6MTp7czozOiJ1cmwiO3M6MzY6Imh0dHA6Ly9nb2xkc3ZldDgxLnRzdC9iYWNrZW5kL2xvZ291dCI7fXM6NjoiX2ZsYXNoIjthOjI6e3M6Mzoib2xkIjthOjA6e31zOjM6Im5ldyI7YTowOnt9fXM6NTA6ImxvZ2luX3dlYl81OWJhMzZhZGRjMmIyZjk0MDE1ODBmMDE0YzdmNThlYTRlMzA5ODlkIjtpOjE7fQ==', 1630256389, 'Unknown', 'Unknown', 'Windows 10', 'Computer', 'Chrome'),
('ZnYkWjvgr87np6MhSzRUXSm77MB5lG9qAmqPswiB', 1, '127.0.0.1', 'Mozilla/5.0 (Windows NT 10.0; Win64; x64) AppleWebKit/537.36 (KHTML, like Gecko) Chrome/92.0.4515.159 Safari/537.36', 'YTo1OntzOjY6Il90b2tlbiI7czo0MDoidW1RenJocTk0WWVpZDI1dzltYkxWVGZLMWxiSmlqTWpkTUpPUGdLYSI7czo2OiJfZmxhc2giO2E6Mjp7czozOiJvbGQiO2E6MDp7fXM6MzoibmV3IjthOjA6e319czozOiJ1cmwiO2E6MTp7czo4OiJpbnRlbmRlZCI7czozNToiaHR0cDovL2dvbGRzdmV0ODEudHN0L2JhY2tlbmQvc2hvcHMiO31zOjk6Il9wcmV2aW91cyI7YToxOntzOjM6InVybCI7czozNjoiaHR0cDovL2dvbGRzdmV0ODEudHN0L2JhY2tlbmQvbG9nb3V0Ijt9czo1MDoibG9naW5fd2ViXzU5YmEzNmFkZGMyYjJmOTQwMTU4MGYwMTRjN2Y1OGVhNGUzMDk4OWQiO2k6MTt9', 1630198155, 'Unknown', 'Unknown', 'Windows 10', 'Computer', 'Chrome'),
('mDcddR2498WdH5E6mEe07A9MesePSfDxGzqJ0YIR', 1, '127.0.0.1', 'Mozilla/5.0 (Windows NT 10.0; Win64; x64) AppleWebKit/537.36 (KHTML, like Gecko) Chrome/92.0.4515.159 Safari/537.36', 'YTo0OntzOjY6Il90b2tlbiI7czo0MDoiNHFjUjE2WEwyamV6SllRNzlEVGtUS1lhQldGeFhoZnloUlI0cGdVUyI7czo5OiJfcHJldmlvdXMiO2E6MTp7czozOiJ1cmwiO3M6MzY6Imh0dHA6Ly9nb2xkc3ZldDgxLnRzdC9iYWNrZW5kL2xvZ291dCI7fXM6NjoiX2ZsYXNoIjthOjI6e3M6Mzoib2xkIjthOjA6e31zOjM6Im5ldyI7YTowOnt9fXM6NTA6ImxvZ2luX3dlYl81OWJhMzZhZGRjMmIyZjk0MDE1ODBmMDE0YzdmNThlYTRlMzA5ODlkIjtpOjE7fQ==', 1630203032, 'Unknown', 'Unknown', 'Windows 10', 'Computer', 'Chrome'),
('1wuBBXOVDOljSVO4xF3P4lyFXYlSHqdtTSC2tb67', 1, '127.0.0.1', 'Mozilla/5.0 (Windows NT 10.0; Win64; x64) AppleWebKit/537.36 (KHTML, like Gecko) Chrome/92.0.4515.159 Safari/537.36', 'YTozOntzOjY6Il90b2tlbiI7czo0MDoiekV3a1pha0l1ZkJtUm1rUUFtSDl4TXVDUEJUaFhWZlkyY0pqSHNFbSI7czo1MDoibG9naW5fd2ViXzU5YmEzNmFkZGMyYjJmOTQwMTU4MGYwMTRjN2Y1OGVhNGUzMDk4OWQiO2k6MTtzOjY6Il9mbGFzaCI7YToyOntzOjM6Im9sZCI7YTowOnt9czozOiJuZXciO2E6MDp7fX19', 1630203032, 'Unknown', 'Unknown', 'Windows 10', 'Computer', 'Chrome'),
('DF3FkvvrY1IdWpaMxBMshbjKnUO94A5BYiuad6Lz', 1, '127.0.0.1', 'Mozilla/5.0 (Windows NT 10.0; Win64; x64) AppleWebKit/537.36 (KHTML, like Gecko) Chrome/92.0.4515.159 Safari/537.36', 'YTozOntzOjY6Il90b2tlbiI7czo0MDoiSFMxTzhqV25sQU95b0thOGhZU0hTemt2MHdBOWlaUGtHWnR0Y3VRRiI7czo1MDoibG9naW5fd2ViXzU5YmEzNmFkZGMyYjJmOTQwMTU4MGYwMTRjN2Y1OGVhNGUzMDk4OWQiO2k6MTtzOjY6Il9mbGFzaCI7YToyOntzOjM6Im9sZCI7YTowOnt9czozOiJuZXciO2E6MDp7fX19', 1630203011, 'Unknown', 'Unknown', 'Windows 10', 'Computer', 'Chrome'),
('5s0TsuAPINdRYFdPT2CVOd7sAql0wHv1weNx7ReM', 1, '127.0.0.1', 'Mozilla/5.0 (Windows NT 10.0; Win64; x64) AppleWebKit/537.36 (KHTML, like Gecko) Chrome/92.0.4515.159 Safari/537.36', 'YTozOntzOjY6Il90b2tlbiI7czo0MDoiOUxXcExvdFRBbGxGU041NVFRNHFiR2FiUWdQaFllc1A2cWFkdjlaeiI7czo1MDoibG9naW5fd2ViXzU5YmEzNmFkZGMyYjJmOTQwMTU4MGYwMTRjN2Y1OGVhNGUzMDk4OWQiO2k6MTtzOjY6Il9mbGFzaCI7YToyOntzOjM6Im9sZCI7YTowOnt9czozOiJuZXciO2E6MDp7fX19', 1630203014, 'Unknown', 'Unknown', 'Windows 10', 'Computer', 'Chrome'),
('KUlcjXao2R5DVsaQyPNuyQxkV6vVVDA6RXOyICoM', 1, '127.0.0.1', 'Mozilla/5.0 (Windows NT 10.0; Win64; x64) AppleWebKit/537.36 (KHTML, like Gecko) Chrome/92.0.4515.159 Safari/537.36 Edg/92.0.902.84', 'YTo0OntzOjY6Il90b2tlbiI7czo0MDoiZEJaTkhya0VybDlzVG5YVnA3b1hzNUJBOXg2ZWdTVFhTdXVsV04ybiI7czo5OiJfcHJldmlvdXMiO2E6MTp7czozOiJ1cmwiO3M6NDI6Imh0dHA6Ly9nb2xkc3ZldDgxLnRzdC9iYWNrZW5kL3Nob3BzLzEvZWRpdCI7fXM6NjoiX2ZsYXNoIjthOjI6e3M6Mzoib2xkIjthOjA6e31zOjM6Im5ldyI7YTowOnt9fXM6NTA6ImxvZ2luX3dlYl81OWJhMzZhZGRjMmIyZjk0MDE1ODBmMDE0YzdmNThlYTRlMzA5ODlkIjtpOjE7fQ==', 1630439518, 'Unknown', 'Unknown', 'Windows 10', 'Computer', 'Chrome'),
('MoPsFYQpomeN4Rjv8KtnD4kU6DnJdzml26SiivCB', 1, '127.0.0.1', 'Mozilla/5.0 (Windows NT 10.0; Win64; x64) AppleWebKit/537.36 (KHTML, like Gecko) Chrome/92.0.4515.159 Safari/537.36', 'YTo0OntzOjY6Il90b2tlbiI7czo0MDoibEtRVG1UOWtIcnYwVHZBcVFqcDJ1YlFyQUlQTTRRVUtBdXJiaXJibCI7czo5OiJfcHJldmlvdXMiO2E6MTp7czozOiJ1cmwiO3M6NDY6Imh0dHA6Ly9nb2xkc3ZldDgxLnRzdC9iYWNrZW5kL3NldHRpbmdzL2dlbmVyYWwiO31zOjY6Il9mbGFzaCI7YToyOntzOjM6Im9sZCI7YTowOnt9czozOiJuZXciO2E6MDp7fX1zOjUwOiJsb2dpbl93ZWJfNTliYTM2YWRkYzJiMmY5NDAxNTgwZjAxNGM3ZjU4ZWE0ZTMwOTg5ZCI7aToxO30=', 1630207958, 'Unknown', 'Unknown', 'Windows 10', 'Computer', 'Chrome'),
('6zYa7veitKwFNd2LWb1OcWeSPJMCseMP5XaktrWl', 1, '127.0.0.1', 'Mozilla/5.0 (Windows NT 10.0; Win64; x64) AppleWebKit/537.36 (KHTML, like Gecko) Chrome/92.0.4515.159 Safari/537.36', 'YTo0OntzOjY6Il90b2tlbiI7czo0MDoiY0RhRFpsQWJsN3RLd2JtZkFyVmRZcDR5SFpjOWJ4MTQzNnRVejlrRyI7czo5OiJfcHJldmlvdXMiO2E6MTp7czozOiJ1cmwiO3M6MzY6Imh0dHA6Ly9nb2xkc3ZldDgxLnRzdC9iYWNrZW5kL2xvZ291dCI7fXM6NjoiX2ZsYXNoIjthOjI6e3M6Mzoib2xkIjthOjA6e31zOjM6Im5ldyI7YTowOnt9fXM6NTA6ImxvZ2luX3dlYl81OWJhMzZhZGRjMmIyZjk0MDE1ODBmMDE0YzdmNThlYTRlMzA5ODlkIjtpOjE7fQ==', 1630265676, 'Unknown', 'Unknown', 'Windows 10', 'Computer', 'Chrome'),
('D9jV3Ue5tcp2BC3K6KTJu0ngzijhLeXHBkv9OfAN', 1, '127.0.0.1', 'Mozilla/5.0 (Windows NT 10.0; Win64; x64) AppleWebKit/537.36 (KHTML, like Gecko) Chrome/92.0.4515.159 Safari/537.36', 'YTozOntzOjY6Il90b2tlbiI7czo0MDoiSXhiZkxSMTNBbXVXTzNXaG9veFNxNFZOd2lUdHJKQ0lkQ05UUWJaayI7czo1MDoibG9naW5fd2ViXzU5YmEzNmFkZGMyYjJmOTQwMTU4MGYwMTRjN2Y1OGVhNGUzMDk4OWQiO2k6MTtzOjY6Il9mbGFzaCI7YToyOntzOjM6Im9sZCI7YTowOnt9czozOiJuZXciO2E6MDp7fX19', 1630256162, 'Unknown', 'Unknown', 'Windows 10', 'Computer', 'Chrome'),
('gs4RuiEQ5BkO3KHTtyhovSz1zGf0UVtaYVg5xEFi', 1, '127.0.0.1', 'Mozilla/5.0 (Windows NT 10.0; Win64; x64) AppleWebKit/537.36 (KHTML, like Gecko) Chrome/92.0.4515.159 Safari/537.36', 'YTozOntzOjY6Il90b2tlbiI7czo0MDoiMU1JQ0xmQTVOVEwwVk94RkVBTWZmYW5zeUxnZUZYTE5NYndlYjhTTiI7czo1MDoibG9naW5fd2ViXzU5YmEzNmFkZGMyYjJmOTQwMTU4MGYwMTRjN2Y1OGVhNGUzMDk4OWQiO2k6MTtzOjY6Il9mbGFzaCI7YToyOntzOjM6Im9sZCI7YTowOnt9czozOiJuZXciO2E6MDp7fX19', 1630256162, 'Unknown', 'Unknown', 'Windows 10', 'Computer', 'Chrome'),
('zcaFFIHLAVzqD62yGCDxSARMXvHcE83BIBReosbD', 1, '127.0.0.1', 'Mozilla/5.0 (Windows NT 10.0; Win64; x64) AppleWebKit/537.36 (KHTML, like Gecko) Chrome/92.0.4515.159 Safari/537.36', 'YTozOntzOjY6Il90b2tlbiI7czo0MDoiakd0emhRZ0VuR1VVNTVycVhJYnpoWGZqRVBNSWF4WVJpRU90MGZZWSI7czo1MDoibG9naW5fd2ViXzU5YmEzNmFkZGMyYjJmOTQwMTU4MGYwMTRjN2Y1OGVhNGUzMDk4OWQiO2k6MTtzOjY6Il9mbGFzaCI7YToyOntzOjM6Im9sZCI7YTowOnt9czozOiJuZXciO2E6MDp7fX19', 1630256319, 'Unknown', 'Unknown', 'Windows 10', 'Computer', 'Chrome'),
('pKpOwCeYL69ZVcgeNhce3D0czyJ52zQ5i0A4BxxV', 1, '127.0.0.1', 'Mozilla/5.0 (Windows NT 10.0; Win64; x64) AppleWebKit/537.36 (KHTML, like Gecko) Chrome/92.0.4515.159 Safari/537.36', 'YTozOntzOjY6Il90b2tlbiI7czo0MDoiQ21RWjFhYWxjNGVIVUhSUXY0QmFudTRRMzNRNE4wQTdjMm5DRHdzOSI7czo1MDoibG9naW5fd2ViXzU5YmEzNmFkZGMyYjJmOTQwMTU4MGYwMTRjN2Y1OGVhNGUzMDk4OWQiO2k6MTtzOjY6Il9mbGFzaCI7YToyOntzOjM6Im9sZCI7YTowOnt9czozOiJuZXciO2E6MDp7fX19', 1630265819, 'Unknown', 'Unknown', 'Windows 10', 'Computer', 'Chrome'),
('mOLz3RfUoexyxUClOLeSFnp57cGZpaF8Cx6aELNx', 1, '127.0.0.1', 'Mozilla/5.0 (Windows NT 10.0; Win64; x64) AppleWebKit/537.36 (KHTML, like Gecko) Chrome/92.0.4515.159 Safari/537.36', 'YTozOntzOjY6Il90b2tlbiI7czo0MDoiR1ptbkROWmpmbmlUTmVjV052bmtvM2Z4VXp3SEtheHpkR3pJSWtXaCI7czo1MDoibG9naW5fd2ViXzU5YmEzNmFkZGMyYjJmOTQwMTU4MGYwMTRjN2Y1OGVhNGUzMDk4OWQiO2k6MTtzOjY6Il9mbGFzaCI7YToyOntzOjM6Im9sZCI7YTowOnt9czozOiJuZXciO2E6MDp7fX19', 1630265819, 'Unknown', 'Unknown', 'Windows 10', 'Computer', 'Chrome'),
('WQQU4eaiyS54v8QtVVaGyQuFeMHqbELWnNORkpL3', 55, '::1', 'Mozilla/5.0 (Windows NT 6.1; Win64; x64) AppleWebKit/537.36 (KHTML, like Gecko) Chrome/93.0.4577.82 Safari/537.36', 'YTozOntzOjY6Il90b2tlbiI7czo0MDoiNlJaSEtUQmtLaHhEOTd2aGdrNlhlclZZc0dWUEw1M1RIRkJmVU5VTSI7czo1MDoibG9naW5fd2ViXzU5YmEzNmFkZGMyYjJmOTQwMTU4MGYwMTRjN2Y1OGVhNGUzMDk4OWQiO2k6NTU7czo2OiJfZmxhc2giO2E6Mjp7czozOiJvbGQiO2E6MDp7fXM6MzoibmV3IjthOjA6e319fQ==', 1631725737, 'Unknown', 'Unknown', 'Windows 7', 'Computer', 'Chrome'),
('PEoEQ0wal5SmgrhqswwpLdEaLtaS5JwcOEQkQywe', 1, '79.181.92.13', 'Mozilla/5.0 (Windows NT 10.0; Win64; x64) AppleWebKit/537.36 (KHTML, like Gecko) Chrome/92.0.4515.131 Safari/537.36 OPR/78.0.4093.147', 'YTo1OntzOjY6Il90b2tlbiI7czo0MDoiRjE2V21ISHhFZnIyR1JtcU1xMkxtYjBGeG5XYklGbWZtMGV1c0dncCI7czo2OiJfZmxhc2giO2E6Mjp7czozOiJvbGQiO2E6MDp7fXM6MzoibmV3IjthOjA6e319czozOiJ1cmwiO2E6MTp7czo4OiJpbnRlbmRlZCI7czozNToiaHR0cHM6Ly9mb3J6emEyNC5uZXQvYmFja2VuZC9sb2dvdXQiO31zOjk6Il9wcmV2aW91cyI7YToxOntzOjM6InVybCI7czozMzoiaHR0cHM6Ly9mb3J6emEyNC5uZXQvYmFja2VuZC9pbmZvIjt9czo1MDoibG9naW5fd2ViXzU5YmEzNmFkZGMyYjJmOTQwMTU4MGYwMTRjN2Y1OGVhNGUzMDk4OWQiO2k6MTt9', 1630522827, 'Israel', 'Tel Aviv', 'Windows 10', 'Computer', 'Chrome'),
('IfmGMCdTz1HSoUy74jByBZQUf2m48SglEQqR0HIj', 55, '::1', 'Mozilla/5.0 (Windows NT 6.1; Win64; x64) AppleWebKit/537.36 (KHTML, like Gecko) Chrome/93.0.4577.82 Safari/537.36', 'YTo0OntzOjY6Il90b2tlbiI7czo0MDoiaXNpR2dwRUxPUUNCN01aMDhhY2xObkNvOHZUTjY2ZEVWbzlnZkg4bSI7czo5OiJfcHJldmlvdXMiO2E6MTp7czozOiJ1cmwiO3M6MTE3OiJodHRwOi8vbG9jYWxob3N0L2dhbWUvQWlyQ29tYmF0S0E/YWs9YWNjZXNzS2V5JmFwaV9leGl0PSUyRiZjcj1VU0QmZz1BaXJDb21iYXQxOTQyJmxvYz1lbiZwPXgmcmx2PTAmdD0xMjMmdT0yMzc1NTg2MDAiO31zOjY6Il9mbGFzaCI7YToyOntzOjM6Im9sZCI7YTowOnt9czozOiJuZXciO2E6MDp7fX1zOjUwOiJsb2dpbl93ZWJfNTliYTM2YWRkYzJiMmY5NDAxNTgwZjAxNGM3ZjU4ZWE0ZTMwOTg5ZCI7aTo1NTt9', 1631725935, 'Unknown', 'Unknown', 'Windows 7', 'Computer', 'Chrome'),
('pqXll4VHjMT1lMfxwvIyyMslBO7komFK5NFhS4MZ', 1, '79.181.92.13', 'Mozilla/5.0 (Windows NT 10.0; Win64; x64) AppleWebKit/537.36 (KHTML, like Gecko) Chrome/92.0.4515.131 Safari/537.36 OPR/78.0.4093.147', 'YTo1OntzOjY6Il90b2tlbiI7czo0MDoiQXNoN3ZBR0RPUU95RG9lSVBUSmQ4bzdEaHZSbUg5d1F6NHpZMllPTSI7czozOiJ1cmwiO2E6MDp7fXM6OToiX3ByZXZpb3VzIjthOjE6e3M6MzoidXJsIjtzOjI4OiJodHRwczovL2Zvcnp6YTI0Lm5ldC9iYWNrZW5kIjt9czo2OiJfZmxhc2giO2E6Mjp7czozOiJvbGQiO2E6MDp7fXM6MzoibmV3IjthOjA6e319czo1MDoibG9naW5fd2ViXzU5YmEzNmFkZGMyYjJmOTQwMTU4MGYwMTRjN2Y1OGVhNGUzMDk4OWQiO2k6MTt9', 1630613264, 'Israel', 'Tel Aviv', 'Windows 10', 'Computer', 'Chrome'),
('55tS3U9E3GGINQzu5CEmz9bbxHt0CikOw2R5C7Zx', 55, '::1', 'Mozilla/5.0 (Windows NT 6.1; Win64; x64) AppleWebKit/537.36 (KHTML, like Gecko) Chrome/93.0.4577.82 Safari/537.36', 'YTozOntzOjY6Il90b2tlbiI7czo0MDoiMFIzTU94VEZZYThNSkVWbGkxN2dHdmZGYWJBcnZPUTRQMWFmY042aiI7czo2OiJfZmxhc2giO2E6Mjp7czozOiJvbGQiO2E6MDp7fXM6MzoibmV3IjthOjA6e319czo1MDoibG9naW5fd2ViXzU5YmEzNmFkZGMyYjJmOTQwMTU4MGYwMTRjN2Y1OGVhNGUzMDk4OWQiO2k6NTU7fQ==', 1631725727, 'Unknown', 'Unknown', 'Windows 7', 'Computer', 'Chrome'),
('uRz3YE2B87TAHQAUqHPF4c6SdP9fSQLiMEARlAqQ', 55, '::1', 'Mozilla/5.0 (Windows NT 6.1; Win64; x64) AppleWebKit/537.36 (KHTML, like Gecko) Chrome/93.0.4577.82 Safari/537.36', 'YTozOntzOjY6Il90b2tlbiI7czo0MDoibm1xQ0h6TVBaTjNUWU9GVnJKRldkOWozWllNNW9OVTlBck5uWEEzVCI7czo1MDoibG9naW5fd2ViXzU5YmEzNmFkZGMyYjJmOTQwMTU4MGYwMTRjN2Y1OGVhNGUzMDk4OWQiO2k6NTU7czo2OiJfZmxhc2giO2E6Mjp7czozOiJvbGQiO2E6MDp7fXM6MzoibmV3IjthOjA6e319fQ==', 1631725728, 'Unknown', 'Unknown', 'Windows 7', 'Computer', 'Chrome'),
('hnrWi7RKvJGwQRG7ioI2gxHRX9Hr1XVns7rao65d', 1, '31.168.98.73', 'Mozilla/5.0 (Windows NT 10.0; Win64; x64) AppleWebKit/537.36 (KHTML, like Gecko) Chrome/92.0.4515.159 Safari/537.36 OPR/78.0.4093.184', 'YTo0OntzOjY6Il90b2tlbiI7czo0MDoiRmRDUVdsdFFJQXByS3RYZ0NvNmZiRFhRNVhMM240RVlkNndjczFDRSI7czo1MDoibG9naW5fd2ViXzU5YmEzNmFkZGMyYjJmOTQwMTU4MGYwMTRjN2Y1OGVhNGUzMDk4OWQiO2k6MTtzOjk6Il9wcmV2aW91cyI7YToxOntzOjM6InVybCI7czozNToiaHR0cHM6Ly9mb3J6emEyNC5uZXQvYmFja2VuZC9qcGdhbWUiO31zOjY6Il9mbGFzaCI7YToyOntzOjM6Im9sZCI7YTowOnt9czozOiJuZXciO2E6MDp7fX19', 1630634645, 'Israel', 'Tel Aviv', 'Windows 10', 'Computer', 'Chrome'),
('uUFpTwEw8JVIDPbw8eddpCL7JbiY6syJpa0TfE0d', 1, '79.181.92.13', 'Mozilla/5.0 (Windows NT 10.0; Win64; x64) AppleWebKit/537.36 (KHTML, like Gecko) Chrome/92.0.4515.131 Safari/537.36 OPR/78.0.4093.147', 'YTo1OntzOjY6Il90b2tlbiI7czo0MDoiUXIyQ0NKSjVkVFd2cXNzb0ZRVTJ6ZjB0UE83ckFaREkyaUlGYVA5ciI7czozOiJ1cmwiO2E6MTp7czo4OiJpbnRlbmRlZCI7czoyNzoiaHR0cHM6Ly9mb3J6emEyNC5uZXQvbG9nb3V0Ijt9czo5OiJfcHJldmlvdXMiO2E6MTp7czozOiJ1cmwiO3M6Mjg6Imh0dHBzOi8vZm9yenphMjQubmV0L2JhY2tlbmQiO31zOjY6Il9mbGFzaCI7YToyOntzOjM6Im9sZCI7YTowOnt9czozOiJuZXciO2E6MDp7fX1zOjUwOiJsb2dpbl93ZWJfNTliYTM2YWRkYzJiMmY5NDAxNTgwZjAxNGM3ZjU4ZWE0ZTMwOTg5ZCI7aToxO30=', 1630543062, 'Israel', 'Tel Aviv', 'Windows 10', 'Computer', 'Chrome'),
('mYop6zqOIEg9Iv6oVc9Iey3ox4JgQe3C4eFbizir', 1, '79.181.92.13', 'Mozilla/5.0 (Windows NT 10.0; Win64; x64) AppleWebKit/537.36 (KHTML, like Gecko) Chrome/92.0.4515.131 Safari/537.36 OPR/78.0.4093.147', 'YTo1OntzOjY6Il90b2tlbiI7czo0MDoib0lHZDNydXFvandPc2hkNDB2dk1COVUwWDdzNXpkN3JocWhYd1k5USI7czozOiJ1cmwiO2E6MTp7czo4OiJpbnRlbmRlZCI7czoyODoiaHR0cHM6Ly9mb3J6emEyNC5uZXQvYmFja2VuZCI7fXM6OToiX3ByZXZpb3VzIjthOjE6e3M6MzoidXJsIjtzOjI4OiJodHRwczovL2Zvcnp6YTI0Lm5ldC9iYWNrZW5kIjt9czo2OiJfZmxhc2giO2E6Mjp7czozOiJvbGQiO2E6MDp7fXM6MzoibmV3IjthOjA6e319czo1MDoibG9naW5fd2ViXzU5YmEzNmFkZGMyYjJmOTQwMTU4MGYwMTRjN2Y1OGVhNGUzMDk4OWQiO2k6MTt9', 1630523634, 'Israel', 'Tel Aviv', 'Windows 10', 'Computer', 'Chrome'),
('uSLvnuzjVK0A4rFokCs6vbJoFxgIqf8JLuKDvWRc', 1, '127.0.0.1', 'Mozilla/5.0 (Windows NT 6.1; Win64; x64) AppleWebKit/537.36 (KHTML, like Gecko) Chrome/93.0.4577.82 Safari/537.36', 'YTozOntzOjY6Il90b2tlbiI7czo0MDoiSzJFU0cwNm9mUlV5V0lGYUNuMGlLN003djgyQUhxbkRPcmJ5TlRQeSI7czo5OiJfcHJldmlvdXMiO2E6MTp7czozOiJ1cmwiO3M6MzA6Imh0dHA6Ly9sb2NhbGhvc3QvYmFja2VuZC9sb2dpbiI7fXM6NjoiX2ZsYXNoIjthOjI6e3M6Mzoib2xkIjthOjA6e31zOjM6Im5ldyI7YTowOnt9fX0=', 1631650960, 'Unknown', 'Unknown', 'Windows 7', 'Computer', 'Chrome'),
('LNijar3hxezGxvO9gmuBMidOPwBmAtubL2DqcDly', NULL, '127.0.0.1', 'Mozilla/5.0 (Windows NT 6.1; Win64; x64) AppleWebKit/537.36 (KHTML, like Gecko) Chrome/93.0.4577.82 Safari/537.36', 'YToyOntzOjY6Il90b2tlbiI7czo0MDoid2l5bnV3cG1iQXJWeE1jNGdXTnJhR3FKRWpJZ0xGSnlWaUt4WUpxcyI7czo2OiJfZmxhc2giO2E6Mjp7czozOiJvbGQiO2E6MDp7fXM6MzoibmV3IjthOjA6e319fQ==', 1631644314, 'Unknown', 'Unknown', 'Windows 7', 'Computer', 'Chrome'),
('SNwMTXIXjOoCZSuR3wcaWUggh2fQdZlzG2uDqroB', 55, '127.0.0.1', 'Mozilla/5.0 (Windows NT 6.1; Win64; x64) AppleWebKit/537.36 (KHTML, like Gecko) Chrome/93.0.4577.82 Safari/537.36', 'YTozOntzOjY6Il90b2tlbiI7czo0MDoiUFNRRHZmWjhzUk5UZFEwQ3N0UEQzclI0YWpuZDdqdVdsYVdnYUpMZSI7czo5OiJfcHJldmlvdXMiO2E6MTp7czozOiJ1cmwiO3M6MjI6Imh0dHA6Ly9sb2NhbGhvc3QvbG9naW4iO31zOjY6Il9mbGFzaCI7YToyOntzOjM6Im9sZCI7YTowOnt9czozOiJuZXciO2E6MDp7fX19', 1631650217, 'Unknown', 'Unknown', 'Windows 7', 'Computer', 'Chrome'),
('VYMxRYQlHNotwky7aKahWSwoTVAgrLyqk8HUkJNR', 55, '::1', 'Mozilla/5.0 (Windows NT 6.1; Win64; x64) AppleWebKit/537.36 (KHTML, like Gecko) Chrome/93.0.4577.82 Safari/537.36', 'YTozOntzOjY6Il90b2tlbiI7czo0MDoibnl0VnpldWNhbVFvTmRwNkw4Vkk5ejRGUTZzSjZDYVZ2QVZQcmNLcCI7czo5OiJfcHJldmlvdXMiO2E6MTp7czozOiJ1cmwiO3M6MjI6Imh0dHA6Ly9sb2NhbGhvc3QvbG9naW4iO31zOjY6Il9mbGFzaCI7YToyOntzOjM6Im9sZCI7YTowOnt9czozOiJuZXciO2E6MDp7fX19', 1631651244, 'Unknown', 'Unknown', 'Windows 7', 'Computer', 'Chrome'),
('rhmZXF8qxx66pnVcKqtfpSsVt2A3kKpx2kvKvUJY', 55, '::1', 'Mozilla/5.0 (Windows NT 6.1; Win64; x64) AppleWebKit/537.36 (KHTML, like Gecko) Chrome/93.0.4577.82 Safari/537.36', 'YTo0OntzOjY6Il90b2tlbiI7czo0MDoiUTdqYjkxSGd5UkxSRUNCTW5DckxiT1FsbzhRNWZ6UExJMmh6NU5PaSI7czo5OiJfcHJldmlvdXMiO2E6MTp7czozOiJ1cmwiO3M6NDM6Imh0dHA6Ly9sb2NhbGhvc3QvZ2FtZS9GdUZpc2hTVz9hcGlfZXhpdD0lMkYiO31zOjY6Il9mbGFzaCI7YToyOntzOjM6Im9sZCI7YTowOnt9czozOiJuZXciO2E6MDp7fX1zOjUwOiJsb2dpbl93ZWJfNTliYTM2YWRkYzJiMmY5NDAxNTgwZjAxNGM3ZjU4ZWE0ZTMwOTg5ZCI7aTo1NTt9', 1631665432, 'Unknown', 'Unknown', 'Windows 7', 'Computer', 'Chrome'),
('rXfCzMxtCtyT91JWGjIpLgkmFB9hLuu1CizVqZaD', 71, '151.19.245.242', 'Mozilla/5.0 (Linux; Android 11; SAMSUNG SM-G996B) AppleWebKit/537.36 (KHTML, like Gecko) SamsungBrowser/14.2 Chrome/87.0.4280.141 Mobile Safari/537.36', 'YTo1OntzOjY6Il90b2tlbiI7czo0MDoiUTExMnQzckh1TmlRV0ZackZVeGN1UUNOVkNFMVVET0htOWY5eUEyNSI7czozOiJ1cmwiO2E6MTp7czo4OiJpbnRlbmRlZCI7czoyOToiaHR0cHM6Ly9hbWF0aWMzNjUub3JnL2JhY2tlbmQiO31zOjk6Il9wcmV2aW91cyI7YToxOntzOjM6InVybCI7czoyOToiaHR0cHM6Ly9hbWF0aWMzNjUub3JnL2JhY2tlbmQiO31zOjY6Il9mbGFzaCI7YToyOntzOjM6Im9sZCI7YTowOnt9czozOiJuZXciO2E6MDp7fX1zOjUwOiJsb2dpbl93ZWJfNTliYTM2YWRkYzJiMmY5NDAxNTgwZjAxNGM3ZjU4ZWE0ZTMwOTg5ZCI7aTo3MTt9', 1630628692, 'Italy', '', 'Android', 'Mobile', 'Safari Browser'),
('fk7m4Uay2zI9sEUFaHUNE36TxHKonTYn2JwtI9AA', 74, '197.16.254.175', 'Mozilla/5.0 (iPhone; CPU iPhone OS 14_7_1 like Mac OS X) AppleWebKit/605.1.15 (KHTML, like Gecko) Mobile/15E148 LightSpeed [FBAN/MessengerLiteForiOS;FBAV/327.0.0.23.109;FBBV/312591459;FBDV/iPhone13,4;FBMD/iPhone;FBSN/iOS;FBSV/14.7.1;FBSS/3;FBCR/;FBID/phone;FBLC/fr;FBOP/0]', 'YTo1OntzOjY6Il90b2tlbiI7czo0MDoiV3l2ZWRBWXB2bUdUODVFT3RwRmdpNWhGWHlWQjBVYVlEVXVNaE8xRyI7czozOiJ1cmwiO2E6MTp7czo4OiJpbnRlbmRlZCI7czozNDoiaHR0cHM6Ly9hbWF0aWMzNjUub3JnL2JhY2tlbmQvdXNlciI7fXM6OToiX3ByZXZpb3VzIjthOjE6e3M6MzoidXJsIjtzOjM0OiJodHRwczovL2FtYXRpYzM2NS5vcmcvYmFja2VuZC91c2VyIjt9czo2OiJfZmxhc2giO2E6Mjp7czozOiJvbGQiO2E6MDp7fXM6MzoibmV3IjthOjA6e319czo1MDoibG9naW5fd2ViXzU5YmEzNmFkZGMyYjJmOTQwMTU4MGYwMTRjN2Y1OGVhNGUzMDk4OWQiO2k6NzQ7fQ==', 1630631812, 'Tunisia', '', 'iPhone', 'Mobile', 'Safari Browser'),
('lfGZ2QZ2ZMw2THGzz56gc0Tlo27ODW8JZFLzlEvS', 55, '127.0.0.1', 'Mozilla/5.0 (Windows NT 6.1; Win64; x64) AppleWebKit/537.36 (KHTML, like Gecko) Chrome/93.0.4577.63 Safari/537.36', 'YTo0OntzOjY6Il90b2tlbiI7czo0MDoiWWkxRVduWUVqWENlVTRMdEJRc1Fjb0tTSlhlRU5rMDNIQ3hlUDgyeiI7czo5OiJfcHJldmlvdXMiO2E6MTp7czozOiJ1cmwiO3M6OTk6Imh0dHA6Ly9sb2NhbGhvc3QvZ2FtZS9BZ2VPZlRoZUdvZHNHb2RPZlN0b3Jtc1BUP2FwaV9leGl0PSUyRiZnYW1lPWFlb2x1cyZwcmVmZXJlZG1vZGU9cmVhbCZzZXNzaW9uPSI7fXM6NjoiX2ZsYXNoIjthOjI6e3M6Mzoib2xkIjthOjA6e31zOjM6Im5ldyI7YTowOnt9fXM6NTA6ImxvZ2luX3dlYl81OWJhMzZhZGRjMmIyZjk0MDE1ODBmMDE0YzdmNThlYTRlMzA5ODlkIjtpOjU1O30=', 1631506057, 'Unknown', 'Unknown', 'Windows 7', 'Computer', 'Chrome'),
('URzthhh3BIjDJa6cO3y83E2Wuq6IivjKLuZIH0QU', NULL, '127.0.0.1', 'Mozilla/5.0 (Windows NT 6.1; Win64; x64) AppleWebKit/537.36 (KHTML, like Gecko) Chrome/93.0.4577.63 Safari/537.36', 'YTozOntzOjY6Il90b2tlbiI7czo0MDoiQTk0bTdicDFXNUhmUmM5RTlYWndwMnkxVWpsenVWS2k1U05CczBwVSI7czo5OiJfcHJldmlvdXMiO2E6MTp7czozOiJ1cmwiO3M6MjI6Imh0dHA6Ly9sb2NhbGhvc3QvbG9naW4iO31zOjY6Il9mbGFzaCI7YToyOntzOjM6Im9sZCI7YTowOnt9czozOiJuZXciO2E6MDp7fX19', 1631506746, 'Unknown', 'Unknown', 'Windows 7', 'Computer', 'Chrome'),
('p6mfprcpHdWkFliTRbPpxq9nzp7juTOhtPXTrccf', 55, '127.0.0.1', 'Mozilla/5.0 (Windows NT 6.1; Win64; x64) AppleWebKit/537.36 (KHTML, like Gecko) Chrome/93.0.4577.82 Safari/537.36', 'YTozOntzOjY6Il90b2tlbiI7czo0MDoiTUZrRVlQYXR5aVVpMGF4eHhuY0ZFSkxvVG9VVUZHRm4zUzZrRTQ4MiI7czo5OiJfcHJldmlvdXMiO2E6MTp7czozOiJ1cmwiO3M6MjI6Imh0dHA6Ly9sb2NhbGhvc3QvbG9naW4iO31zOjY6Il9mbGFzaCI7YToyOntzOjM6Im9sZCI7YTowOnt9czozOiJuZXciO2E6MDp7fX19', 1631621047, 'Unknown', 'Unknown', 'Windows 7', 'Computer', 'Chrome'),
('reOZ2qCXIIys8FqnziVWCP9uCBwHoGcRmCe6i7R1', 55, '127.0.0.1', 'Mozilla/5.0 (Windows NT 6.1; Win64; x64) AppleWebKit/537.36 (KHTML, like Gecko) Chrome/93.0.4577.82 Safari/537.36', 'YTozOntzOjY6Il90b2tlbiI7czo0MDoiVktsODJMWlZzVEwwZjlFVzJCZk5KZWo5WFB0cmluMXhXQ0Zoc0s1UCI7czo5OiJfcHJldmlvdXMiO2E6MTp7czozOiJ1cmwiO3M6MjI6Imh0dHA6Ly9sb2NhbGhvc3QvbG9naW4iO31zOjY6Il9mbGFzaCI7YToyOntzOjM6Im9sZCI7YTowOnt9czozOiJuZXciO2E6MDp7fX19', 1631623965, 'Unknown', 'Unknown', 'Windows 7', 'Computer', 'Chrome'),
('vjcsSl31MK5k6YgcYqqTYHfEbL8G14M6DQT7eAmB', 55, '127.0.0.1', 'Mozilla/5.0 (Windows NT 6.1; Win64; x64) AppleWebKit/537.36 (KHTML, like Gecko) Chrome/93.0.4577.82 Safari/537.36', 'YTozOntzOjY6Il90b2tlbiI7czo0MDoiRlBuOGFiVndNYlhFU3RmWXVKbW1yZHRhemdRNkZXZDN6NWhCZ1pPZSI7czo5OiJfcHJldmlvdXMiO2E6MTp7czozOiJ1cmwiO3M6MjI6Imh0dHA6Ly9sb2NhbGhvc3QvbG9naW4iO31zOjY6Il9mbGFzaCI7YToyOntzOjM6Im9sZCI7YTowOnt9czozOiJuZXciO2E6MDp7fX19', 1631628582, 'Unknown', 'Unknown', 'Windows 7', 'Computer', 'Chrome'),
('bm4KMxBUQflU8KOGlaf76DcPLxAU6v8xbslhpsvI', NULL, '127.0.0.1', 'Mozilla/5.0 (Windows NT 6.1; Win64; x64) AppleWebKit/537.36 (KHTML, like Gecko) Chrome/93.0.4577.82 Safari/537.36', 'YToyOntzOjY6Il90b2tlbiI7czo0MDoicXczWkRwVEVhTHY4TVhTMGZpTWNxWEE5TlFvMjFsT3p1MWJTd0lLayI7czo2OiJfZmxhc2giO2E6Mjp7czozOiJvbGQiO2E6MDp7fXM6MzoibmV3IjthOjA6e319fQ==', 1631636608, 'Unknown', 'Unknown', 'Windows 7', 'Computer', 'Chrome'),
('Lx5zd4PGtFsu8gFkVmxO7f2jArpZKAbpZGJ29q1I', 1, '127.0.0.1', 'Mozilla/5.0 (Windows NT 6.1; Win64; x64) AppleWebKit/537.36 (KHTML, like Gecko) Chrome/93.0.4577.82 Safari/537.36', 'YTo0OntzOjY6Il90b2tlbiI7czo0MDoibEV4VWtsUUNXMW9QM2ROWnNYb1pKOEFtbDVwajdob2hyY0IxWm9RMSI7czo5OiJfcHJldmlvdXMiO2E6MTp7czozOiJ1cmwiO3M6NDM6Imh0dHA6Ly9sb2NhbGhvc3QvYmFja2VuZC9zaG9wcy9hZG1pbi9jcmVhdGUiO31zOjY6Il9mbGFzaCI7YToyOntzOjM6Im9sZCI7YTowOnt9czozOiJuZXciO2E6MDp7fX1zOjUwOiJsb2dpbl93ZWJfNTliYTM2YWRkYzJiMmY5NDAxNTgwZjAxNGM3ZjU4ZWE0ZTMwOTg5ZCI7aToxO30=', 1631639442, 'Unknown', 'Unknown', 'Windows 7', 'Computer', 'Chrome'),
('tgDaxNMv1qGk16NCMLi8CvyguMFc805Fa4JXzmLr', NULL, '127.0.0.1', 'Mozilla/5.0 (Windows NT 6.1; Win64; x64) AppleWebKit/537.36 (KHTML, like Gecko) Chrome/93.0.4577.82 Safari/537.36', 'YToyOntzOjY6Il90b2tlbiI7czo0MDoiU1I2VFVUZjNvY2t5Rk1tNnRCZkZaV0FqYTJnN2ZudEhKZFc3V0JZdiI7czo2OiJfZmxhc2giO2E6Mjp7czozOiJvbGQiO2E6MDp7fXM6MzoibmV3IjthOjA6e319fQ==', 1631635818, 'Unknown', 'Unknown', 'Windows 7', 'Computer', 'Chrome'),
('6QmMAzuHP3pLYB9WxoZ60Nx6AHJZooRntJPFv8yw', 1, '79.181.92.13', 'Mozilla/5.0 (Windows NT 10.0; Win64; x64) AppleWebKit/537.36 (KHTML, like Gecko) Chrome/92.0.4515.131 Safari/537.36 OPR/78.0.4093.147', 'YTo1OntzOjY6Il90b2tlbiI7czo0MDoianhPcGNnT0xhWVhKS1ZBQ2xlN2Zyd01nbVZBREFnVGFSSmh3OXdnciI7czo5OiJfcHJldmlvdXMiO2E6MTp7czozOiJ1cmwiO3M6MzU6Imh0dHBzOi8vYW1hdGljMzY1Lm9yZy9iYWNrZW5kL3Nob3BzIjt9czo2OiJfZmxhc2giO2E6Mjp7czozOiJvbGQiO2E6MDp7fXM6MzoibmV3IjthOjA6e319czozOiJ1cmwiO2E6MDp7fXM6NTA6ImxvZ2luX3dlYl81OWJhMzZhZGRjMmIyZjk0MDE1ODBmMDE0YzdmNThlYTRlMzA5ODlkIjtpOjE7fQ==', 1630650565, 'Israel', 'Tel Aviv', 'Windows 10', 'Computer', 'Chrome'),
('2tKeXQvYEq3prdtjdEJh18Cnc8hkWCR2RTHnIrWH', 74, '197.16.254.175', 'Mozilla/5.0 (iPhone; CPU iPhone OS 14_7 like Mac OS X) AppleWebKit/605.1.15 (KHTML, like Gecko) CriOS/92.0.4515.90 Mobile/15E148 Safari/604.1', 'YTo1OntzOjY6Il90b2tlbiI7czo0MDoiRE1nVzRqVUJqbWJUbVdERFF3a1dPaWVxSDNjVk5MVTlwSG1HTFRZciI7czozOiJ1cmwiO2E6MTp7czo4OiJpbnRlbmRlZCI7czozNDoiaHR0cHM6Ly9hbWF0aWMzNjUub3JnL2JhY2tlbmQvdXNlciI7fXM6OToiX3ByZXZpb3VzIjthOjE6e3M6MzoidXJsIjtzOjM1OiJodHRwczovL2FtYXRpYzM2NS5vcmcvYmFja2VuZC9zaG9wcyI7fXM6NjoiX2ZsYXNoIjthOjI6e3M6Mzoib2xkIjthOjA6e31zOjM6Im5ldyI7YTowOnt9fXM6NTA6ImxvZ2luX3dlYl81OWJhMzZhZGRjMmIyZjk0MDE1ODBmMDE0YzdmNThlYTRlMzA5ODlkIjtpOjc0O30=', 1630632360, 'Tunisia', '', 'iPhone', 'Mobile', 'Safari Browser'),
('UfkFzCBlZUtE9o6nwNuiyrwgVQrisxuWaSd14SxN', 55, '::1', 'Mozilla/5.0 (Windows NT 6.1; Win64; x64) AppleWebKit/537.36 (KHTML, like Gecko) Chrome/93.0.4577.82 Safari/537.36', 'YTo0OntzOjY6Il90b2tlbiI7czo0MDoiNG1MY3VtTmVhQTJxSTlsNTdsR1lHSmN2TUQ3NVVmM2pDbEFlajFLSyI7czo5OiJfcHJldmlvdXMiO2E6MTp7czozOiJ1cmwiO3M6NDU6Imh0dHA6Ly9sb2NhbGhvc3QvZ2FtZS9Ib3RTcGluQ1E5P2FwaV9leGl0PSUyRiI7fXM6NjoiX2ZsYXNoIjthOjI6e3M6Mzoib2xkIjthOjA6e31zOjM6Im5ldyI7YTowOnt9fXM6NTA6ImxvZ2luX3dlYl81OWJhMzZhZGRjMmIyZjk0MDE1ODBmMDE0YzdmNThlYTRlMzA5ODlkIjtpOjU1O30=', 1631809861, 'Unknown', 'Unknown', 'Windows 7', 'Computer', 'Chrome'),
('cffKZ6m8qzMl5h1Onio3Q0uOKtfAhpMMlxbbZG1I', 55, '::1', 'Mozilla/5.0 (Windows NT 6.1; Win64; x64) AppleWebKit/537.36 (KHTML, like Gecko) Chrome/93.0.4577.82 Safari/537.36', 'YTo0OntzOjY6Il90b2tlbiI7czo0MDoiZlFiNFVqTFBHZHdYMHhva1lsVTJWVEZFb253SGdLY056R0kzSFlRdCI7czo5OiJfcHJldmlvdXMiO2E6MTp7czozOiJ1cmwiO3M6NDU6Imh0dHA6Ly9sb2NhbGhvc3QvZ2FtZS9GdUZydWl0c1NXP2FwaV9leGl0PSUyRiI7fXM6NjoiX2ZsYXNoIjthOjI6e3M6Mzoib2xkIjthOjA6e31zOjM6Im5ldyI7YTowOnt9fXM6NTA6ImxvZ2luX3dlYl81OWJhMzZhZGRjMmIyZjk0MDE1ODBmMDE0YzdmNThlYTRlMzA5ODlkIjtpOjU1O30=', 1631730572, 'Unknown', 'Unknown', 'Windows 7', 'Computer', 'Chrome'),
('1nPtePtXBl75PfU2SNOAO3BBPlviNKpxLw2bvt25', 1, '127.0.0.1', 'Mozilla/5.0 (Windows NT 6.1; Win64; x64) AppleWebKit/537.36 (KHTML, like Gecko) Chrome/93.0.4577.63 Safari/537.36', 'YTo0OntzOjY6Il90b2tlbiI7czo0MDoibjVvSnA4ZGx0Qnh3MWt3elBSUUdBQ1hxTkt5WXp4YmJoeEFoUUJmbiI7czo5OiJfcHJldmlvdXMiO2E6MTp7czozOiJ1cmwiO3M6Mzc6Imh0dHA6Ly9sb2NhbGhvc3QvYmFja2VuZC9zaG9wcy83L2VkaXQiO31zOjY6Il9mbGFzaCI7YToyOntzOjM6Im9sZCI7YTowOnt9czozOiJuZXciO2E6MDp7fX1zOjUwOiJsb2dpbl93ZWJfNTliYTM2YWRkYzJiMmY5NDAxNTgwZjAxNGM3ZjU4ZWE0ZTMwOTg5ZCI7aToxO30=', 1631482874, 'Unknown', 'Unknown', 'Windows 7', 'Computer', 'Chrome'),
('hDCippBbwMLwLjXBsPyESm2UnFTwQBLi60PFOBy6', NULL, '::1', 'Mozilla/5.0 (Windows NT 6.1; Win64; x64) AppleWebKit/537.36 (KHTML, like Gecko) Chrome/93.0.4577.82 Safari/537.36', 'YToyOntzOjY6Il90b2tlbiI7czo0MDoiS0NuTVU2UjdjQzF3MUduRVU5ajZxSXlqc3hzSVRwdjc2WHpPbGZhTyI7czo2OiJfZmxhc2giO2E6Mjp7czozOiJvbGQiO2E6MDp7fXM6MzoibmV3IjthOjA6e319fQ==', 1631733741, 'Unknown', 'Unknown', 'Windows 7', 'Computer', 'Chrome'),
('zo4KcyXZLhwBTtaJfxu9TAZPQCeyGcLao38uuXXZ', NULL, '127.0.0.1', 'Mozilla/5.0 (Windows NT 6.1; Win64; x64) AppleWebKit/537.36 (KHTML, like Gecko) Chrome/93.0.4577.63 Safari/537.36', 'YToyOntzOjY6Il90b2tlbiI7czo0MDoiWExUYW9Va0tuNTRtMDM3dkdVcEowWk91QjlXU2ZEeFhiSTFiOXpUaSI7czo2OiJfZmxhc2giO2E6Mjp7czozOiJvbGQiO2E6MDp7fXM6MzoibmV3IjthOjA6e319fQ==', 1631482848, 'Unknown', 'Unknown', 'Windows 7', 'Computer', 'Chrome'),
('dpHgy2VVH0yWR2OXss2V93zqJK7o3Dj5Ek4r3n3N', 1, '127.0.0.1', 'Mozilla/5.0 (Windows NT 6.1; Win64; x64) AppleWebKit/537.36 (KHTML, like Gecko) Chrome/93.0.4577.63 Safari/537.36', 'YTozOntzOjY6Il90b2tlbiI7czo0MDoiNlY0ZEx6ZmhkSTZZWHBxcWNPUzV4ZlhoaUFJNHJoQjdpMUVuMDZSSyI7czo5OiJfcHJldmlvdXMiO2E6MTp7czozOiJ1cmwiO3M6MzA6Imh0dHA6Ly9sb2NhbGhvc3QvYmFja2VuZC9sb2dpbiI7fXM6NjoiX2ZsYXNoIjthOjI6e3M6Mzoib2xkIjthOjA6e31zOjM6Im5ldyI7YTowOnt9fX0=', 1631495151, 'Unknown', 'Unknown', 'Windows 7', 'Computer', 'Chrome'),
('K8ARj7z6uKNc9G8LvqnzNOsha3dlTY5RUx81mYfd', NULL, '127.0.0.1', 'Mozilla/5.0 (Windows NT 6.1; Win64; x64) AppleWebKit/537.36 (KHTML, like Gecko) Chrome/93.0.4577.63 Safari/537.36', 'YToyOntzOjY6Il90b2tlbiI7czo0MDoibzhpMG9Edkg1YllCTWJpbmNQR0lBTjRjSzBXT2hCZFlzb01xandkayI7czo2OiJfZmxhc2giO2E6Mjp7czozOiJvbGQiO2E6MDp7fXM6MzoibmV3IjthOjA6e319fQ==', 1631495192, 'Unknown', 'Unknown', 'Windows 7', 'Computer', 'Chrome'),
('bPDz4QgMmJChqyXsmpd9xwxJ04qJXZP7NZLCORGC', NULL, '::1', 'Mozilla/5.0 (Windows NT 6.1; Win64; x64) AppleWebKit/537.36 (KHTML, like Gecko) Chrome/93.0.4577.82 Safari/537.36', 'YToyOntzOjY6Il90b2tlbiI7czo0MDoiNkpHMHlkOVRFYkNBWFB6REhlbll0VXFQSlZ1WGR0UHlFTHNIemlxNSI7czo2OiJfZmxhc2giO2E6Mjp7czozOiJvbGQiO2E6MDp7fXM6MzoibmV3IjthOjA6e319fQ==', 1631727824, 'Unknown', 'Unknown', 'Windows 7', 'Computer', 'Chrome'),
('bIU2piPL8oDIydM5isWQPgNQapoXvx7R8pFJM1bo', 55, '::1', 'Mozilla/5.0 (Windows NT 6.1; Win64; x64) AppleWebKit/537.36 (KHTML, like Gecko) Chrome/93.0.4577.82 Safari/537.36', 'YTo0OntzOjY6Il90b2tlbiI7czo0MDoiWUVjOEEwY1RmUXhIVlROSnFlbEVXODQ3a3lSVGhadmZnbGdyNlBpSiI7czo5OiJfcHJldmlvdXMiO2E6MTp7czozOiJ1cmwiO3M6MTE3OiJodHRwOi8vbG9jYWxob3N0L2dhbWUvQWlyQ29tYmF0S0E/YWs9YWNjZXNzS2V5JmFwaV9leGl0PSUyRiZjcj1VU0QmZz1BaXJDb21iYXQxOTQyJmxvYz1lbiZwPXgmcmx2PTAmdD0xMjMmdT0yMzc1NTg2MDAiO31zOjY6Il9mbGFzaCI7YToyOntzOjM6Im9sZCI7YTowOnt9czozOiJuZXciO2E6MDp7fX1zOjUwOiJsb2dpbl93ZWJfNTliYTM2YWRkYzJiMmY5NDAxNTgwZjAxNGM3ZjU4ZWE0ZTMwOTg5ZCI7aTo1NTt9', 1631727896, 'Unknown', 'Unknown', 'Windows 7', 'Computer', 'Chrome'),
('2WkFPiRk2LjX1jygCChXJw8DkO8i7G0UHZItLj45', NULL, '127.0.0.1', 'Mozilla/5.0 (Windows NT 6.1; Win64; x64) AppleWebKit/537.36 (KHTML, like Gecko) Chrome/93.0.4577.63 Safari/537.36', 'YToyOntzOjY6Il90b2tlbiI7czo0MDoiek5scnJ2SVp3U0RZaFNOSVRnMVM0dXFQYzdiNm9GdE1reGNZQU80cCI7czo2OiJfZmxhc2giO2E6Mjp7czozOiJvbGQiO2E6MDp7fXM6MzoibmV3IjthOjA6e319fQ==', 1631483773, 'Unknown', 'Unknown', 'Windows 7', 'Computer', 'Chrome'),
('1wMIMmwS8YTqFE7NaOV6I7FogTHc4OUKroEYufVB', 55, '::1', 'Mozilla/5.0 (Windows NT 6.1; Win64; x64) AppleWebKit/537.36 (KHTML, like Gecko) Chrome/93.0.4577.82 Safari/537.36', 'YTo0OntzOjY6Il90b2tlbiI7czo0MDoidU53TjNEamthS0xycXVOUnZGTzA0RVc5V2ZhNGpjdXpZc1dpNW05cSI7czo5OiJfcHJldmlvdXMiO2E6MTp7czozOiJ1cmwiO3M6MTE3OiJodHRwOi8vbG9jYWxob3N0L2dhbWUvQWlyQ29tYmF0S0E/YWs9YWNjZXNzS2V5JmFwaV9leGl0PSUyRiZjcj1VU0QmZz1BaXJDb21iYXQxOTQyJmxvYz1lbiZwPXgmcmx2PTAmdD0xMjMmdT0yMzc1NTg2MDAiO31zOjY6Il9mbGFzaCI7YToyOntzOjM6Im9sZCI7YTowOnt9czozOiJuZXciO2E6MDp7fX1zOjUwOiJsb2dpbl93ZWJfNTliYTM2YWRkYzJiMmY5NDAxNTgwZjAxNGM3ZjU4ZWE0ZTMwOTg5ZCI7aTo1NTt9', 1631819753, 'Unknown', 'Unknown', 'Windows 7', 'Computer', 'Chrome'),
('JCofxttGXGsCNu6jKcjVX8GXZ6NRaCSRLKxeH1DF', NULL, '::1', 'Mozilla/5.0 (Windows NT 6.1; Win64; x64) AppleWebKit/537.36 (KHTML, like Gecko) Chrome/93.0.4577.82 Safari/537.36', 'YToyOntzOjY6Il90b2tlbiI7czo0MDoiM3kxSlBMZ3Q1Wm5YVlh1OEM4OGxXeGE2ZmR0S3VSN3VIUElSdjFHciI7czo2OiJfZmxhc2giO2E6Mjp7czozOiJvbGQiO2E6MDp7fXM6MzoibmV3IjthOjA6e319fQ==', 1631813462, 'Unknown', 'Unknown', 'Windows 7', 'Computer', 'Chrome'),
('3YIC3fj8eZrD6RkYeswakyYlfVASJNQw09LRvzDC', NULL, '::1', 'Mozilla/5.0 (Windows NT 6.1; Win64; x64) AppleWebKit/537.36 (KHTML, like Gecko) Chrome/93.0.4577.82 Safari/537.36', 'YToyOntzOjY6Il90b2tlbiI7czo0MDoiS2Z5dXdHcWczaFVZVlV3SENWc2tpcFFVT1A3Mk5NM21zY0FEY1VTNSI7czo2OiJfZmxhc2giO2E6Mjp7czozOiJvbGQiO2E6MDp7fXM6MzoibmV3IjthOjA6e319fQ==', 1631821044, 'Unknown', 'Unknown', 'Windows 7', 'Computer', 'Chrome'),
('KTWaTBTMgJAHprePHvF4sQbjEcPWt3hF96qD05fW', 55, '::1', 'Mozilla/5.0 (Windows NT 6.1; Win64; x64) AppleWebKit/537.36 (KHTML, like Gecko) Chrome/93.0.4577.82 Safari/537.36', 'YTo0OntzOjY6Il90b2tlbiI7czo0MDoiWmFLRHlzQXkzZ3JESzVhUXJlbER4NmNiYkN4bElyTmMzNTc2WVd4RSI7czo5OiJfcHJldmlvdXMiO2E6MTp7czozOiJ1cmwiO3M6MTE3OiJodHRwOi8vbG9jYWxob3N0L2dhbWUvQWlyQ29tYmF0S0E/YWs9YWNjZXNzS2V5JmFwaV9leGl0PSUyRiZjcj1VU0QmZz1BaXJDb21iYXQxOTQyJmxvYz1lbiZwPXgmcmx2PTAmdD0xMjMmdT0yMzc1NTg2MDAiO31zOjY6Il9mbGFzaCI7YToyOntzOjM6Im9sZCI7YTowOnt9czozOiJuZXciO2E6MDp7fX1zOjUwOiJsb2dpbl93ZWJfNTliYTM2YWRkYzJiMmY5NDAxNTgwZjAxNGM3ZjU4ZWE0ZTMwOTg5ZCI7aTo1NTt9', 1631821360, 'Unknown', 'Unknown', 'Windows 7', 'Computer', 'Chrome'),
('ZerukAKPIMqQH8Yfyq0Xsd5KRgQz7AtRkA4zixML', 55, '::1', 'Mozilla/5.0 (Windows NT 6.1; Win64; x64) AppleWebKit/537.36 (KHTML, like Gecko) Chrome/93.0.4577.82 Safari/537.36', 'YTozOntzOjY6Il90b2tlbiI7czo0MDoibFY5clRiOW1CN3A4Z3liNXEybEpEdk1vaG5hMWFJMmhuUjl3RnU3TCI7czo5OiJfcHJldmlvdXMiO2E6MTp7czozOiJ1cmwiO3M6MjI6Imh0dHA6Ly9sb2NhbGhvc3QvbG9naW4iO31zOjY6Il9mbGFzaCI7YToyOntzOjM6Im9sZCI7YTowOnt9czozOiJuZXciO2E6MDp7fX19', 1631826184, 'Unknown', 'Unknown', 'Windows 7', 'Computer', 'Chrome'),
('Ej9q6u3jHraGnEtM1RSzaP289noEptIxVf018TDY', 55, '::1', 'Mozilla/5.0 (Windows NT 6.1; Win64; x64) AppleWebKit/537.36 (KHTML, like Gecko) Chrome/93.0.4577.82 Safari/537.36', 'YTozOntzOjY6Il90b2tlbiI7czo0MDoiQ2hQaWI0Q3B5YUFlM2ZWRVEwb0FySTZzaW1VS2hsZ011R2tBUUNybCI7czo5OiJfcHJldmlvdXMiO2E6MTp7czozOiJ1cmwiO3M6MjI6Imh0dHA6Ly9sb2NhbGhvc3QvbG9naW4iO31zOjY6Il9mbGFzaCI7YToyOntzOjM6Im9sZCI7YTowOnt9czozOiJuZXciO2E6MDp7fX19', 1631836104, 'Unknown', 'Unknown', 'Windows 7', 'Computer', 'Chrome'),
('DC9lpBzMK7zqYzvTEiMiPbLuOMMzGQHESaLgV4gc', NULL, '::1', 'Mozilla/5.0 (Windows NT 6.1; Win64; x64) AppleWebKit/537.36 (KHTML, like Gecko) Chrome/93.0.4577.82 Safari/537.36', 'YToyOntzOjY6Il90b2tlbiI7czo0MDoiMzJMMWRoVkQ0ZjhiYXJsbVhlbjRsRENsWW1HNm1VbVk2eGFnaTRzbiI7czo2OiJfZmxhc2giO2E6Mjp7czozOiJvbGQiO2E6MDp7fXM6MzoibmV3IjthOjA6e319fQ==', 1631834887, 'Unknown', 'Unknown', 'Windows 7', 'Computer', 'Chrome'),
('LDbPuNcclbk0KSuXsvWTy9WObr1LDyvF9fuT01aV', NULL, '::1', 'Mozilla/5.0 (Windows NT 6.1; Win64; x64) AppleWebKit/537.36 (KHTML, like Gecko) Chrome/93.0.4577.82 Safari/537.36', 'YToyOntzOjY6Il90b2tlbiI7czo0MDoiSVNiY3c4Vk5BNkZmaWFETWpQUURYM3M2NjJ1bXUzM1EydWVvdHNMOCI7czo2OiJfZmxhc2giO2E6Mjp7czozOiJvbGQiO2E6MDp7fXM6MzoibmV3IjthOjA6e319fQ==', 1631835591, 'Unknown', 'Unknown', 'Windows 7', 'Computer', 'Chrome'),
('0dRtY568mZIHr1xmYvuL9t4ObmzS6QqrUvSJFuES', NULL, '127.0.0.1', 'Mozilla/5.0 (Windows NT 6.1; Win64; x64) AppleWebKit/537.36 (KHTML, like Gecko) Chrome/93.0.4577.82 Safari/537.36', 'YToyOntzOjY6Il90b2tlbiI7czo0MDoiVUdKTlY2TmpPVHJ3U3A3b25VQ0tjVlNDQ3RBUmV1RWF0VnFwUHZ4QSI7czo2OiJfZmxhc2giO2E6Mjp7czozOiJvbGQiO2E6MDp7fXM6MzoibmV3IjthOjA6e319fQ==', 1631840063, 'Unknown', 'Unknown', 'Windows 7', 'Computer', 'Chrome'),
('x7iQT8f6XAa6vXtwKzQ76QsoOn7ReQ00fDTSUD2P', 1, '127.0.0.1', 'Mozilla/5.0 (Windows NT 6.1; Win64; x64) AppleWebKit/537.36 (KHTML, like Gecko) Chrome/93.0.4577.82 Safari/537.36', 'YTo0OntzOjY6Il90b2tlbiI7czo0MDoiTUxlbkJlWWN5UVcyTVd6OGVSZlkyNVZnMk5oVlBkUGlIRzhoQkFXWSI7czo5OiJfcHJldmlvdXMiO2E6MTp7czozOiJ1cmwiO3M6MjQ6Imh0dHA6Ly9sb2NhbGhvc3QvYmFja2VuZCI7fXM6NjoiX2ZsYXNoIjthOjI6e3M6Mzoib2xkIjthOjA6e31zOjM6Im5ldyI7YTowOnt9fXM6NTA6ImxvZ2luX3dlYl81OWJhMzZhZGRjMmIyZjk0MDE1ODBmMDE0YzdmNThlYTRlMzA5ODlkIjtpOjE7fQ==', 1631847529, 'Unknown', 'Unknown', 'Windows 7', 'Computer', 'Chrome'),
('vMQZc5zgOGXkCcE6aMT0AybvlZiL9m33kbrURWYo', NULL, '::1', 'Mozilla/5.0 (Windows NT 6.1; Win64; x64) AppleWebKit/537.36 (KHTML, like Gecko) Chrome/93.0.4577.82 Safari/537.36', 'YToyOntzOjY6Il90b2tlbiI7czo0MDoiMFBEUDZkVnVMbG5aVHQ0RFNTYWh3N21tMmZDeHZZcDlkVFJ5bGpzRyI7czo2OiJfZmxhc2giO2E6Mjp7czozOiJvbGQiO2E6MDp7fXM6MzoibmV3IjthOjA6e319fQ==', 1631837157, 'Unknown', 'Unknown', 'Windows 7', 'Computer', 'Chrome'),
('NqaoDP6bBdL3TjWRmu4RZeLJZFR7LAMY6kTDuq50', NULL, '127.0.0.1', 'Mozilla/5.0 (Windows NT 6.1; Win64; x64) AppleWebKit/537.36 (KHTML, like Gecko) Chrome/93.0.4577.82 Safari/537.36', 'YToyOntzOjY6Il90b2tlbiI7czo0MDoicmVQaTZxNEp2dzVDYTQ0NlVGYlhuRFVJYllGOGh0QVhQN1JuRkNTRSI7czo2OiJfZmxhc2giO2E6Mjp7czozOiJvbGQiO2E6MDp7fXM6MzoibmV3IjthOjA6e319fQ==', 1631840221, 'Unknown', 'Unknown', 'Windows 7', 'Computer', 'Chrome'),
('wHjHox3qM5j8nKPf8OAom56G5MToytfsMmsyKIkz', 1, '127.0.0.1', 'Mozilla/5.0 (Windows NT 6.1; Win64; x64) AppleWebKit/537.36 (KHTML, like Gecko) Chrome/93.0.4577.82 Safari/537.36', 'YTo0OntzOjY6Il90b2tlbiI7czo0MDoiM3phR2FVTzdwTlRNTEp3M2hYWUNDV3BhRXByT3lnUkN2WEtyZ2NFZSI7czo5OiJfcHJldmlvdXMiO2E6MTp7czozOiJ1cmwiO3M6MjQ6Imh0dHA6Ly9sb2NhbGhvc3QvYmFja2VuZCI7fXM6NjoiX2ZsYXNoIjthOjI6e3M6Mzoib2xkIjthOjA6e31zOjM6Im5ldyI7YTowOnt9fXM6NTA6ImxvZ2luX3dlYl81OWJhMzZhZGRjMmIyZjk0MDE1ODBmMDE0YzdmNThlYTRlMzA5ODlkIjtpOjE7fQ==', 1631840333, 'Unknown', 'Unknown', 'Windows 7', 'Computer', 'Chrome'),
('jtigN4iUUkcPKD0pReRKqjmNjewA9Thp0kaejKak', 1, '127.0.0.1', 'Mozilla/5.0 (Windows NT 6.1; Win64; x64) AppleWebKit/537.36 (KHTML, like Gecko) Chrome/93.0.4577.82 Safari/537.36', 'YTo0OntzOjY6Il90b2tlbiI7czo0MDoiTEg2Nk5UYjNienJINHBSMGhLT0t3SnR3Tk16c3R4U3ROOVFQOVpFNyI7czo5OiJfcHJldmlvdXMiO2E6MTp7czozOiJ1cmwiO3M6MjQ6Imh0dHA6Ly9sb2NhbGhvc3QvYmFja2VuZCI7fXM6NjoiX2ZsYXNoIjthOjI6e3M6Mzoib2xkIjthOjA6e31zOjM6Im5ldyI7YTowOnt9fXM6NTA6ImxvZ2luX3dlYl81OWJhMzZhZGRjMmIyZjk0MDE1ODBmMDE0YzdmNThlYTRlMzA5ODlkIjtpOjE7fQ==', 1631840374, 'Unknown', 'Unknown', 'Windows 7', 'Computer', 'Chrome'),
('aPDACd84hL36HPogFYV98rVp3XzBwK8rSDwmfwwt', 1, '127.0.0.1', 'Mozilla/5.0 (Windows NT 6.1; Win64; x64) AppleWebKit/537.36 (KHTML, like Gecko) Chrome/93.0.4577.82 Safari/537.36', 'YTo0OntzOjY6Il90b2tlbiI7czo0MDoiR2JQdXdzTU55UFpWZ21KR011bWh5cEN0aVZKOXhMajZYTVRCZEFieCI7czo5OiJfcHJldmlvdXMiO2E6MTp7czozOiJ1cmwiO3M6MzA6Imh0dHA6Ly9sb2NhbGhvc3QvYmFja2VuZC9zaG9wcyI7fXM6NjoiX2ZsYXNoIjthOjI6e3M6Mzoib2xkIjthOjA6e31zOjM6Im5ldyI7YTowOnt9fXM6NTA6ImxvZ2luX3dlYl81OWJhMzZhZGRjMmIyZjk0MDE1ODBmMDE0YzdmNThlYTRlMzA5ODlkIjtpOjE7fQ==', 1631847495, 'Unknown', 'Unknown', 'Windows 7', 'Computer', 'Chrome'),
('38OAgaow46jpWbWz4uIfVWorkyruH7munR4ZQhYT', 1, '127.0.0.1', 'Mozilla/5.0 (Windows NT 6.1; Win64; x64) AppleWebKit/537.36 (KHTML, like Gecko) Chrome/93.0.4577.82 Safari/537.36', 'YTozOntzOjY6Il90b2tlbiI7czo0MDoiQTJaR3A4SjgwOWxidmgwZmV2a0NLR2FBZlVzTXJPM1B4dFNJaDMzYiI7czo2OiJfZmxhc2giO2E6Mjp7czozOiJvbGQiO2E6MDp7fXM6MzoibmV3IjthOjA6e319czo1MDoibG9naW5fd2ViXzU5YmEzNmFkZGMyYjJmOTQwMTU4MGYwMTRjN2Y1OGVhNGUzMDk4OWQiO2k6MTt9', 1631845932, 'Unknown', 'Unknown', 'Windows 7', 'Computer', 'Chrome'),
('K5fEOW9HMZ9rmCT1JLFOLNp8qjUr5AsVUh6eGBfp', 1, '127.0.0.1', 'Mozilla/5.0 (Windows NT 6.1; Win64; x64) AppleWebKit/537.36 (KHTML, like Gecko) Chrome/93.0.4577.82 Safari/537.36', 'YTozOntzOjY6Il90b2tlbiI7czo0MDoiOXVyU2hXaW1nU3FKejlFT0paNnVkVHlPVzEwR2pxc0VYWkNmcFA5MCI7czo1MDoibG9naW5fd2ViXzU5YmEzNmFkZGMyYjJmOTQwMTU4MGYwMTRjN2Y1OGVhNGUzMDk4OWQiO2k6MTtzOjY6Il9mbGFzaCI7YToyOntzOjM6Im9sZCI7YTowOnt9czozOiJuZXciO2E6MDp7fX19', 1631845944, 'Unknown', 'Unknown', 'Windows 7', 'Computer', 'Chrome'),
('jY2UYSGyLPAabb09X1Gz53flaVvlFkkgHoFr0QVN', 1, '127.0.0.1', 'Mozilla/5.0 (Windows NT 6.1; Win64; x64) AppleWebKit/537.36 (KHTML, like Gecko) Chrome/93.0.4577.82 Safari/537.36', 'YTo0OntzOjY6Il90b2tlbiI7czo0MDoibW1ReUpzY0pPQWttQWQ2TUZ6dUhPSmQ1ajBiMFVQZjM1ZVhuR2JOSCI7czo5OiJfcHJldmlvdXMiO2E6MTp7czozOiJ1cmwiO3M6Mjk6Imh0dHA6Ly9sb2NhbGhvc3QvYmFja2VuZC90cmVlIjt9czo2OiJfZmxhc2giO2E6Mjp7czozOiJvbGQiO2E6MDp7fXM6MzoibmV3IjthOjA6e319czo1MDoibG9naW5fd2ViXzU5YmEzNmFkZGMyYjJmOTQwMTU4MGYwMTRjN2Y1OGVhNGUzMDk4OWQiO2k6MTt9', 1631926982, 'Unknown', 'Unknown', 'Windows 7', 'Computer', 'Chrome');

-- --------------------------------------------------------

--
-- Estructura de tabla para la tabla `w_settings`
--

CREATE TABLE `w_settings` (
  `id` int(10) UNSIGNED NOT NULL,
  `key` varchar(191) COLLATE utf8mb4_unicode_ci NOT NULL,
  `value` text COLLATE utf8mb4_unicode_ci NOT NULL
) ENGINE=MyISAM DEFAULT CHARSET=utf8mb4 COLLATE=utf8mb4_unicode_ci ROW_FORMAT=DYNAMIC;

-- --------------------------------------------------------

--
-- Estructura de tabla para la tabla `w_shops`
--

CREATE TABLE `w_shops` (
  `id` int(55) NOT NULL,
  `name` varchar(255) COLLATE utf8mb4_unicode_ci NOT NULL,
  `balance` decimal(20,4) NOT NULL DEFAULT '0.0000',
  `frontend` varchar(55) COLLATE utf8mb4_unicode_ci NOT NULL,
  `password` varchar(55) COLLATE utf8mb4_unicode_ci NOT NULL,
  `currency` varchar(5) COLLATE utf8mb4_unicode_ci DEFAULT '',
  `percent` int(55) NOT NULL DEFAULT '90',
  `max_win` int(55) NOT NULL DEFAULT '100',
  `shop_limit` int(55) NOT NULL DEFAULT '200',
  `is_blocked` int(2) NOT NULL DEFAULT '0',
  `access` int(5) DEFAULT '0',
  `country` varchar(255) COLLATE utf8mb4_unicode_ci DEFAULT NULL,
  `os` varchar(255) COLLATE utf8mb4_unicode_ci DEFAULT NULL,
  `device` varchar(255) COLLATE utf8mb4_unicode_ci DEFAULT NULL,
  `orderby` enum('AZ','Rand','RTP','Count','Date') COLLATE utf8mb4_unicode_ci NOT NULL DEFAULT 'AZ',
  `user_id` int(55) NOT NULL,
  `pending` int(1) NOT NULL DEFAULT '1',
  `rules_terms_and_conditions` int(1) NOT NULL DEFAULT '0',
  `rules_privacy_policy` int(1) NOT NULL DEFAULT '0',
  `rules_general_bonus_policy` int(1) NOT NULL DEFAULT '0',
  `rules_why_bitcoin` int(1) NOT NULL DEFAULT '0',
  `rules_responsible_gaming` int(1) NOT NULL DEFAULT '0',
  `happyhours_active` int(2) NOT NULL DEFAULT '1',
  `progress_active` int(2) NOT NULL DEFAULT '1',
  `invite_active` int(2) NOT NULL DEFAULT '1',
  `welcome_bonuses_active` int(2) NOT NULL DEFAULT '1',
  `sms_bonuses_active` int(2) NOT NULL DEFAULT '1',
  `wheelfortune_active` int(2) DEFAULT '1'
) ENGINE=MyISAM DEFAULT CHARSET=utf8mb4 COLLATE=utf8mb4_unicode_ci ROW_FORMAT=DYNAMIC;

--
-- Volcado de datos para la tabla `w_shops`
--

INSERT INTO `w_shops` (`id`, `name`, `balance`, `frontend`, `password`, `currency`, `percent`, `max_win`, `shop_limit`, `is_blocked`, `access`, `country`, `os`, `device`, `orderby`, `user_id`, `pending`, `rules_terms_and_conditions`, `rules_privacy_policy`, `rules_general_bonus_policy`, `rules_why_bitcoin`, `rules_responsible_gaming`, `happyhours_active`, `progress_active`, `invite_active`, `welcome_bonuses_active`, `sms_bonuses_active`, `wheelfortune_active`) VALUES
(6, 'Shop1', '800.0000', 'Default', '123147', 'USD', 90, 100, 200, 0, 0, NULL, NULL, NULL, 'RTP', 48, 0, 0, 0, 0, 0, 0, 1, 1, 1, 1, 1, 1),
(7, 'Shop2', '984.0000', 'Default', '123456aa', 'USD', 90, 1000, 100, 0, 0, NULL, NULL, NULL, 'RTP', 59, 0, 0, 0, 0, 0, 0, 1, 1, 1, 1, 1, 1),
(9, 'Shop3', '490.0000', 'Tropicoblack', '123123kor', 'USD', 90, 100, 200, 0, 0, NULL, NULL, NULL, 'RTP', 68, 0, 0, 0, 0, 0, 0, 1, 1, 1, 1, 1, 1),
(8, 'Shop4', '200.0000', 'Default', '123456a', 'USD', 90, 200, 200, 0, 0, NULL, NULL, NULL, 'RTP', 61, 0, 0, 0, 0, 0, 0, 1, 1, 1, 1, 1, 1);

-- --------------------------------------------------------

--
-- Estructura de tabla para la tabla `w_shops_countries`
--

CREATE TABLE `w_shops_countries` (
  `id` int(55) NOT NULL,
  `shop_id` int(55) NOT NULL,
  `country` varchar(255) COLLATE utf8mb4_unicode_ci NOT NULL
) ENGINE=MyISAM DEFAULT CHARSET=utf8mb4 COLLATE=utf8mb4_unicode_ci ROW_FORMAT=DYNAMIC;

-- --------------------------------------------------------

--
-- Estructura de tabla para la tabla `w_shops_devices`
--

CREATE TABLE `w_shops_devices` (
  `id` int(55) NOT NULL,
  `shop_id` int(55) NOT NULL,
  `device` varchar(255) COLLATE utf8mb4_unicode_ci NOT NULL
) ENGINE=MyISAM DEFAULT CHARSET=utf8mb4 COLLATE=utf8mb4_unicode_ci ROW_FORMAT=DYNAMIC;

-- --------------------------------------------------------

--
-- Estructura de tabla para la tabla `w_shops_os`
--

CREATE TABLE `w_shops_os` (
  `id` int(55) NOT NULL,
  `shop_id` int(55) NOT NULL,
  `os` varchar(255) COLLATE utf8mb4_unicode_ci NOT NULL
) ENGINE=MyISAM DEFAULT CHARSET=utf8mb4 COLLATE=utf8mb4_unicode_ci ROW_FORMAT=DYNAMIC;

-- --------------------------------------------------------

--
-- Estructura de tabla para la tabla `w_shops_user`
--

CREATE TABLE `w_shops_user` (
  `id` int(55) NOT NULL,
  `shop_id` int(55) NOT NULL,
  `user_id` int(55) NOT NULL
) ENGINE=MyISAM DEFAULT CHARSET=utf8mb4 COLLATE=utf8mb4_unicode_ci ROW_FORMAT=DYNAMIC;

--
-- Volcado de datos para la tabla `w_shops_user`
--

INSERT INTO `w_shops_user` (`id`, `shop_id`, `user_id`) VALUES
(52, 6, 55),
(51, 6, 54),
(50, 6, 53),
(49, 6, 52),
(48, 6, 51),
(47, 6, 50),
(46, 6, 47),
(55, 7, 59),
(54, 6, 57),
(53, 6, 56),
(45, 6, 48),
(61, 7, 65),
(59, 8, 58),
(58, 8, 61),
(57, 7, 62),
(56, 7, 58),
(65, 9, 70),
(64, 9, 67),
(63, 9, 68);

-- --------------------------------------------------------

--
-- Estructura de tabla para la tabla `w_shop_categories`
--

CREATE TABLE `w_shop_categories` (
  `id` int(55) NOT NULL,
  `shop_id` int(55) NOT NULL,
  `category_id` int(55) NOT NULL
) ENGINE=MyISAM DEFAULT CHARSET=utf8mb4 COLLATE=utf8mb4_unicode_ci ROW_FORMAT=DYNAMIC;

--
-- Volcado de datos para la tabla `w_shop_categories`
--

INSERT INTO `w_shop_categories` (`id`, `shop_id`, `category_id`) VALUES
(6, 6, 0),
(9, 9, 0),
(7, 7, 0),
(8, 8, 0);

-- --------------------------------------------------------

--
-- Estructura de tabla para la tabla `w_sms`
--

CREATE TABLE `w_sms` (
  `id` int(55) NOT NULL,
  `type` enum('invite','verification') COLLATE utf8mb4_unicode_ci NOT NULL DEFAULT 'invite',
  `message` varchar(255) COLLATE utf8mb4_unicode_ci NOT NULL,
  `message_id` varchar(255) COLLATE utf8mb4_unicode_ci NOT NULL DEFAULT '',
  `user_id` int(55) NOT NULL,
  `new_user_id` int(55) DEFAULT NULL,
  `shop_id` int(55) NOT NULL,
  `status` varchar(55) COLLATE utf8mb4_unicode_ci NOT NULL DEFAULT '',
  `payed` int(2) NOT NULL DEFAULT '0',
  `created_at` timestamp NOT NULL DEFAULT CURRENT_TIMESTAMP,
  `updated_at` timestamp NULL DEFAULT NULL
) ENGINE=MyISAM DEFAULT CHARSET=utf8mb4 COLLATE=utf8mb4_unicode_ci ROW_FORMAT=DYNAMIC;

-- --------------------------------------------------------

--
-- Estructura de tabla para la tabla `w_sms_bonuses`
--

CREATE TABLE `w_sms_bonuses` (
  `id` int(55) NOT NULL,
  `days` int(55) NOT NULL,
  `bonus` double NOT NULL,
  `wager` int(5) NOT NULL,
  `shop_id` int(55) NOT NULL DEFAULT '0'
) ENGINE=InnoDB DEFAULT CHARSET=utf8mb4 COLLATE=utf8mb4_unicode_ci;

--
-- Volcado de datos para la tabla `w_sms_bonuses`
--

INSERT INTO `w_sms_bonuses` (`id`, `days`, `bonus`, `wager`, `shop_id`) VALUES
(1, 5, 30, 1, 0),
(2, 10, 10, 1, 0),
(3, 15, 20, 1, 0),
(4, 20, 30, 1, 0),
(5, 30, 50, 1, 0),
(6, 60, 100, 1, 0),
(7, 90, 5, 2, 0),
(43, 5, 30, 1, 6),
(44, 10, 10, 1, 6),
(45, 15, 20, 1, 6),
(46, 20, 30, 1, 6),
(47, 30, 50, 1, 6),
(48, 60, 100, 1, 6),
(49, 90, 5, 2, 6),
(50, 5, 30, 1, 7),
(51, 10, 10, 1, 7),
(52, 15, 20, 1, 7),
(53, 20, 30, 1, 7),
(54, 30, 50, 1, 7),
(55, 60, 100, 1, 7),
(56, 90, 5, 2, 7),
(57, 5, 30, 1, 8),
(58, 10, 10, 1, 8),
(59, 15, 20, 1, 8),
(60, 20, 30, 1, 8),
(61, 30, 50, 1, 8),
(62, 60, 100, 1, 8),
(63, 90, 5, 2, 8),
(64, 5, 30, 1, 9),
(65, 10, 10, 1, 9),
(66, 15, 20, 1, 9),
(67, 20, 30, 1, 9),
(68, 30, 50, 1, 9),
(69, 60, 100, 1, 9),
(70, 90, 5, 2, 9);

-- --------------------------------------------------------

--
-- Estructura de tabla para la tabla `w_sms_bonus_items`
--

CREATE TABLE `w_sms_bonus_items` (
  `id` int(55) NOT NULL,
  `user_id` int(55) NOT NULL,
  `days` int(55) NOT NULL,
  `sms_bonus_id` int(55) NOT NULL,
  `bonus` decimal(20,4) NOT NULL,
  `status` int(2) NOT NULL DEFAULT '0',
  `shop_id` int(55) NOT NULL DEFAULT '0'
) ENGINE=InnoDB DEFAULT CHARSET=utf8mb4 COLLATE=utf8mb4_unicode_ci;

-- --------------------------------------------------------

--
-- Estructura de tabla para la tabla `w_sms_mailings`
--

CREATE TABLE `w_sms_mailings` (
  `id` int(55) NOT NULL,
  `theme` varchar(255) COLLATE utf8mb4_unicode_ci NOT NULL,
  `message` text COLLATE utf8mb4_unicode_ci NOT NULL,
  `roles` varchar(255) COLLATE utf8mb4_unicode_ci NOT NULL,
  `statuses` varchar(255) COLLATE utf8mb4_unicode_ci DEFAULT NULL,
  `date_start` datetime DEFAULT NULL,
  `priority` int(55) NOT NULL DEFAULT '0',
  `status` enum('active','waiting','completed') COLLATE utf8mb4_unicode_ci NOT NULL DEFAULT 'active',
  `shop_id` int(55) NOT NULL
) ENGINE=InnoDB DEFAULT CHARSET=utf8mb4 COLLATE=utf8mb4_unicode_ci;

-- --------------------------------------------------------

--
-- Estructura de tabla para la tabla `w_sms_mailing_messages`
--

CREATE TABLE `w_sms_mailing_messages` (
  `id` int(55) NOT NULL,
  `sms_mailing_id` int(11) NOT NULL,
  `user_id` int(11) NOT NULL,
  `sent` int(2) NOT NULL DEFAULT '0',
  `shop_id` int(55) NOT NULL
) ENGINE=InnoDB DEFAULT CHARSET=utf8mb4 COLLATE=utf8mb4_unicode_ci;

-- --------------------------------------------------------

--
-- Estructura de tabla para la tabla `w_statistics`
--

CREATE TABLE `w_statistics` (
  `id` int(55) NOT NULL,
  `title` varchar(255) COLLATE utf8mb4_unicode_ci DEFAULT NULL,
  `user_id` int(55) NOT NULL,
  `payeer_id` int(55) DEFAULT NULL,
  `system` enum('user','shop','bank','jpg','refund','happyhour','pincode','handpay','interkassa','coinbase','btcpayserver','invite','progress','tournament','daily_entry','welcome_bonus','sms_bonus','wheelfortune') COLLATE utf8mb4_unicode_ci DEFAULT NULL,
  `old` decimal(20,4) NOT NULL,
  `sum` decimal(20,4) NOT NULL,
  `sum2` decimal(20,4) DEFAULT NULL,
  `hh_multiplier` int(5) NOT NULL DEFAULT '1',
  `type` enum('add','out') COLLATE utf8mb4_unicode_ci NOT NULL DEFAULT 'add',
  `item_id` varchar(55) COLLATE utf8mb4_unicode_ci DEFAULT NULL,
  `status` int(2) NOT NULL DEFAULT '1',
  `ip_address` varchar(255) COLLATE utf8mb4_unicode_ci DEFAULT NULL,
  `user_agent` varchar(550) COLLATE utf8mb4_unicode_ci DEFAULT NULL,
  `country` varchar(255) COLLATE utf8mb4_unicode_ci DEFAULT NULL,
  `city` varchar(255) COLLATE utf8mb4_unicode_ci DEFAULT NULL,
  `os` varchar(255) COLLATE utf8mb4_unicode_ci DEFAULT NULL,
  `device` varchar(255) COLLATE utf8mb4_unicode_ci DEFAULT NULL,
  `browser` varchar(255) COLLATE utf8mb4_unicode_ci DEFAULT NULL,
  `shop_id` int(55) NOT NULL,
  `created_at` timestamp NOT NULL DEFAULT CURRENT_TIMESTAMP ON UPDATE CURRENT_TIMESTAMP,
  `updated_at` timestamp NOT NULL DEFAULT '0000-00-00 00:00:00'
) ENGINE=MyISAM DEFAULT CHARSET=utf8mb4 COLLATE=utf8mb4_unicode_ci ROW_FORMAT=DYNAMIC;

--
-- Volcado de datos para la tabla `w_statistics`
--

INSERT INTO `w_statistics` (`id`, `title`, `user_id`, `payeer_id`, `system`, `old`, `sum`, `sum2`, `hh_multiplier`, `type`, `item_id`, `status`, `ip_address`, `user_agent`, `country`, `city`, `os`, `device`, `browser`, `shop_id`, `created_at`, `updated_at`) VALUES
(227, 'JPG 5', 1, NULL, 'jpg', '0.0000', '5.0000', NULL, 1, 'add', NULL, 1, 'UNKNOWN', 'Symfony', '', '', 'Unknown OS Platform', 'Computer', 'Unknown Browser', 8, '2021-09-02 11:42:01', '2021-09-02 11:42:01'),
(226, 'JPG 4', 1, NULL, 'jpg', '0.0000', '4.0000', NULL, 1, 'add', NULL, 1, 'UNKNOWN', 'Symfony', '', '', 'Unknown OS Platform', 'Computer', 'Unknown Browser', 8, '2021-09-02 11:42:01', '2021-09-02 11:42:01'),
(225, 'JPG 3', 1, NULL, 'jpg', '0.0000', '3.0000', NULL, 1, 'add', NULL, 1, 'UNKNOWN', 'Symfony', '', '', 'Unknown OS Platform', 'Computer', 'Unknown Browser', 8, '2021-09-02 11:42:01', '2021-09-02 11:42:01'),
(224, 'JPG 2', 1, NULL, 'jpg', '0.0000', '2.0000', NULL, 1, 'add', NULL, 1, 'UNKNOWN', 'Symfony', '', '', 'Unknown OS Platform', 'Computer', 'Unknown Browser', 8, '2021-09-02 11:42:01', '2021-09-02 11:42:01'),
(223, 'JPG 1', 1, NULL, 'jpg', '0.0000', '1.0000', NULL, 1, 'add', NULL, 1, 'UNKNOWN', 'Symfony', '', '', 'Unknown OS Platform', 'Computer', 'Unknown Browser', 8, '2021-09-02 11:42:01', '2021-09-02 11:42:01'),
(264, 'HP', 67, 1, 'handpay', '0.0000', '20.0000', NULL, 1, 'add', NULL, 1, '79.181.92.13', 'Mozilla/5.0 (Windows NT 10.0; Win64; x64) AppleWebKit/537.36 (KHTML, like Gecko) Chrome/92.0.4515.131 Safari/537.36 OPR/78.0.4093.147', 'Israel', 'Tel Aviv', 'Windows 10', 'Computer', 'Chrome', 0, '2021-09-02 16:40:07', '2021-09-02 16:40:07'),
(265, 'HP', 67, 1, 'handpay', '0.0000', '9980.0000', NULL, 1, 'add', NULL, 1, '79.181.92.13', 'Mozilla/5.0 (Windows NT 10.0; Win64; x64) AppleWebKit/537.36 (KHTML, like Gecko) Chrome/92.0.4515.131 Safari/537.36 OPR/78.0.4093.147', 'Israel', 'Tel Aviv', 'Windows 10', 'Computer', 'Chrome', 0, '2021-09-02 16:40:22', '2021-09-02 16:40:22'),
(222, '', 61, 58, 'user', '0.0000', '1000.0000', NULL, 1, 'add', NULL, 1, '102.153.19.88', 'Mozilla/5.0 (Linux; Android 11; M2101K7BG) AppleWebKit/537.36 (KHTML, like Gecko) Chrome/92.0.4515.166 Mobile Safari/537.36', 'Tunisia', '', 'Android', 'Mobile', 'Safari Browser', 0, '2021-09-02 11:37:52', '2021-09-02 11:37:52'),
(220, 'Fish', 1, NULL, 'bank', '0.0000', '10.0000', NULL, 1, 'add', NULL, 1, 'UNKNOWN', 'Symfony', '', '', 'Unknown OS Platform', 'Computer', 'Unknown Browser', 7, '2021-09-02 11:34:02', '2021-09-02 11:34:02'),
(221, NULL, 59, NULL, 'shop', '0.0000', '100.0000', NULL, 1, 'add', NULL, 1, '102.153.19.88', 'Mozilla/5.0 (Linux; Android 11; M2101K7BG) AppleWebKit/537.36 (KHTML, like Gecko) Chrome/92.0.4515.166 Mobile Safari/537.36', 'Tunisia', '', 'Android', 'Mobile', 'Safari Browser', 7, '2021-09-02 11:34:18', '2021-09-02 11:34:18'),
(219, 'Bonus', 1, NULL, 'bank', '0.0000', '10.0000', NULL, 1, 'add', NULL, 1, 'UNKNOWN', 'Symfony', '', '', 'Unknown OS Platform', 'Computer', 'Unknown Browser', 7, '2021-09-02 11:34:02', '2021-09-02 11:34:02'),
(218, 'Table', 1, NULL, 'bank', '0.0000', '10.0000', NULL, 1, 'add', NULL, 1, 'UNKNOWN', 'Symfony', '', '', 'Unknown OS Platform', 'Computer', 'Unknown Browser', 7, '2021-09-02 11:34:02', '2021-09-02 11:34:02'),
(217, 'Little', 1, NULL, 'bank', '0.0000', '10.0000', NULL, 1, 'add', NULL, 1, 'UNKNOWN', 'Symfony', '', '', 'Unknown OS Platform', 'Computer', 'Unknown Browser', 7, '2021-09-02 11:34:02', '2021-09-02 11:34:02'),
(216, 'Slots', 1, NULL, 'bank', '0.0000', '10.0000', NULL, 1, 'add', NULL, 1, 'UNKNOWN', 'Symfony', '', '', 'Unknown OS Platform', 'Computer', 'Unknown Browser', 7, '2021-09-02 11:34:02', '2021-09-02 11:34:02'),
(215, 'JPG 10', 1, NULL, 'jpg', '0.0000', '10.0000', NULL, 1, 'add', NULL, 1, 'UNKNOWN', 'Symfony', '', '', 'Unknown OS Platform', 'Computer', 'Unknown Browser', 7, '2021-09-02 11:34:02', '2021-09-02 11:34:02'),
(214, 'JPG 9', 1, NULL, 'jpg', '0.0000', '9.0000', NULL, 1, 'add', NULL, 1, 'UNKNOWN', 'Symfony', '', '', 'Unknown OS Platform', 'Computer', 'Unknown Browser', 7, '2021-09-02 11:34:02', '2021-09-02 11:34:02'),
(213, 'JPG 8', 1, NULL, 'jpg', '0.0000', '8.0000', NULL, 1, 'add', NULL, 1, 'UNKNOWN', 'Symfony', '', '', 'Unknown OS Platform', 'Computer', 'Unknown Browser', 7, '2021-09-02 11:34:02', '2021-09-02 11:34:02'),
(212, 'JPG 7', 1, NULL, 'jpg', '0.0000', '7.0000', NULL, 1, 'add', NULL, 1, 'UNKNOWN', 'Symfony', '', '', 'Unknown OS Platform', 'Computer', 'Unknown Browser', 7, '2021-09-02 11:34:02', '2021-09-02 11:34:02'),
(211, 'JPG 6', 1, NULL, 'jpg', '0.0000', '6.0000', NULL, 1, 'add', NULL, 1, 'UNKNOWN', 'Symfony', '', '', 'Unknown OS Platform', 'Computer', 'Unknown Browser', 7, '2021-09-02 11:34:02', '2021-09-02 11:34:02'),
(210, 'JPG 5', 1, NULL, 'jpg', '0.0000', '5.0000', NULL, 1, 'add', NULL, 1, 'UNKNOWN', 'Symfony', '', '', 'Unknown OS Platform', 'Computer', 'Unknown Browser', 7, '2021-09-02 11:34:02', '2021-09-02 11:34:02'),
(209, 'JPG 4', 1, NULL, 'jpg', '0.0000', '4.0000', NULL, 1, 'add', NULL, 1, 'UNKNOWN', 'Symfony', '', '', 'Unknown OS Platform', 'Computer', 'Unknown Browser', 7, '2021-09-02 11:34:02', '2021-09-02 11:34:02'),
(207, 'JPG 2', 1, NULL, 'jpg', '0.0000', '2.0000', NULL, 1, 'add', NULL, 1, 'UNKNOWN', 'Symfony', '', '', 'Unknown OS Platform', 'Computer', 'Unknown Browser', 7, '2021-09-02 11:34:02', '2021-09-02 11:34:02'),
(208, 'JPG 3', 1, NULL, 'jpg', '0.0000', '3.0000', NULL, 1, 'add', NULL, 1, 'UNKNOWN', 'Symfony', '', '', 'Unknown OS Platform', 'Computer', 'Unknown Browser', 7, '2021-09-02 11:34:02', '2021-09-02 11:34:02'),
(206, 'JPG 1', 1, NULL, 'jpg', '0.0000', '1.0000', NULL, 1, 'add', NULL, 1, 'UNKNOWN', 'Symfony', '', '', 'Unknown OS Platform', 'Computer', 'Unknown Browser', 7, '2021-09-02 11:34:02', '2021-09-02 11:34:02'),
(205, '', 59, 58, 'user', '0.0000', '500.0000', NULL, 1, 'out', NULL, 1, '102.153.19.88', 'Mozilla/5.0 (Linux; Android 11; M2101K7BG) AppleWebKit/537.36 (KHTML, like Gecko) Chrome/92.0.4515.166 Mobile Safari/537.36', 'Tunisia', '', 'Android', 'Mobile', 'Safari Browser', 0, '2021-09-02 11:32:39', '2021-09-02 11:32:39'),
(204, '', 59, 58, 'user', '0.0000', '3000.0000', NULL, 1, 'add', NULL, 1, '102.153.19.88', 'Mozilla/5.0 (Linux; Android 11; M2101K7BG) AppleWebKit/537.36 (KHTML, like Gecko) Chrome/92.0.4515.166 Mobile Safari/537.36', 'Tunisia', '', 'Android', 'Mobile', 'Safari Browser', 0, '2021-09-02 11:32:21', '2021-09-02 11:32:21'),
(203, 'HP', 58, 1, 'handpay', '0.0000', '4000.0000', NULL, 1, 'add', NULL, 1, '79.181.92.13', 'Mozilla/5.0 (Windows NT 10.0; Win64; x64) AppleWebKit/537.36 (KHTML, like Gecko) Chrome/92.0.4515.131 Safari/537.36 OPR/78.0.4093.147', 'Israel', 'Tel Aviv', 'Windows 10', 'Computer', 'Chrome', 0, '2021-09-02 11:17:49', '2021-09-02 11:17:49'),
(202, 'PB', 53, 49, 'progress', '0.0000', '10.0000', NULL, 1, 'add', '121', 1, '51.75.79.45', '', 'Germany', 'Limburg an der Lahn', 'Unknown OS Platform', 'Computer', 'Unknown Browser', 6, '2021-09-02 11:01:07', '2021-09-02 11:01:07'),
(201, 'Slots', 1, NULL, 'bank', '0.0000', '10.0000', NULL, 1, 'out', NULL, 1, 'UNKNOWN', 'Symfony', '', '', 'Unknown OS Platform', 'Computer', 'Unknown Browser', 6, '2021-09-02 10:00:02', '2021-09-02 10:00:02'),
(200, 'PB', 57, 49, 'progress', '0.0000', '10.0000', NULL, 1, 'add', '121', 1, '51.75.79.45', '', 'Germany', 'Limburg an der Lahn', 'Unknown OS Platform', 'Computer', 'Unknown Browser', 6, '2021-09-02 09:35:23', '2021-09-02 09:35:23'),
(199, 'WB 1', 57, 49, 'welcome_bonus', '0.0000', '10.0000', NULL, 1, 'add', '19', 1, '79.181.92.13', 'Mozilla/5.0 (Windows NT 10.0; Win64; x64) AppleWebKit/537.36 (KHTML, like Gecko) Chrome/92.0.4515.131 Safari/537.36 OPR/78.0.4093.147', 'Israel', 'Tel Aviv', 'Windows 10', 'Computer', 'Chrome', 6, '2021-09-02 07:53:06', '2021-09-02 07:53:06'),
(198, 'HP', 57, 49, 'handpay', '0.0000', '100.0000', NULL, 1, 'add', NULL, 1, '79.181.92.13', 'Mozilla/5.0 (Windows NT 10.0; Win64; x64) AppleWebKit/537.36 (KHTML, like Gecko) Chrome/92.0.4515.131 Safari/537.36 OPR/78.0.4093.147', 'Israel', 'Tel Aviv', 'Windows 10', 'Computer', 'Chrome', 6, '2021-09-02 07:53:06', '2021-09-02 07:53:06'),
(197, 'WB 1', 52, 49, 'welcome_bonus', '0.0000', '10.0000', NULL, 1, 'add', '19', 1, '79.181.92.13', 'Mozilla/5.0 (Windows NT 10.0; Win64; x64) AppleWebKit/537.36 (KHTML, like Gecko) Chrome/92.0.4515.131 Safari/537.36 OPR/78.0.4093.147', 'Israel', 'Tel Aviv', 'Windows 10', 'Computer', 'Chrome', 6, '2021-09-02 07:49:49', '2021-09-02 07:49:49'),
(191, 'WB 1', 55, 49, 'welcome_bonus', '0.0000', '10.0000', NULL, 1, 'add', '19', 1, '79.181.92.13', 'Mozilla/5.0 (Windows NT 10.0; Win64; x64) AppleWebKit/537.36 (KHTML, like Gecko) Chrome/92.0.4515.131 Safari/537.36 OPR/78.0.4093.147', 'Israel', 'Tel Aviv', 'Windows 10', 'Computer', 'Chrome', 6, '2021-09-02 07:49:16', '2021-09-02 07:49:16'),
(192, 'HP', 54, 49, 'handpay', '0.0000', '100.0000', NULL, 1, 'add', NULL, 1, '79.181.92.13', 'Mozilla/5.0 (Windows NT 10.0; Win64; x64) AppleWebKit/537.36 (KHTML, like Gecko) Chrome/92.0.4515.131 Safari/537.36 OPR/78.0.4093.147', 'Israel', 'Tel Aviv', 'Windows 10', 'Computer', 'Chrome', 6, '2021-09-02 07:49:23', '2021-09-02 07:49:23'),
(193, 'WB 1', 54, 49, 'welcome_bonus', '0.0000', '10.0000', NULL, 1, 'add', '19', 1, '79.181.92.13', 'Mozilla/5.0 (Windows NT 10.0; Win64; x64) AppleWebKit/537.36 (KHTML, like Gecko) Chrome/92.0.4515.131 Safari/537.36 OPR/78.0.4093.147', 'Israel', 'Tel Aviv', 'Windows 10', 'Computer', 'Chrome', 6, '2021-09-02 07:49:23', '2021-09-02 07:49:23'),
(194, 'HP', 56, 49, 'handpay', '0.0000', '100.0000', NULL, 1, 'add', NULL, 1, '79.181.92.13', 'Mozilla/5.0 (Windows NT 10.0; Win64; x64) AppleWebKit/537.36 (KHTML, like Gecko) Chrome/92.0.4515.131 Safari/537.36 OPR/78.0.4093.147', 'Israel', 'Tel Aviv', 'Windows 10', 'Computer', 'Chrome', 6, '2021-09-02 07:49:28', '2021-09-02 07:49:28'),
(195, 'WB 1', 56, 49, 'welcome_bonus', '0.0000', '10.0000', NULL, 1, 'add', '19', 1, '79.181.92.13', 'Mozilla/5.0 (Windows NT 10.0; Win64; x64) AppleWebKit/537.36 (KHTML, like Gecko) Chrome/92.0.4515.131 Safari/537.36 OPR/78.0.4093.147', 'Israel', 'Tel Aviv', 'Windows 10', 'Computer', 'Chrome', 6, '2021-09-02 07:49:28', '2021-09-02 07:49:28'),
(196, 'HP', 52, 49, 'handpay', '0.0000', '100.0000', NULL, 1, 'add', NULL, 1, '79.181.92.13', 'Mozilla/5.0 (Windows NT 10.0; Win64; x64) AppleWebKit/537.36 (KHTML, like Gecko) Chrome/92.0.4515.131 Safari/537.36 OPR/78.0.4093.147', 'Israel', 'Tel Aviv', 'Windows 10', 'Computer', 'Chrome', 6, '2021-09-02 07:49:49', '2021-09-02 07:49:49'),
(262, 'Slots', 1, NULL, 'bank', '0.0000', '10.0000', NULL, 1, 'out', NULL, 1, 'UNKNOWN', 'Symfony', '', '', 'Unknown OS Platform', 'Computer', 'Unknown Browser', 6, '2021-09-02 16:00:02', '2021-09-02 16:00:02'),
(263, 'Bonus', 1, NULL, 'bank', '0.0000', '10.0000', NULL, 1, 'out', NULL, 1, 'UNKNOWN', 'Symfony', '', '', 'Unknown OS Platform', 'Computer', 'Unknown Browser', 6, '2021-09-02 16:00:02', '2021-09-02 16:00:02'),
(260, 'HP', 65, 60, 'handpay', '0.0000', '5.0000', NULL, 1, 'add', NULL, 1, '197.16.168.10', 'Mozilla/5.0 (Linux; Android 10; Infinix X657C) AppleWebKit/537.36 (KHTML, like Gecko) Chrome/80.0.3987.99 Mobile Safari/537.36', 'Tunisia', '', 'Android', 'Mobile', 'Safari Browser', 7, '2021-09-02 13:31:48', '2021-09-02 13:31:48'),
(232, 'JPG 10', 1, NULL, 'jpg', '0.0000', '10.0000', NULL, 1, 'add', NULL, 1, 'UNKNOWN', 'Symfony', '', '', 'Unknown OS Platform', 'Computer', 'Unknown Browser', 8, '2021-09-02 11:42:01', '2021-09-02 11:42:01'),
(233, 'Slots', 1, NULL, 'bank', '0.0000', '10.0000', NULL, 1, 'add', NULL, 1, 'UNKNOWN', 'Symfony', '', '', 'Unknown OS Platform', 'Computer', 'Unknown Browser', 8, '2021-09-02 11:42:01', '2021-09-02 11:42:01'),
(231, 'JPG 9', 1, NULL, 'jpg', '0.0000', '9.0000', NULL, 1, 'add', NULL, 1, 'UNKNOWN', 'Symfony', '', '', 'Unknown OS Platform', 'Computer', 'Unknown Browser', 8, '2021-09-02 11:42:01', '2021-09-02 11:42:01'),
(229, 'JPG 7', 1, NULL, 'jpg', '0.0000', '7.0000', NULL, 1, 'add', NULL, 1, 'UNKNOWN', 'Symfony', '', '', 'Unknown OS Platform', 'Computer', 'Unknown Browser', 8, '2021-09-02 11:42:01', '2021-09-02 11:42:01'),
(230, 'JPG 8', 1, NULL, 'jpg', '0.0000', '8.0000', NULL, 1, 'add', NULL, 1, 'UNKNOWN', 'Symfony', '', '', 'Unknown OS Platform', 'Computer', 'Unknown Browser', 8, '2021-09-02 11:42:01', '2021-09-02 11:42:01'),
(228, 'JPG 6', 1, NULL, 'jpg', '0.0000', '6.0000', NULL, 1, 'add', NULL, 1, 'UNKNOWN', 'Symfony', '', '', 'Unknown OS Platform', 'Computer', 'Unknown Browser', 8, '2021-09-02 11:42:01', '2021-09-02 11:42:01'),
(190, 'HP', 55, 49, 'handpay', '0.0000', '100.0000', NULL, 1, 'add', NULL, 1, '79.181.92.13', 'Mozilla/5.0 (Windows NT 10.0; Win64; x64) AppleWebKit/537.36 (KHTML, like Gecko) Chrome/92.0.4515.131 Safari/537.36 OPR/78.0.4093.147', 'Israel', 'Tel Aviv', 'Windows 10', 'Computer', 'Chrome', 6, '2021-09-02 07:49:16', '2021-09-02 07:49:16'),
(189, 'WB 1', 53, 49, 'welcome_bonus', '0.0000', '10.0000', NULL, 1, 'add', '19', 1, '79.181.92.13', 'Mozilla/5.0 (Windows NT 10.0; Win64; x64) AppleWebKit/537.36 (KHTML, like Gecko) Chrome/92.0.4515.131 Safari/537.36 OPR/78.0.4093.147', 'Israel', 'Tel Aviv', 'Windows 10', 'Computer', 'Chrome', 6, '2021-09-02 07:49:09', '2021-09-02 07:49:09'),
(188, 'HP', 53, 49, 'handpay', '0.0000', '100.0000', NULL, 1, 'add', NULL, 1, '79.181.92.13', 'Mozilla/5.0 (Windows NT 10.0; Win64; x64) AppleWebKit/537.36 (KHTML, like Gecko) Chrome/92.0.4515.131 Safari/537.36 OPR/78.0.4093.147', 'Israel', 'Tel Aviv', 'Windows 10', 'Computer', 'Chrome', 6, '2021-09-02 07:49:09', '2021-09-02 07:49:09'),
(257, 'Slots', 1, NULL, 'bank', '233.7700', '50.0000', NULL, 1, 'out', NULL, 1, '51.75.79.45', '', 'Germany', 'Limburg an der Lahn', 'Unknown OS Platform', 'Computer', 'Unknown Browser', 6, '2021-09-02 12:27:42', '2021-09-02 12:26:42'),
(258, 'Bonus', 1, NULL, 'bank', '0.0000', '10.0000', NULL, 1, 'out', NULL, 1, 'UNKNOWN', 'Symfony', '', '', 'Unknown OS Platform', 'Computer', 'Unknown Browser', 6, '2021-09-02 13:00:02', '2021-09-02 13:00:02'),
(186, 'HP', 50, 49, 'handpay', '0.0000', '50.0000', NULL, 1, 'add', NULL, 1, '79.181.92.13', 'Mozilla/5.0 (Windows NT 10.0; Win64; x64) AppleWebKit/537.36 (KHTML, like Gecko) Chrome/92.0.4515.131 Safari/537.36 OPR/78.0.4093.147', 'Israel', 'Tel Aviv', 'Windows 10', 'Computer', 'Chrome', 6, '2021-09-01 20:32:56', '2021-09-01 20:32:56'),
(187, 'HP', 50, 49, 'handpay', '0.0000', '50.0000', NULL, 1, 'add', NULL, 1, '79.181.92.13', 'Mozilla/5.0 (Windows NT 10.0; Win64; x64) AppleWebKit/537.36 (KHTML, like Gecko) Chrome/92.0.4515.131 Safari/537.36 OPR/78.0.4093.147', 'Israel', 'Tel Aviv', 'Windows 10', 'Computer', 'Chrome', 6, '2021-09-01 20:33:32', '2021-09-01 20:33:32'),
(185, 'Fish', 1, NULL, 'bank', '0.0000', '10.0000', NULL, 1, 'add', NULL, 1, 'UNKNOWN', 'Symfony', '', '', 'Unknown OS Platform', 'Computer', 'Unknown Browser', 6, '2021-09-01 20:32:01', '2021-09-01 20:32:01'),
(183, 'Table', 1, NULL, 'bank', '0.0000', '10.0000', NULL, 1, 'add', NULL, 1, 'UNKNOWN', 'Symfony', '', '', 'Unknown OS Platform', 'Computer', 'Unknown Browser', 6, '2021-09-01 20:32:01', '2021-09-01 20:32:01'),
(184, 'Bonus', 1, NULL, 'bank', '0.0000', '10.0000', NULL, 1, 'add', NULL, 1, 'UNKNOWN', 'Symfony', '', '', 'Unknown OS Platform', 'Computer', 'Unknown Browser', 6, '2021-09-01 20:32:01', '2021-09-01 20:32:01'),
(181, 'Slots', 1, NULL, 'bank', '0.0000', '10.0000', NULL, 1, 'add', NULL, 1, 'UNKNOWN', 'Symfony', '', '', 'Unknown OS Platform', 'Computer', 'Unknown Browser', 6, '2021-09-01 20:32:01', '2021-09-01 20:32:01'),
(182, 'Little', 1, NULL, 'bank', '0.0000', '10.0000', NULL, 1, 'add', NULL, 1, 'UNKNOWN', 'Symfony', '', '', 'Unknown OS Platform', 'Computer', 'Unknown Browser', 6, '2021-09-01 20:32:01', '2021-09-01 20:32:01'),
(180, 'JPG 10', 1, NULL, 'jpg', '0.0000', '10.0000', NULL, 1, 'add', NULL, 1, 'UNKNOWN', 'Symfony', '', '', 'Unknown OS Platform', 'Computer', 'Unknown Browser', 6, '2021-09-01 20:32:01', '2021-09-01 20:32:01'),
(179, 'JPG 9', 1, NULL, 'jpg', '0.0000', '9.0000', NULL, 1, 'add', NULL, 1, 'UNKNOWN', 'Symfony', '', '', 'Unknown OS Platform', 'Computer', 'Unknown Browser', 6, '2021-09-01 20:32:01', '2021-09-01 20:32:01'),
(177, 'JPG 7', 1, NULL, 'jpg', '0.0000', '7.0000', NULL, 1, 'add', NULL, 1, 'UNKNOWN', 'Symfony', '', '', 'Unknown OS Platform', 'Computer', 'Unknown Browser', 6, '2021-09-01 20:32:01', '2021-09-01 20:32:01'),
(178, 'JPG 8', 1, NULL, 'jpg', '0.0000', '8.0000', NULL, 1, 'add', NULL, 1, 'UNKNOWN', 'Symfony', '', '', 'Unknown OS Platform', 'Computer', 'Unknown Browser', 6, '2021-09-01 20:32:01', '2021-09-01 20:32:01'),
(175, 'JPG 5', 1, NULL, 'jpg', '0.0000', '5.0000', NULL, 1, 'add', NULL, 1, 'UNKNOWN', 'Symfony', '', '', 'Unknown OS Platform', 'Computer', 'Unknown Browser', 6, '2021-09-01 20:32:01', '2021-09-01 20:32:01'),
(176, 'JPG 6', 1, NULL, 'jpg', '0.0000', '6.0000', NULL, 1, 'add', NULL, 1, 'UNKNOWN', 'Symfony', '', '', 'Unknown OS Platform', 'Computer', 'Unknown Browser', 6, '2021-09-01 20:32:01', '2021-09-01 20:32:01'),
(174, 'JPG 4', 1, NULL, 'jpg', '0.0000', '4.0000', NULL, 1, 'add', NULL, 1, 'UNKNOWN', 'Symfony', '', '', 'Unknown OS Platform', 'Computer', 'Unknown Browser', 6, '2021-09-01 20:32:01', '2021-09-01 20:32:01'),
(173, 'JPG 3', 1, NULL, 'jpg', '0.0000', '3.0000', NULL, 1, 'add', NULL, 1, 'UNKNOWN', 'Symfony', '', '', 'Unknown OS Platform', 'Computer', 'Unknown Browser', 6, '2021-09-01 20:32:01', '2021-09-01 20:32:01'),
(172, 'JPG 2', 1, NULL, 'jpg', '0.0000', '2.0000', NULL, 1, 'add', NULL, 1, 'UNKNOWN', 'Symfony', '', '', 'Unknown OS Platform', 'Computer', 'Unknown Browser', 6, '2021-09-01 20:32:01', '2021-09-01 20:32:01'),
(171, 'JPG 1', 1, NULL, 'jpg', '0.0000', '1.0000', NULL, 1, 'add', NULL, 1, 'UNKNOWN', 'Symfony', '', '', 'Unknown OS Platform', 'Computer', 'Unknown Browser', 6, '2021-09-01 20:32:01', '2021-09-01 20:32:01'),
(169, '', 48, 47, 'user', '0.0000', '5000.0000', NULL, 1, 'add', NULL, 1, '79.181.92.13', 'Mozilla/5.0 (Windows NT 10.0; Win64; x64) AppleWebKit/537.36 (KHTML, like Gecko) Chrome/92.0.4515.131 Safari/537.36 OPR/78.0.4093.147', 'Israel', 'Tel Aviv', 'Windows 10', 'Computer', 'Chrome', 0, '2021-09-01 20:30:27', '2021-09-01 20:30:27'),
(170, NULL, 48, NULL, 'shop', '0.0000', '2500.0000', NULL, 1, 'add', NULL, 1, '79.181.92.13', 'Mozilla/5.0 (Windows NT 10.0; Win64; x64) AppleWebKit/537.36 (KHTML, like Gecko) Chrome/92.0.4515.131 Safari/537.36 OPR/78.0.4093.147', 'Israel', 'Tel Aviv', 'Windows 10', 'Computer', 'Chrome', 6, '2021-09-01 20:31:18', '2021-09-01 20:31:18'),
(98, 'JPG 1', 1, NULL, 'jpg', '0.0000', '1.0000', NULL, 1, 'add', NULL, 1, '79.181.92.13', 'Mozilla/5.0 (Windows NT 10.0; Win64; x64) AppleWebKit/537.36 (KHTML, like Gecko) Chrome/92.0.4515.131 Safari/537.36 OPR/78.0.4093.147', 'Israel', 'Tel Aviv', 'Windows 10', 'Computer', 'Chrome', 0, '2021-09-01 08:08:39', '2021-09-01 08:08:39'),
(99, 'JPG 2', 1, NULL, 'jpg', '0.0000', '2.0000', NULL, 1, 'add', NULL, 1, '79.181.92.13', 'Mozilla/5.0 (Windows NT 10.0; Win64; x64) AppleWebKit/537.36 (KHTML, like Gecko) Chrome/92.0.4515.131 Safari/537.36 OPR/78.0.4093.147', 'Israel', 'Tel Aviv', 'Windows 10', 'Computer', 'Chrome', 0, '2021-09-01 08:08:46', '2021-09-01 08:08:46'),
(100, 'JPG 3', 1, NULL, 'jpg', '0.0000', '3.0000', NULL, 1, 'add', NULL, 1, '79.181.92.13', 'Mozilla/5.0 (Windows NT 10.0; Win64; x64) AppleWebKit/537.36 (KHTML, like Gecko) Chrome/92.0.4515.131 Safari/537.36 OPR/78.0.4093.147', 'Israel', 'Tel Aviv', 'Windows 10', 'Computer', 'Chrome', 0, '2021-09-01 08:08:54', '2021-09-01 08:08:54'),
(101, 'JPG 4', 1, NULL, 'jpg', '0.0000', '4.0000', NULL, 1, 'add', NULL, 1, '79.181.92.13', 'Mozilla/5.0 (Windows NT 10.0; Win64; x64) AppleWebKit/537.36 (KHTML, like Gecko) Chrome/92.0.4515.131 Safari/537.36 OPR/78.0.4093.147', 'Israel', 'Tel Aviv', 'Windows 10', 'Computer', 'Chrome', 0, '2021-09-01 08:09:07', '2021-09-01 08:09:07'),
(102, 'JPG 5', 1, NULL, 'jpg', '0.0000', '5.0000', NULL, 1, 'add', NULL, 1, '79.181.92.13', 'Mozilla/5.0 (Windows NT 10.0; Win64; x64) AppleWebKit/537.36 (KHTML, like Gecko) Chrome/92.0.4515.131 Safari/537.36 OPR/78.0.4093.147', 'Israel', 'Tel Aviv', 'Windows 10', 'Computer', 'Chrome', 0, '2021-09-01 08:09:21', '2021-09-01 08:09:21'),
(103, 'JPG 6', 1, NULL, 'jpg', '0.0000', '6.0000', NULL, 1, 'add', NULL, 1, '79.181.92.13', 'Mozilla/5.0 (Windows NT 10.0; Win64; x64) AppleWebKit/537.36 (KHTML, like Gecko) Chrome/92.0.4515.131 Safari/537.36 OPR/78.0.4093.147', 'Israel', 'Tel Aviv', 'Windows 10', 'Computer', 'Chrome', 0, '2021-09-01 08:09:32', '2021-09-01 08:09:32'),
(104, 'JPG 7', 1, NULL, 'jpg', '0.0000', '7.0000', NULL, 1, 'add', NULL, 1, '79.181.92.13', 'Mozilla/5.0 (Windows NT 10.0; Win64; x64) AppleWebKit/537.36 (KHTML, like Gecko) Chrome/92.0.4515.131 Safari/537.36 OPR/78.0.4093.147', 'Israel', 'Tel Aviv', 'Windows 10', 'Computer', 'Chrome', 0, '2021-09-01 08:09:41', '2021-09-01 08:09:41'),
(105, 'JPG 8', 1, NULL, 'jpg', '0.0000', '8.0000', NULL, 1, 'add', NULL, 1, '79.181.92.13', 'Mozilla/5.0 (Windows NT 10.0; Win64; x64) AppleWebKit/537.36 (KHTML, like Gecko) Chrome/92.0.4515.131 Safari/537.36 OPR/78.0.4093.147', 'Israel', 'Tel Aviv', 'Windows 10', 'Computer', 'Chrome', 0, '2021-09-01 08:09:53', '2021-09-01 08:09:53'),
(106, 'JPG 9', 1, NULL, 'jpg', '0.0000', '9.0000', NULL, 1, 'add', NULL, 1, '79.181.92.13', 'Mozilla/5.0 (Windows NT 10.0; Win64; x64) AppleWebKit/537.36 (KHTML, like Gecko) Chrome/92.0.4515.131 Safari/537.36 OPR/78.0.4093.147', 'Israel', 'Tel Aviv', 'Windows 10', 'Computer', 'Chrome', 0, '2021-09-01 08:10:02', '2021-09-01 08:10:02'),
(107, 'JPG 10', 1, NULL, 'jpg', '0.0000', '10.0000', NULL, 1, 'add', NULL, 1, '79.181.92.13', 'Mozilla/5.0 (Windows NT 10.0; Win64; x64) AppleWebKit/537.36 (KHTML, like Gecko) Chrome/92.0.4515.131 Safari/537.36 OPR/78.0.4093.147', 'Israel', 'Tel Aviv', 'Windows 10', 'Computer', 'Chrome', 0, '2021-09-01 08:10:17', '2021-09-01 08:10:17'),
(168, 'HP', 47, 1, 'handpay', '0.0000', '9000.0000', NULL, 1, 'add', NULL, 1, '79.181.92.13', 'Mozilla/5.0 (Windows NT 10.0; Win64; x64) AppleWebKit/537.36 (KHTML, like Gecko) Chrome/92.0.4515.131 Safari/537.36 OPR/78.0.4093.147', 'Israel', 'Tel Aviv', 'Windows 10', 'Computer', 'Chrome', 0, '2021-09-01 20:29:48', '2021-09-01 20:29:48'),
(247, NULL, 59, NULL, 'shop', '0.0000', '500.0000', NULL, 1, 'add', NULL, 1, '102.104.224.155', 'Mozilla/5.0 (Linux; Android 10; Infinix X657C) AppleWebKit/537.36 (KHTML, like Gecko) Chrome/80.0.3987.99 Mobile Safari/537.36', 'Tunisia', '', 'Android', 'Mobile', 'Safari Browser', 7, '2021-09-02 12:14:50', '2021-09-02 12:14:50'),
(167, 'HP', 47, 1, 'handpay', '0.0000', '100.0000', NULL, 1, 'add', NULL, 1, '79.181.92.13', 'Mozilla/5.0 (Windows NT 10.0; Win64; x64) AppleWebKit/537.36 (KHTML, like Gecko) Chrome/92.0.4515.131 Safari/537.36 OPR/78.0.4093.147', 'Israel', 'Tel Aviv', 'Windows 10', 'Computer', 'Chrome', 0, '2021-09-01 20:29:39', '2021-09-01 20:29:39'),
(248, 'JPG 1', 1, NULL, 'jpg', '1.0000', '9.0000', NULL, 1, 'add', NULL, 1, '79.181.92.13', 'Mozilla/5.0 (Windows NT 10.0; Win64; x64) AppleWebKit/537.36 (KHTML, like Gecko) Chrome/92.0.4515.131 Safari/537.36 OPR/78.0.4093.147', 'Israel', 'Tel Aviv', 'Windows 10', 'Computer', 'Chrome', 8, '2021-09-02 12:17:39', '2021-09-02 12:17:39'),
(249, 'JPG 2', 1, NULL, 'jpg', '2.0000', '9.0000', NULL, 1, 'add', NULL, 1, '79.181.92.13', 'Mozilla/5.0 (Windows NT 10.0; Win64; x64) AppleWebKit/537.36 (KHTML, like Gecko) Chrome/92.0.4515.131 Safari/537.36 OPR/78.0.4093.147', 'Israel', 'Tel Aviv', 'Windows 10', 'Computer', 'Chrome', 8, '2021-09-02 12:17:49', '2021-09-02 12:17:49'),
(250, 'JPG 3', 1, NULL, 'jpg', '3.0000', '9.0000', NULL, 1, 'add', NULL, 1, '79.181.92.13', 'Mozilla/5.0 (Windows NT 10.0; Win64; x64) AppleWebKit/537.36 (KHTML, like Gecko) Chrome/92.0.4515.131 Safari/537.36 OPR/78.0.4093.147', 'Israel', 'Tel Aviv', 'Windows 10', 'Computer', 'Chrome', 8, '2021-09-02 12:18:01', '2021-09-02 12:18:01'),
(251, 'JPG 1', 1, NULL, 'jpg', '3.1700', '12.0000', NULL, 1, 'add', NULL, 1, '79.181.92.13', 'Mozilla/5.0 (Windows NT 10.0; Win64; x64) AppleWebKit/537.36 (KHTML, like Gecko) Chrome/92.0.4515.131 Safari/537.36 OPR/78.0.4093.147', 'Israel', 'Tel Aviv', 'Windows 10', 'Computer', 'Chrome', 6, '2021-09-02 12:18:41', '2021-09-02 12:18:41'),
(252, 'JPG 2', 1, NULL, 'jpg', '3.9530', '27.0000', NULL, 1, 'add', NULL, 1, '79.181.92.13', 'Mozilla/5.0 (Windows NT 10.0; Win64; x64) AppleWebKit/537.36 (KHTML, like Gecko) Chrome/92.0.4515.131 Safari/537.36 OPR/78.0.4093.147', 'Israel', 'Tel Aviv', 'Windows 10', 'Computer', 'Chrome', 6, '2021-09-02 12:18:49', '2021-09-02 12:18:49'),
(253, 'JPG 3', 1, NULL, 'jpg', '4.7360', '58.0000', NULL, 1, 'add', NULL, 1, '79.181.92.13', 'Mozilla/5.0 (Windows NT 10.0; Win64; x64) AppleWebKit/537.36 (KHTML, like Gecko) Chrome/92.0.4515.131 Safari/537.36 OPR/78.0.4093.147', 'Israel', 'Tel Aviv', 'Windows 10', 'Computer', 'Chrome', 6, '2021-09-02 12:19:01', '2021-09-02 12:19:01'),
(254, 'HP', 57, 49, 'handpay', '0.0000', '1000.0000', NULL, 1, 'add', NULL, 1, '79.181.92.13', 'Mozilla/5.0 (Windows NT 10.0; Win64; x64) AppleWebKit/537.36 (KHTML, like Gecko) Chrome/92.0.4515.131 Safari/537.36 OPR/78.0.4093.147', 'Israel', 'Tel Aviv', 'Windows 10', 'Computer', 'Chrome', 6, '2021-09-02 12:24:16', '2021-09-02 12:24:16'),
(255, 'WB 2', 57, 49, 'welcome_bonus', '0.0000', '2000.0000', NULL, 1, 'add', '20', 1, '79.181.92.13', 'Mozilla/5.0 (Windows NT 10.0; Win64; x64) AppleWebKit/537.36 (KHTML, like Gecko) Chrome/92.0.4515.131 Safari/537.36 OPR/78.0.4093.147', 'Israel', 'Tel Aviv', 'Windows 10', 'Computer', 'Chrome', 6, '2021-09-02 12:24:16', '2021-09-02 12:24:16'),
(256, 'Slots', 1, NULL, 'bank', '225.7700', '40.0000', NULL, 1, 'out', NULL, 1, '51.75.79.45', '', 'Germany', 'Limburg an der Lahn', 'Unknown OS Platform', 'Computer', 'Unknown Browser', 6, '2021-09-02 12:27:35', '2021-09-02 12:26:35'),
(234, 'Little', 1, NULL, 'bank', '0.0000', '10.0000', NULL, 1, 'add', NULL, 1, 'UNKNOWN', 'Symfony', '', '', 'Unknown OS Platform', 'Computer', 'Unknown Browser', 8, '2021-09-02 11:42:01', '2021-09-02 11:42:01'),
(235, 'Table', 1, NULL, 'bank', '0.0000', '10.0000', NULL, 1, 'add', NULL, 1, 'UNKNOWN', 'Symfony', '', '', 'Unknown OS Platform', 'Computer', 'Unknown Browser', 8, '2021-09-02 11:42:01', '2021-09-02 11:42:01'),
(236, 'Bonus', 1, NULL, 'bank', '0.0000', '10.0000', NULL, 1, 'add', NULL, 1, 'UNKNOWN', 'Symfony', '', '', 'Unknown OS Platform', 'Computer', 'Unknown Browser', 8, '2021-09-02 11:42:01', '2021-09-02 11:42:01'),
(237, 'Fish', 1, NULL, 'bank', '0.0000', '10.0000', NULL, 1, 'add', NULL, 1, 'UNKNOWN', 'Symfony', '', '', 'Unknown OS Platform', 'Computer', 'Unknown Browser', 8, '2021-09-02 11:42:01', '2021-09-02 11:42:01'),
(238, NULL, 61, NULL, 'shop', '0.0000', '200.0000', NULL, 1, 'add', NULL, 1, '102.153.19.88', 'Mozilla/5.0 (Linux; Android 11; M2101K7BG) AppleWebKit/537.36 (KHTML, like Gecko) Chrome/92.0.4515.166 Mobile Safari/537.36', 'Tunisia', '', 'Android', 'Mobile', 'Safari Browser', 8, '2021-09-02 11:42:26', '2021-09-02 11:42:26'),
(239, 'HP', 62, 60, 'handpay', '0.0000', '6.0000', NULL, 1, 'add', NULL, 1, '102.104.224.155', 'Mozilla/5.0 (Linux; Android 10; Infinix X657C) AppleWebKit/537.36 (KHTML, like Gecko) Chrome/80.0.3987.99 Mobile Safari/537.36', 'Tunisia', '', 'Android', 'Mobile', 'Safari Browser', 7, '2021-09-02 11:45:37', '2021-09-02 11:45:37'),
(240, NULL, 59, NULL, 'shop', '0.0000', '400.0000', NULL, 1, 'add', NULL, 1, '102.104.224.155', 'Mozilla/5.0 (Linux; Android 10; Infinix X657C) AppleWebKit/537.36 (KHTML, like Gecko) Chrome/80.0.3987.99 Mobile Safari/537.36', 'Tunisia', '', 'Android', 'Mobile', 'Safari Browser', 7, '2021-09-02 11:46:59', '2021-09-02 11:46:59'),
(241, 'JPG 71', 1, NULL, 'jpg', '1.0004', '10.0000', NULL, 1, 'add', NULL, 1, '51.75.79.45', '', 'Germany', 'Limburg an der Lahn', 'Unknown OS Platform', 'Computer', 'Unknown Browser', 7, '2021-09-02 11:50:12', '2021-09-02 11:50:12'),
(242, 'JPG 72', 1, NULL, 'jpg', '2.0004', '9.0000', NULL, 1, 'add', NULL, 1, '51.75.79.45', '', 'Germany', 'Limburg an der Lahn', 'Unknown OS Platform', 'Computer', 'Unknown Browser', 7, '2021-09-02 11:50:12', '2021-09-02 11:50:12'),
(243, 'JPG 73', 1, NULL, 'jpg', '3.0004', '7.0000', NULL, 1, 'add', NULL, 1, '51.75.79.45', '', 'Germany', 'Limburg an der Lahn', 'Unknown OS Platform', 'Computer', 'Unknown Browser', 7, '2021-09-02 11:50:12', '2021-09-02 11:50:12'),
(244, 'HP', 65, 60, 'handpay', '0.0000', '5.0000', NULL, 1, 'add', NULL, 1, '197.16.168.10', 'Mozilla/5.0 (Linux; Android 10; Infinix X657C) AppleWebKit/537.36 (KHTML, like Gecko) Chrome/80.0.3987.99 Mobile Safari/537.36', 'Tunisia', '', 'Android', 'Mobile', 'Safari Browser', 7, '2021-09-02 12:00:51', '2021-09-02 12:00:51'),
(245, 'JPG 1', 1, NULL, 'jpg', '11.0220', '1.0000', NULL, 1, 'out', NULL, 1, '79.181.92.13', 'Mozilla/5.0 (Windows NT 10.0; Win64; x64) AppleWebKit/537.36 (KHTML, like Gecko) Chrome/92.0.4515.131 Safari/537.36 OPR/78.0.4093.147', 'Israel', 'Tel Aviv', 'Windows 10', 'Computer', 'Chrome', 7, '2021-09-02 12:08:44', '2021-09-02 12:08:44'),
(246, 'JPG 3', 1, NULL, 'jpg', '10.0220', '2.0000', NULL, 1, 'add', NULL, 1, '79.181.92.13', 'Mozilla/5.0 (Windows NT 10.0; Win64; x64) AppleWebKit/537.36 (KHTML, like Gecko) Chrome/92.0.4515.131 Safari/537.36 OPR/78.0.4093.147', 'Israel', 'Tel Aviv', 'Windows 10', 'Computer', 'Chrome', 7, '2021-09-02 12:09:00', '2021-09-02 12:09:00'),
(266, 'JPG 1', 1, NULL, 'jpg', '0.0000', '1.0000', NULL, 1, 'add', NULL, 1, 'UNKNOWN', 'Symfony', '', '', 'Unknown OS Platform', 'Computer', 'Unknown Browser', 9, '2021-09-02 16:49:01', '2021-09-02 16:49:01'),
(267, 'JPG 2', 1, NULL, 'jpg', '0.0000', '2.0000', NULL, 1, 'add', NULL, 1, 'UNKNOWN', 'Symfony', '', '', 'Unknown OS Platform', 'Computer', 'Unknown Browser', 9, '2021-09-02 16:49:01', '2021-09-02 16:49:01'),
(268, 'JPG 3', 1, NULL, 'jpg', '0.0000', '3.0000', NULL, 1, 'add', NULL, 1, 'UNKNOWN', 'Symfony', '', '', 'Unknown OS Platform', 'Computer', 'Unknown Browser', 9, '2021-09-02 16:49:01', '2021-09-02 16:49:01'),
(269, 'JPG 4', 1, NULL, 'jpg', '0.0000', '4.0000', NULL, 1, 'add', NULL, 1, 'UNKNOWN', 'Symfony', '', '', 'Unknown OS Platform', 'Computer', 'Unknown Browser', 9, '2021-09-02 16:49:01', '2021-09-02 16:49:01'),
(270, 'JPG 5', 1, NULL, 'jpg', '0.0000', '5.0000', NULL, 1, 'add', NULL, 1, 'UNKNOWN', 'Symfony', '', '', 'Unknown OS Platform', 'Computer', 'Unknown Browser', 9, '2021-09-02 16:49:01', '2021-09-02 16:49:01'),
(271, 'JPG 6', 1, NULL, 'jpg', '0.0000', '6.0000', NULL, 1, 'add', NULL, 1, 'UNKNOWN', 'Symfony', '', '', 'Unknown OS Platform', 'Computer', 'Unknown Browser', 9, '2021-09-02 16:49:01', '2021-09-02 16:49:01'),
(272, 'JPG 7', 1, NULL, 'jpg', '0.0000', '7.0000', NULL, 1, 'add', NULL, 1, 'UNKNOWN', 'Symfony', '', '', 'Unknown OS Platform', 'Computer', 'Unknown Browser', 9, '2021-09-02 16:49:01', '2021-09-02 16:49:01'),
(273, 'JPG 8', 1, NULL, 'jpg', '0.0000', '8.0000', NULL, 1, 'add', NULL, 1, 'UNKNOWN', 'Symfony', '', '', 'Unknown OS Platform', 'Computer', 'Unknown Browser', 9, '2021-09-02 16:49:01', '2021-09-02 16:49:01'),
(274, 'JPG 9', 1, NULL, 'jpg', '0.0000', '9.0000', NULL, 1, 'add', NULL, 1, 'UNKNOWN', 'Symfony', '', '', 'Unknown OS Platform', 'Computer', 'Unknown Browser', 9, '2021-09-02 16:49:01', '2021-09-02 16:49:01'),
(275, 'JPG 10', 1, NULL, 'jpg', '0.0000', '10.0000', NULL, 1, 'add', NULL, 1, 'UNKNOWN', 'Symfony', '', '', 'Unknown OS Platform', 'Computer', 'Unknown Browser', 9, '2021-09-02 16:49:01', '2021-09-02 16:49:01'),
(276, 'Slots', 1, NULL, 'bank', '0.0000', '10.0000', NULL, 1, 'add', NULL, 1, 'UNKNOWN', 'Symfony', '', '', 'Unknown OS Platform', 'Computer', 'Unknown Browser', 9, '2021-09-02 16:49:01', '2021-09-02 16:49:01'),
(277, 'Little', 1, NULL, 'bank', '0.0000', '10.0000', NULL, 1, 'add', NULL, 1, 'UNKNOWN', 'Symfony', '', '', 'Unknown OS Platform', 'Computer', 'Unknown Browser', 9, '2021-09-02 16:49:01', '2021-09-02 16:49:01'),
(278, 'Table', 1, NULL, 'bank', '0.0000', '10.0000', NULL, 1, 'add', NULL, 1, 'UNKNOWN', 'Symfony', '', '', 'Unknown OS Platform', 'Computer', 'Unknown Browser', 9, '2021-09-02 16:49:01', '2021-09-02 16:49:01'),
(279, 'Bonus', 1, NULL, 'bank', '0.0000', '10.0000', NULL, 1, 'add', NULL, 1, 'UNKNOWN', 'Symfony', '', '', 'Unknown OS Platform', 'Computer', 'Unknown Browser', 9, '2021-09-02 16:49:01', '2021-09-02 16:49:01'),
(280, 'Fish', 1, NULL, 'bank', '0.0000', '10.0000', NULL, 1, 'add', NULL, 1, 'UNKNOWN', 'Symfony', '', '', 'Unknown OS Platform', 'Computer', 'Unknown Browser', 9, '2021-09-02 16:49:01', '2021-09-02 16:49:01'),
(281, 'HP', 71, 1, 'handpay', '0.0000', '100.0000', NULL, 1, 'add', NULL, 1, '79.181.92.13', 'Mozilla/5.0 (Windows NT 10.0; Win64; x64) AppleWebKit/537.36 (KHTML, like Gecko) Chrome/92.0.4515.131 Safari/537.36 OPR/78.0.4093.147', 'Israel', 'Tel Aviv', 'Windows 10', 'Computer', 'Chrome', 0, '2021-09-02 18:10:21', '2021-09-02 18:10:21'),
(282, 'HP', 71, 1, 'handpay', '0.0000', '100.0000', NULL, 1, 'out', NULL, 1, '79.181.92.13', 'Mozilla/5.0 (Windows NT 10.0; Win64; x64) AppleWebKit/537.36 (KHTML, like Gecko) Chrome/92.0.4515.131 Safari/537.36 OPR/78.0.4093.147', 'Israel', 'Tel Aviv', 'Windows 10', 'Computer', 'Chrome', 0, '2021-09-02 18:10:32', '2021-09-02 18:10:32'),
(283, '', 68, 67, 'user', '0.0000', '500.0000', NULL, 1, 'add', NULL, 1, '197.10.125.81', 'Mozilla/5.0 (Linux; Android 11; CPH2043) AppleWebKit/537.36 (KHTML, like Gecko) Chrome/93.0.4577.62 Mobile Safari/537.36', 'Tunisia', 'Bizerte', 'Android', 'Mobile', 'Safari Browser', 0, '2021-09-02 18:16:48', '2021-09-02 18:16:48'),
(284, NULL, 68, NULL, 'shop', '0.0000', '500.0000', NULL, 1, 'add', NULL, 1, '197.10.125.81', 'Mozilla/5.0 (Linux; Android 11; CPH2043) AppleWebKit/537.36 (KHTML, like Gecko) Chrome/93.0.4577.62 Mobile Safari/537.36', 'Tunisia', 'Bizerte', 'Android', 'Mobile', 'Safari Browser', 9, '2021-09-02 18:18:02', '2021-09-02 18:18:02'),
(285, 'HP', 70, 69, 'handpay', '0.0000', '10.0000', NULL, 1, 'add', NULL, 1, '197.10.125.81', 'Mozilla/5.0 (Linux; Android 11; CPH2043) AppleWebKit/537.36 (KHTML, like Gecko) Chrome/93.0.4577.62 Mobile Safari/537.36', 'Tunisia', 'Bizerte', 'Android', 'Mobile', 'Safari Browser', 9, '2021-09-02 18:18:55', '2021-09-02 18:18:55'),
(286, 'PB', 50, 49, 'progress', '0.0000', '10.0000', NULL, 1, 'add', '121', 1, '51.75.79.45', '', 'Germany', 'Limburg an der Lahn', 'Unknown OS Platform', 'Computer', 'Unknown Browser', 6, '2021-09-02 18:40:54', '2021-09-02 18:40:54'),
(287, 'Slots', 1, NULL, 'bank', '0.0000', '10.0000', NULL, 1, 'out', NULL, 1, 'UNKNOWN', 'Symfony', '', '', 'Unknown OS Platform', 'Computer', 'Unknown Browser', 6, '2021-09-02 19:00:03', '2021-09-02 19:00:03'),
(288, 'HP', 74, 1, 'handpay', '0.0000', '4000.0000', NULL, 1, 'add', NULL, 1, '79.181.92.13', 'Mozilla/5.0 (Windows NT 10.0; Win64; x64) AppleWebKit/537.36 (KHTML, like Gecko) Chrome/92.0.4515.131 Safari/537.36 OPR/78.0.4093.147', 'Israel', 'Tel Aviv', 'Windows 10', 'Computer', 'Chrome', 0, '2021-09-02 19:03:59', '2021-09-02 19:03:59'),
(289, 'Slots', 1, NULL, 'bank', '0.0000', '10.0000', NULL, 1, 'out', NULL, 1, 'UNKNOWN', 'Symfony', '', '', 'Unknown OS Platform', 'Computer', 'Unknown Browser', 6, '2021-09-02 22:00:03', '2021-09-02 22:00:03'),
(0, 'Slots', 1, NULL, 'bank', '20000.9000', '19820.0000', NULL, 1, 'out', NULL, 1, '127.0.0.1', '', 'Unknown', 'Unknown', 'Unknown OS Platform', 'Computer', 'Unknown Browser', 6, '2021-09-17 05:35:33', '2021-09-17 05:34:33');

-- --------------------------------------------------------

--
-- Estructura de tabla para la tabla `w_statistics_add`
--

CREATE TABLE `w_statistics_add` (
  `id` int(55) NOT NULL,
  `agent_in` decimal(20,4) DEFAULT NULL,
  `agent_out` decimal(20,4) DEFAULT NULL,
  `distributor_in` decimal(20,4) DEFAULT NULL,
  `distributor_out` decimal(20,4) DEFAULT NULL,
  `type_in` decimal(20,4) DEFAULT NULL,
  `type_out` decimal(20,4) DEFAULT NULL,
  `credit_in` decimal(20,4) DEFAULT NULL,
  `credit_out` decimal(20,4) DEFAULT NULL,
  `money_in` decimal(20,4) DEFAULT NULL,
  `money_out` decimal(20,4) DEFAULT NULL,
  `statistic_id` int(55) NOT NULL,
  `user_id` int(55) NOT NULL,
  `shop_id` int(55) NOT NULL
) ENGINE=MyISAM DEFAULT CHARSET=utf8mb4 COLLATE=utf8mb4_unicode_ci ROW_FORMAT=DYNAMIC;

--
-- Volcado de datos para la tabla `w_statistics_add`
--

INSERT INTO `w_statistics_add` (`id`, `agent_in`, `agent_out`, `distributor_in`, `distributor_out`, `type_in`, `type_out`, `credit_in`, `credit_out`, `money_in`, `money_out`, `statistic_id`, `user_id`, `shop_id`) VALUES
(238, NULL, NULL, NULL, '200.0000', NULL, NULL, '200.0000', NULL, NULL, NULL, 238, 61, 8),
(237, NULL, NULL, NULL, NULL, '10.0000', NULL, NULL, NULL, NULL, NULL, 237, 1, 8),
(236, NULL, NULL, NULL, NULL, '10.0000', NULL, NULL, NULL, NULL, NULL, 236, 1, 8),
(235, NULL, NULL, NULL, NULL, '10.0000', NULL, NULL, NULL, NULL, NULL, 235, 1, 8),
(234, NULL, NULL, NULL, NULL, '10.0000', NULL, NULL, NULL, NULL, NULL, 234, 1, 8),
(252, NULL, NULL, NULL, NULL, '27.0000', NULL, NULL, NULL, NULL, NULL, 252, 1, 6),
(233, NULL, NULL, NULL, NULL, '10.0000', NULL, NULL, NULL, NULL, NULL, 233, 1, 8),
(232, NULL, NULL, NULL, NULL, '10.0000', NULL, NULL, NULL, NULL, NULL, 232, 1, 8),
(231, NULL, NULL, NULL, NULL, '9.0000', NULL, NULL, NULL, NULL, NULL, 231, 1, 8),
(230, NULL, NULL, NULL, NULL, '8.0000', NULL, NULL, NULL, NULL, NULL, 230, 1, 8),
(229, NULL, NULL, NULL, NULL, '7.0000', NULL, NULL, NULL, NULL, NULL, 229, 1, 8),
(228, NULL, NULL, NULL, NULL, '6.0000', NULL, NULL, NULL, NULL, NULL, 228, 1, 8),
(227, NULL, NULL, NULL, NULL, '5.0000', NULL, NULL, NULL, NULL, NULL, 227, 1, 8),
(226, NULL, NULL, NULL, NULL, '4.0000', NULL, NULL, NULL, NULL, NULL, 226, 1, 8),
(225, NULL, NULL, NULL, NULL, '3.0000', NULL, NULL, NULL, NULL, NULL, 225, 1, 8),
(224, NULL, NULL, NULL, NULL, '2.0000', NULL, NULL, NULL, NULL, NULL, 224, 1, 8),
(223, NULL, NULL, NULL, NULL, '1.0000', NULL, NULL, NULL, NULL, NULL, 223, 1, 8),
(222, NULL, '1000.0000', '1000.0000', NULL, NULL, NULL, NULL, NULL, NULL, NULL, 222, 61, 0),
(221, NULL, NULL, NULL, '100.0000', NULL, NULL, '100.0000', NULL, NULL, NULL, 221, 59, 7),
(220, NULL, NULL, NULL, NULL, '10.0000', NULL, NULL, NULL, NULL, NULL, 220, 1, 7),
(219, NULL, NULL, NULL, NULL, '10.0000', NULL, NULL, NULL, NULL, NULL, 219, 1, 7),
(218, NULL, NULL, NULL, NULL, '10.0000', NULL, NULL, NULL, NULL, NULL, 218, 1, 7),
(217, NULL, NULL, NULL, NULL, '10.0000', NULL, NULL, NULL, NULL, NULL, 217, 1, 7),
(216, NULL, NULL, NULL, NULL, '10.0000', NULL, NULL, NULL, NULL, NULL, 216, 1, 7),
(215, NULL, NULL, NULL, NULL, '10.0000', NULL, NULL, NULL, NULL, NULL, 215, 1, 7),
(214, NULL, NULL, NULL, NULL, '9.0000', NULL, NULL, NULL, NULL, NULL, 214, 1, 7),
(213, NULL, NULL, NULL, NULL, '8.0000', NULL, NULL, NULL, NULL, NULL, 213, 1, 7),
(212, NULL, NULL, NULL, NULL, '7.0000', NULL, NULL, NULL, NULL, NULL, 212, 1, 7),
(211, NULL, NULL, NULL, NULL, '6.0000', NULL, NULL, NULL, NULL, NULL, 211, 1, 7),
(210, NULL, NULL, NULL, NULL, '5.0000', NULL, NULL, NULL, NULL, NULL, 210, 1, 7),
(209, NULL, NULL, NULL, NULL, '4.0000', NULL, NULL, NULL, NULL, NULL, 209, 1, 7),
(208, NULL, NULL, NULL, NULL, '3.0000', NULL, NULL, NULL, NULL, NULL, 208, 1, 7),
(207, NULL, NULL, NULL, NULL, '2.0000', NULL, NULL, NULL, NULL, NULL, 207, 1, 7),
(200, NULL, NULL, NULL, NULL, NULL, NULL, NULL, NULL, '10.0000', NULL, 200, 57, 6),
(201, NULL, NULL, NULL, NULL, NULL, '10.0000', NULL, NULL, NULL, NULL, 201, 1, 6),
(202, NULL, NULL, NULL, NULL, NULL, NULL, NULL, NULL, '10.0000', NULL, 202, 53, 6),
(203, '4000.0000', NULL, NULL, NULL, NULL, NULL, NULL, NULL, NULL, NULL, 203, 58, 0),
(204, NULL, '3000.0000', '3000.0000', NULL, NULL, NULL, NULL, NULL, NULL, NULL, 204, 59, 0),
(205, '500.0000', NULL, NULL, '500.0000', NULL, NULL, NULL, NULL, NULL, NULL, 205, 59, 0),
(206, NULL, NULL, NULL, NULL, '1.0000', NULL, NULL, NULL, NULL, NULL, 206, 1, 7),
(243, NULL, NULL, NULL, NULL, '7.0000', NULL, NULL, NULL, NULL, NULL, 243, 1, 7),
(250, NULL, NULL, NULL, NULL, '9.0000', NULL, NULL, NULL, NULL, NULL, 250, 1, 8),
(251, NULL, NULL, NULL, NULL, '12.0000', NULL, NULL, NULL, NULL, NULL, 251, 1, 6),
(242, NULL, NULL, NULL, NULL, '9.0000', NULL, NULL, NULL, NULL, NULL, 242, 1, 7),
(241, NULL, NULL, NULL, NULL, '10.0000', NULL, NULL, NULL, NULL, NULL, 241, 1, 7),
(240, NULL, NULL, NULL, '400.0000', NULL, NULL, '400.0000', NULL, NULL, NULL, 240, 59, 7),
(239, NULL, NULL, NULL, NULL, NULL, NULL, NULL, '6.0000', '6.0000', NULL, 239, 62, 7),
(199, NULL, NULL, NULL, NULL, NULL, NULL, NULL, NULL, '10.0000', NULL, 199, 57, 6),
(198, NULL, NULL, NULL, NULL, NULL, NULL, NULL, '100.0000', '100.0000', NULL, 198, 57, 6),
(197, NULL, NULL, NULL, NULL, NULL, NULL, NULL, NULL, '10.0000', NULL, 197, 52, 6),
(248, NULL, NULL, NULL, NULL, '9.0000', NULL, NULL, NULL, NULL, NULL, 248, 1, 8),
(249, NULL, NULL, NULL, NULL, '9.0000', NULL, NULL, NULL, NULL, NULL, 249, 1, 8),
(195, NULL, NULL, NULL, NULL, NULL, NULL, NULL, NULL, '10.0000', NULL, 195, 56, 6),
(196, NULL, NULL, NULL, NULL, NULL, NULL, NULL, '100.0000', '100.0000', NULL, 196, 52, 6),
(194, NULL, NULL, NULL, NULL, NULL, NULL, NULL, '100.0000', '100.0000', NULL, 194, 56, 6),
(193, NULL, NULL, NULL, NULL, NULL, NULL, NULL, NULL, '10.0000', NULL, 193, 54, 6),
(192, NULL, NULL, NULL, NULL, NULL, NULL, NULL, '100.0000', '100.0000', NULL, 192, 54, 6),
(191, NULL, NULL, NULL, NULL, NULL, NULL, NULL, NULL, '10.0000', NULL, 191, 55, 6),
(190, NULL, NULL, NULL, NULL, NULL, NULL, NULL, '100.0000', '100.0000', NULL, 190, 55, 6),
(189, NULL, NULL, NULL, NULL, NULL, NULL, NULL, NULL, '10.0000', NULL, 189, 53, 6),
(188, NULL, NULL, NULL, NULL, NULL, NULL, NULL, '100.0000', '100.0000', NULL, 188, 53, 6),
(187, NULL, NULL, NULL, NULL, NULL, NULL, NULL, '50.0000', '50.0000', NULL, 187, 50, 6),
(186, NULL, NULL, NULL, NULL, NULL, NULL, NULL, '50.0000', '50.0000', NULL, 186, 50, 6),
(185, NULL, NULL, NULL, NULL, '10.0000', NULL, NULL, NULL, NULL, NULL, 185, 1, 6),
(184, NULL, NULL, NULL, NULL, '10.0000', NULL, NULL, NULL, NULL, NULL, 184, 1, 6),
(183, NULL, NULL, NULL, NULL, '10.0000', NULL, NULL, NULL, NULL, NULL, 183, 1, 6),
(98, NULL, NULL, NULL, NULL, '1.0000', NULL, NULL, NULL, NULL, NULL, 98, 1, 0),
(99, NULL, NULL, NULL, NULL, '2.0000', NULL, NULL, NULL, NULL, NULL, 99, 1, 0),
(100, NULL, NULL, NULL, NULL, '3.0000', NULL, NULL, NULL, NULL, NULL, 100, 1, 0),
(101, NULL, NULL, NULL, NULL, '4.0000', NULL, NULL, NULL, NULL, NULL, 101, 1, 0),
(102, NULL, NULL, NULL, NULL, '5.0000', NULL, NULL, NULL, NULL, NULL, 102, 1, 0),
(103, NULL, NULL, NULL, NULL, '6.0000', NULL, NULL, NULL, NULL, NULL, 103, 1, 0),
(104, NULL, NULL, NULL, NULL, '7.0000', NULL, NULL, NULL, NULL, NULL, 104, 1, 0),
(105, NULL, NULL, NULL, NULL, '8.0000', NULL, NULL, NULL, NULL, NULL, 105, 1, 0),
(106, NULL, NULL, NULL, NULL, '9.0000', NULL, NULL, NULL, NULL, NULL, 106, 1, 0),
(107, NULL, NULL, NULL, NULL, '10.0000', NULL, NULL, NULL, NULL, NULL, 107, 1, 0),
(182, NULL, NULL, NULL, NULL, '10.0000', NULL, NULL, NULL, NULL, NULL, 182, 1, 6),
(181, NULL, NULL, NULL, NULL, '10.0000', NULL, NULL, NULL, NULL, NULL, 181, 1, 6),
(173, NULL, NULL, NULL, NULL, '3.0000', NULL, NULL, NULL, NULL, NULL, 173, 1, 6),
(174, NULL, NULL, NULL, NULL, '4.0000', NULL, NULL, NULL, NULL, NULL, 174, 1, 6),
(175, NULL, NULL, NULL, NULL, '5.0000', NULL, NULL, NULL, NULL, NULL, 175, 1, 6),
(176, NULL, NULL, NULL, NULL, '6.0000', NULL, NULL, NULL, NULL, NULL, 176, 1, 6),
(177, NULL, NULL, NULL, NULL, '7.0000', NULL, NULL, NULL, NULL, NULL, 177, 1, 6),
(178, NULL, NULL, NULL, NULL, '8.0000', NULL, NULL, NULL, NULL, NULL, 178, 1, 6),
(179, NULL, NULL, NULL, NULL, '9.0000', NULL, NULL, NULL, NULL, NULL, 179, 1, 6),
(180, NULL, NULL, NULL, NULL, '10.0000', NULL, NULL, NULL, NULL, NULL, 180, 1, 6),
(269, NULL, NULL, NULL, NULL, '4.0000', NULL, NULL, NULL, NULL, NULL, 269, 1, 9),
(268, NULL, NULL, NULL, NULL, '3.0000', NULL, NULL, NULL, NULL, NULL, 268, 1, 9),
(247, NULL, NULL, NULL, '500.0000', NULL, NULL, '500.0000', NULL, NULL, NULL, 247, 59, 7),
(167, '100.0000', NULL, NULL, NULL, NULL, NULL, NULL, NULL, NULL, NULL, 167, 47, 0),
(168, '9000.0000', NULL, NULL, NULL, NULL, NULL, NULL, NULL, NULL, NULL, 168, 47, 0),
(169, NULL, '5000.0000', '5000.0000', NULL, NULL, NULL, NULL, NULL, NULL, NULL, 169, 48, 0),
(170, NULL, NULL, NULL, '2500.0000', NULL, NULL, '2500.0000', NULL, NULL, NULL, 170, 48, 6),
(171, NULL, NULL, NULL, NULL, '1.0000', NULL, NULL, NULL, NULL, NULL, 171, 1, 6),
(172, NULL, NULL, NULL, NULL, '2.0000', NULL, NULL, NULL, NULL, NULL, 172, 1, 6),
(275, NULL, NULL, NULL, NULL, '10.0000', NULL, NULL, NULL, NULL, NULL, 275, 1, 9),
(274, NULL, NULL, NULL, NULL, '9.0000', NULL, NULL, NULL, NULL, NULL, 274, 1, 9),
(273, NULL, NULL, NULL, NULL, '8.0000', NULL, NULL, NULL, NULL, NULL, 273, 1, 9),
(272, NULL, NULL, NULL, NULL, '7.0000', NULL, NULL, NULL, NULL, NULL, 272, 1, 9),
(271, NULL, NULL, NULL, NULL, '6.0000', NULL, NULL, NULL, NULL, NULL, 271, 1, 9),
(270, NULL, NULL, NULL, NULL, '5.0000', NULL, NULL, NULL, NULL, NULL, 270, 1, 9),
(246, NULL, NULL, NULL, NULL, '2.0000', NULL, NULL, NULL, NULL, NULL, 246, 1, 7),
(245, NULL, NULL, NULL, NULL, NULL, '1.0000', NULL, NULL, NULL, NULL, 245, 1, 7),
(244, NULL, NULL, NULL, NULL, NULL, NULL, NULL, '5.0000', '5.0000', NULL, 244, 65, 7),
(267, NULL, NULL, NULL, NULL, '2.0000', NULL, NULL, NULL, NULL, NULL, 267, 1, 9),
(266, NULL, NULL, NULL, NULL, '1.0000', NULL, NULL, NULL, NULL, NULL, 266, 1, 9),
(265, '9980.0000', NULL, NULL, NULL, NULL, NULL, NULL, NULL, NULL, NULL, 265, 67, 0),
(264, '20.0000', NULL, NULL, NULL, NULL, NULL, NULL, NULL, NULL, NULL, 264, 67, 0),
(263, NULL, NULL, NULL, NULL, NULL, '10.0000', NULL, NULL, NULL, NULL, 263, 1, 6),
(260, NULL, NULL, NULL, NULL, NULL, NULL, NULL, '5.0000', '5.0000', NULL, 260, 65, 7),
(262, NULL, NULL, NULL, NULL, NULL, '10.0000', NULL, NULL, NULL, NULL, 262, 1, 6),
(258, NULL, NULL, NULL, NULL, NULL, '10.0000', NULL, NULL, NULL, NULL, 258, 1, 6),
(257, NULL, NULL, NULL, NULL, NULL, '50.0000', NULL, NULL, NULL, NULL, 257, 1, 6),
(256, NULL, NULL, NULL, NULL, NULL, '40.0000', NULL, NULL, NULL, NULL, 256, 1, 6),
(255, NULL, NULL, NULL, NULL, NULL, NULL, NULL, NULL, '2000.0000', NULL, 255, 57, 6),
(254, NULL, NULL, NULL, NULL, NULL, NULL, NULL, '1000.0000', '1000.0000', NULL, 254, 57, 6),
(253, NULL, NULL, NULL, NULL, '58.0000', NULL, NULL, NULL, NULL, NULL, 253, 1, 6),
(276, NULL, NULL, NULL, NULL, '10.0000', NULL, NULL, NULL, NULL, NULL, 276, 1, 9),
(277, NULL, NULL, NULL, NULL, '10.0000', NULL, NULL, NULL, NULL, NULL, 277, 1, 9),
(278, NULL, NULL, NULL, NULL, '10.0000', NULL, NULL, NULL, NULL, NULL, 278, 1, 9),
(279, NULL, NULL, NULL, NULL, '10.0000', NULL, NULL, NULL, NULL, NULL, 279, 1, 9),
(280, NULL, NULL, NULL, NULL, '10.0000', NULL, NULL, NULL, NULL, NULL, 280, 1, 9),
(281, '100.0000', NULL, NULL, NULL, NULL, NULL, NULL, NULL, NULL, NULL, 281, 71, 0),
(282, NULL, '100.0000', NULL, NULL, NULL, NULL, NULL, NULL, NULL, NULL, 282, 71, 0),
(283, NULL, '500.0000', '500.0000', NULL, NULL, NULL, NULL, NULL, NULL, NULL, 283, 68, 0),
(284, NULL, NULL, NULL, '500.0000', NULL, NULL, '500.0000', NULL, NULL, NULL, 284, 68, 9),
(285, NULL, NULL, NULL, NULL, NULL, NULL, NULL, '10.0000', '10.0000', NULL, 285, 70, 9),
(286, NULL, NULL, NULL, NULL, NULL, NULL, NULL, NULL, '10.0000', NULL, 286, 50, 6),
(287, NULL, NULL, NULL, NULL, NULL, '10.0000', NULL, NULL, NULL, NULL, 287, 1, 6),
(288, '4000.0000', NULL, NULL, NULL, NULL, NULL, NULL, NULL, NULL, NULL, 288, 74, 0),
(289, NULL, NULL, NULL, NULL, NULL, '10.0000', NULL, NULL, NULL, NULL, 289, 1, 6),
(0, NULL, NULL, NULL, NULL, NULL, '19820.0000', NULL, NULL, NULL, NULL, 0, 1, 6);

-- --------------------------------------------------------

--
-- Estructura de tabla para la tabla `w_stat_game`
--

CREATE TABLE `w_stat_game` (
  `id` int(11) NOT NULL,
  `date_time` timestamp NOT NULL DEFAULT CURRENT_TIMESTAMP,
  `user_id` int(11) NOT NULL,
  `balance` decimal(16,2) NOT NULL DEFAULT '0.00',
  `bet` decimal(20,4) NOT NULL DEFAULT '0.0000',
  `win` decimal(20,4) NOT NULL DEFAULT '0.0000',
  `game` varchar(50) COLLATE utf8mb4_unicode_ci NOT NULL DEFAULT '',
  `in_game` decimal(20,4) NOT NULL DEFAULT '0.0000',
  `in_jpg` decimal(20,4) NOT NULL DEFAULT '0.0000',
  `in_profit` decimal(20,4) NOT NULL DEFAULT '0.0000',
  `denomination` decimal(20,4) NOT NULL DEFAULT '0.0000',
  `slots_bank` decimal(20,4) DEFAULT '0.0000',
  `bonus_bank` decimal(20,4) DEFAULT '0.0000',
  `fish_bank` decimal(20,4) DEFAULT '0.0000',
  `table_bank` decimal(20,4) DEFAULT '0.0000',
  `little_bank` decimal(20,4) DEFAULT '0.0000',
  `total_bank` decimal(20,4) DEFAULT '0.0000',
  `shop_id` int(55) NOT NULL DEFAULT '0'
) ENGINE=MyISAM DEFAULT CHARSET=utf8mb4 COLLATE=utf8mb4_unicode_ci ROW_FORMAT=DYNAMIC;

--
-- Volcado de datos para la tabla `w_stat_game`
--

INSERT INTO `w_stat_game` (`id`, `date_time`, `user_id`, `balance`, `bet`, `win`, `game`, `in_game`, `in_jpg`, `in_profit`, `denomination`, `slots_bank`, `bonus_bank`, `fish_bank`, `table_bank`, `little_bank`, `total_bank`, `shop_id`) VALUES
(5822, '2021-09-02 21:22:48', 56, '104.30', '1.0000', '0.0000', 'GreatRhinoPMM', '0.9000', '0.0550', '0.0450', '1.0000', '29.8120', '11.9140', '10.0000', '10.0000', '10.0000', '71.7260', 6),
(5821, '2021-09-02 21:22:45', 56, '105.30', '1.0000', '0.0000', 'GreatRhinoPMM', '0.9000', '0.0550', '0.0450', '1.0000', '29.0120', '11.8140', '10.0000', '10.0000', '10.0000', '70.8260', 6),
(5820, '2021-09-02 21:22:41', 56, '106.30', '1.0000', '10.2500', 'GreatRhinoPMM', '0.9000', '0.0550', '0.0450', '1.0000', '28.2120', '11.7140', '10.0000', '10.0000', '10.0000', '69.9260', 6),
(5819, '2021-09-02 21:22:37', 56, '97.05', '1.0000', '4.7500', 'GreatRhinoPMM', '0.9000', '0.0550', '0.0450', '1.0000', '37.6620', '11.6140', '10.0000', '10.0000', '10.0000', '79.2760', 6),
(5818, '2021-09-02 21:22:33', 56, '93.30', '1.0000', '0.0000', 'GreatRhinoPMM', '0.9000', '0.0550', '0.0450', '1.0000', '41.6120', '11.5140', '10.0000', '10.0000', '10.0000', '83.1260', 6),
(5817, '2021-09-02 21:22:30', 56, '94.30', '1.0000', '0.0000', 'GreatRhinoPMM', '0.9000', '0.0550', '0.0450', '1.0000', '40.8120', '11.4140', '10.0000', '10.0000', '10.0000', '82.2260', 6),
(5816, '2021-09-02 21:22:27', 56, '95.30', '1.0000', '0.0000', 'GreatRhinoPMM', '0.9000', '0.0550', '0.0450', '1.0000', '40.0120', '11.3140', '10.0000', '10.0000', '10.0000', '81.3260', 6),
(5815, '2021-09-02 21:22:23', 56, '96.30', '1.0000', '0.0000', 'GreatRhinoPMM', '0.9000', '0.0550', '0.0450', '1.0000', '39.2120', '11.2140', '10.0000', '10.0000', '10.0000', '80.4260', 6),
(5814, '2021-09-02 21:22:19', 56, '97.30', '1.0000', '0.7500', 'GreatRhinoPMM', '0.9000', '0.0550', '0.0450', '1.0000', '39.2120', '10.3140', '10.0000', '10.0000', '10.0000', '79.5260', 6),
(5813, '2021-09-02 21:21:40', 56, '97.55', '1.0000', '0.0000', 'MagicForestAM', '0.9000', '0.0550', '0.0450', '1.0000', '39.1620', '10.2140', '10.0000', '10.0000', '10.0000', '79.3760', 6),
(5812, '2021-09-02 21:21:36', 56, '98.55', '1.0000', '0.3000', 'MagicForestAM', '0.9000', '0.0550', '0.0450', '1.0000', '38.3620', '10.1140', '10.0000', '10.0000', '10.0000', '78.4760', 6),
(5811, '2021-09-02 21:21:33', 56, '99.25', '1.0000', '0.0000', 'MagicForestAM', '0.9000', '0.0550', '0.0450', '1.0000', '37.8620', '10.0140', '10.0000', '10.0000', '10.0000', '77.8760', 6),
(5810, '2021-09-02 21:21:31', 56, '100.25', '1.0000', '0.0000', 'MagicForestAM', '0.9000', '0.0550', '0.0450', '1.0000', '37.0620', '9.9140', '10.0000', '10.0000', '10.0000', '76.9760', 6),
(5809, '2021-09-02 21:21:28', 56, '101.25', '1.0000', '0.0000', 'MagicForestAM', '0.9000', '0.0550', '0.0450', '1.0000', '36.2620', '9.8140', '10.0000', '10.0000', '10.0000', '76.0760', 6),
(5808, '2021-09-02 21:21:23', 56, '102.25', '1.0000', '4.7500', 'MagicForestAM', '0.9000', '0.0550', '0.0450', '1.0000', '35.4620', '9.7140', '10.0000', '10.0000', '10.0000', '75.1760', 6),
(5807, '2021-09-02 21:21:19', 56, '98.50', '1.0000', '0.2500', 'MagicForestAM', '0.9000', '0.0550', '0.0450', '1.0000', '39.4120', '9.6140', '10.0000', '10.0000', '10.0000', '79.0260', 6),
(5806, '2021-09-02 21:21:15', 56, '99.25', '1.0000', '0.5000', 'MagicForestAM', '0.9000', '0.0550', '0.0450', '1.0000', '38.8620', '9.5140', '10.0000', '10.0000', '10.0000', '78.3760', 6),
(5805, '2021-09-02 21:21:12', 56, '99.75', '1.0000', '0.0000', 'MagicForestAM', '0.9000', '0.0550', '0.0450', '1.0000', '38.5620', '9.4140', '10.0000', '10.0000', '10.0000', '77.9760', 6),
(5804, '2021-09-02 21:21:10', 56, '100.75', '1.0000', '0.0000', 'MagicForestAM', '0.9000', '0.0550', '0.0450', '1.0000', '37.7620', '9.3140', '10.0000', '10.0000', '10.0000', '77.0760', 6),
(5803, '2021-09-02 21:21:07', 56, '101.75', '1.0000', '0.0000', 'MagicForestAM', '0.9000', '0.0550', '0.0450', '1.0000', '36.9620', '9.2140', '10.0000', '10.0000', '10.0000', '76.1760', 6),
(5802, '2021-09-02 21:21:04', 56, '102.75', '1.0000', '0.0000', 'MagicForestAM', '0.9000', '0.0550', '0.0450', '1.0000', '36.1620', '9.1140', '10.0000', '10.0000', '10.0000', '75.2760', 6),
(5801, '2021-09-02 21:20:59', 56, '103.75', '1.0000', '1.0000', 'MagicForestAM', '0.9000', '0.0550', '0.0450', '1.0000', '35.3620', '9.0140', '10.0000', '10.0000', '10.0000', '74.3760', 6),
(5800, '2021-09-02 21:20:57', 56, '103.75', '1.0000', '0.0000', 'MagicForestAM', '0.9000', '0.0550', '0.0450', '1.0000', '35.5620', '8.9140', '10.0000', '10.0000', '10.0000', '74.4760', 6),
(5799, '2021-09-02 21:20:52', 56, '104.75', '1.0000', '0.5000', 'MagicForestAM', '0.9000', '0.0550', '0.0450', '1.0000', '34.7620', '8.8140', '10.0000', '10.0000', '10.0000', '73.5760', 6),
(5798, '2021-09-02 21:20:47', 56, '105.25', '1.0000', '3.7500', 'MagicForestAM', '0.9000', '0.0550', '0.0450', '1.0000', '34.4620', '8.7140', '10.0000', '10.0000', '10.0000', '73.1760', 6),
(5797, '2021-09-02 21:20:43', 56, '102.50', '1.0000', '0.2500', 'MagicForestAM', '0.9000', '0.0550', '0.0450', '1.0000', '37.4120', '8.6140', '10.0000', '10.0000', '10.0000', '76.0260', 6),
(5796, '2021-09-02 21:20:41', 56, '103.25', '1.0000', '0.0000', 'MagicForestAM', '0.9000', '0.0550', '0.0450', '1.0000', '36.8620', '8.5140', '10.0000', '10.0000', '10.0000', '75.3760', 6),
(5795, '2021-09-02 21:20:38', 56, '104.25', '1.0000', '0.0000', 'MagicForestAM', '0.9000', '0.0550', '0.0450', '1.0000', '36.0620', '8.4140', '10.0000', '10.0000', '10.0000', '74.4760', 6),
(5794, '2021-09-02 21:20:36', 56, '105.25', '1.0000', '0.0000', 'MagicForestAM', '0.9000', '0.0550', '0.0450', '1.0000', '35.2620', '8.3140', '10.0000', '10.0000', '10.0000', '73.5760', 6),
(5793, '2021-09-02 21:20:31', 56, '106.25', '1.0000', '0.5000', 'MagicForestAM', '0.9000', '0.0550', '0.0450', '1.0000', '34.4620', '8.2140', '10.0000', '10.0000', '10.0000', '72.6760', 6),
(5792, '2021-09-02 21:20:29', 56, '106.75', '1.0000', '0.0000', 'MagicForestAM', '0.9000', '0.0550', '0.0450', '1.0000', '34.1620', '8.1140', '10.0000', '10.0000', '10.0000', '72.2760', 6),
(5791, '2021-09-02 21:20:27', 56, '107.75', '1.0000', '0.0000', 'MagicForestAM', '0.9000', '0.0550', '0.0450', '1.0000', '33.3620', '8.0140', '10.0000', '10.0000', '10.0000', '71.3760', 6),
(5790, '2021-09-02 21:20:24', 56, '108.75', '1.0000', '0.0000', 'MagicForestAM', '0.9000', '0.0550', '0.0450', '1.0000', '32.5620', '7.9140', '10.0000', '10.0000', '10.0000', '70.4760', 6),
(5789, '2021-09-02 21:20:19', 56, '109.75', '1.0000', '0.7500', 'MagicForestAM', '0.9000', '0.0550', '0.0450', '1.0000', '31.7620', '7.8140', '10.0000', '10.0000', '10.0000', '69.5760', 6),
(5788, '2021-09-02 18:51:26', 50, '90.42', '2.0000', '10.0000', 'GrandXAM', '2.0000', '0.0000', '0.0000', '1.0000', '41.7120', '7.7140', '10.0000', '10.0000', '10.0000', '79.4260', 6),
(5787, '2021-09-02 18:51:23', 50, '82.42', '2.0000', '0.0000', 'GrandXAM', '2.0000', '0.0000', '0.0000', '1.0000', '49.7120', '7.7140', '10.0000', '10.0000', '10.0000', '87.4260', 6),
(5786, '2021-09-02 18:51:21', 50, '84.42', '2.0000', '0.0000', 'GrandXAM', '2.0000', '0.0000', '0.0000', '1.0000', '47.7120', '7.7140', '10.0000', '10.0000', '10.0000', '85.4260', 6),
(5785, '2021-09-02 18:51:18', 50, '86.42', '2.0000', '0.0000', 'GrandXAM', '2.0000', '0.0000', '0.0000', '1.0000', '45.7120', '7.7140', '10.0000', '10.0000', '10.0000', '83.4260', 6),
(5784, '2021-09-02 18:51:15', 50, '88.42', '2.0000', '0.0000', 'GrandXAM', '2.0000', '0.0000', '0.0000', '1.0000', '43.7120', '7.7140', '10.0000', '10.0000', '10.0000', '81.4260', 6),
(5783, '2021-09-02 18:51:11', 50, '90.42', '2.0000', '5.0000', 'GrandXAM', '2.0000', '0.0000', '0.0000', '1.0000', '41.7120', '7.7140', '10.0000', '10.0000', '10.0000', '79.4260', 6),
(5782, '2021-09-02 18:51:07', 50, '87.42', '2.0000', '1.0000', 'GrandXAM', '2.0000', '0.0000', '0.0000', '1.0000', '44.7120', '7.7140', '10.0000', '10.0000', '10.0000', '82.4260', 6),
(5781, '2021-09-02 18:51:04', 50, '88.42', '2.0000', '0.0000', 'GrandXAM', '2.0000', '0.0000', '0.0000', '1.0000', '43.7120', '7.7140', '10.0000', '10.0000', '10.0000', '81.4260', 6),
(5780, '2021-09-02 18:51:02', 50, '90.42', '2.0000', '0.0000', 'GrandXAM', '2.0000', '0.0000', '0.0000', '1.0000', '41.7120', '7.7140', '10.0000', '10.0000', '10.0000', '79.4260', 6),
(5779, '2021-09-02 18:50:59', 50, '92.42', '2.0000', '0.0000', 'GrandXAM', '2.0000', '0.0000', '0.0000', '1.0000', '39.7120', '7.7140', '10.0000', '10.0000', '10.0000', '77.4260', 6),
(5778, '2021-09-02 18:50:55', 50, '94.42', '2.0000', '5.0000', 'GrandXAM', '2.0000', '0.0000', '0.0000', '1.0000', '37.7120', '7.7140', '10.0000', '10.0000', '10.0000', '75.4260', 6),
(5777, '2021-09-02 18:50:53', 50, '91.42', '2.0000', '0.0000', 'GrandXAM', '2.0000', '0.0000', '0.0000', '1.0000', '40.7120', '7.7140', '10.0000', '10.0000', '10.0000', '78.4260', 6),
(5776, '2021-09-02 18:50:50', 50, '93.42', '2.0000', '0.0000', 'GrandXAM', '2.0000', '0.0000', '0.0000', '1.0000', '38.7120', '7.7140', '10.0000', '10.0000', '10.0000', '76.4260', 6),
(5775, '2021-09-02 18:50:48', 50, '95.42', '2.0000', '0.0000', 'GrandXAM', '2.0000', '0.0000', '0.0000', '1.0000', '36.7120', '7.7140', '10.0000', '10.0000', '10.0000', '74.4260', 6),
(5774, '2021-09-02 18:50:45', 50, '97.42', '2.0000', '0.0000', 'GrandXAM', '2.0000', '0.0000', '0.0000', '1.0000', '34.7120', '7.7140', '10.0000', '10.0000', '10.0000', '72.4260', 6),
(5773, '2021-09-02 18:50:42', 50, '99.42', '2.0000', '0.0000', 'GrandXAM', '2.0000', '0.0000', '0.0000', '1.0000', '32.7120', '7.7140', '10.0000', '10.0000', '10.0000', '70.4260', 6),
(5772, '2021-09-02 18:50:40', 50, '101.42', '2.0000', '0.0000', 'GrandXAM', '2.0000', '0.0000', '0.0000', '1.0000', '30.7120', '7.7140', '10.0000', '10.0000', '10.0000', '68.4260', 6),
(5771, '2021-09-02 18:50:35', 50, '103.42', '2.0000', '3.0000', 'GrandXAM', '2.0000', '0.0000', '0.0000', '1.0000', '28.7120', '7.7140', '10.0000', '10.0000', '10.0000', '66.4260', 6),
(5770, '2021-09-02 18:50:33', 50, '102.42', '2.0000', '0.0000', 'GrandXAM', '2.0000', '0.0000', '0.0000', '1.0000', '29.7120', '7.7140', '10.0000', '10.0000', '10.0000', '67.4260', 6),
(5769, '2021-09-02 18:50:30', 50, '104.42', '2.0000', '0.0000', 'GrandXAM', '0.0000', '0.0000', '0.0000', '1.0000', '27.7120', '7.7140', '10.0000', '10.0000', '10.0000', '65.4260', 6),
(5768, '2021-09-02 18:50:27', 50, '106.42', '2.0000', '0.0000', 'GrandXAM', '0.0000', '0.0000', '0.0000', '1.0000', '27.7120', '7.7140', '10.0000', '10.0000', '10.0000', '65.4260', 6),
(5767, '2021-09-02 18:50:25', 50, '108.42', '2.0000', '0.0000', 'GrandXAM', '0.0000', '0.0000', '0.0000', '1.0000', '27.7120', '7.7140', '10.0000', '10.0000', '10.0000', '65.4260', 6),
(5766, '2021-09-02 18:50:22', 50, '110.42', '2.0000', '0.0000', 'GrandXAM', '0.0000', '0.0000', '0.0000', '1.0000', '27.7120', '7.7140', '10.0000', '10.0000', '10.0000', '65.4260', 6),
(5765, '2021-09-02 18:50:18', 50, '112.42', '2.0000', '3.0000', 'GrandXAM', '0.0000', '0.0000', '0.0000', '1.0000', '27.7120', '7.7140', '10.0000', '10.0000', '10.0000', '65.4260', 6),
(5764, '2021-09-02 18:50:17', 50, '111.42', '2.0000', '0.0000', 'GrandXAM', '1.8310', '0.0930', '0.0761', '1.0000', '30.7120', '7.7140', '10.0000', '10.0000', '10.0000', '68.4260', 6),
(5763, '2021-09-02 18:50:15', 50, '113.42', '2.0000', '0.0000', 'GrandXAM', '1.8000', '0.1100', '0.0900', '1.0000', '29.0500', '7.5450', '10.0000', '10.0000', '10.0000', '66.5950', 6),
(5762, '2021-09-02 18:50:13', 50, '115.42', '2.0000', '0.0000', 'GrandXAM', '1.8000', '0.1100', '0.0900', '1.0000', '27.4500', '7.3450', '10.0000', '10.0000', '10.0000', '64.7950', 6),
(5761, '2021-09-02 18:50:10', 50, '117.42', '2.0000', '0.0000', 'GrandXAM', '1.8000', '0.1100', '0.0900', '1.0000', '25.8500', '7.1450', '10.0000', '10.0000', '10.0000', '62.9950', 6),
(5760, '2021-09-02 18:50:07', 50, '119.42', '2.0000', '0.0000', 'GrandXAM', '1.8000', '0.1100', '0.0900', '1.0000', '24.2500', '6.9450', '10.0000', '10.0000', '10.0000', '61.1950', 6),
(5759, '2021-09-02 18:50:05', 50, '121.42', '2.0000', '0.0000', 'GrandXAM', '1.8000', '0.1100', '0.0900', '1.0000', '22.6500', '6.7450', '10.0000', '10.0000', '10.0000', '59.3950', 6),
(5758, '2021-09-02 18:50:02', 50, '123.42', '2.0000', '0.0000', 'GrandXAM', '1.8000', '0.1100', '0.0900', '1.0000', '21.0500', '6.5450', '10.0000', '10.0000', '10.0000', '57.5950', 6),
(5757, '2021-09-02 18:49:59', 50, '125.42', '2.0000', '0.0000', 'GrandXAM', '1.8000', '0.1100', '0.0900', '1.0000', '19.4500', '6.3450', '10.0000', '10.0000', '10.0000', '55.7950', 6),
(5756, '2021-09-02 18:49:50', 50, '127.42', '0.5000', '0.0000', 'GrandXAM', '0.4500', '0.0275', '0.0225', '1.0000', '17.8500', '6.1450', '10.0000', '10.0000', '10.0000', '53.9950', 6),
(5755, '2021-09-02 18:49:48', 50, '127.92', '0.5000', '0.0000', 'GrandXAM', '0.4500', '0.0275', '0.0225', '1.0000', '17.4500', '6.0950', '10.0000', '10.0000', '10.0000', '53.5450', 6),
(5754, '2021-09-02 18:49:44', 50, '128.42', '0.5000', '0.2500', 'GrandXAM', '0.4500', '0.0275', '0.0225', '1.0000', '17.0500', '6.0450', '10.0000', '10.0000', '10.0000', '53.0950', 6),
(5753, '2021-09-02 18:49:41', 50, '128.67', '0.5000', '0.0000', 'GrandXAM', '0.4500', '0.0275', '0.0225', '1.0000', '16.9000', '5.9950', '10.0000', '10.0000', '10.0000', '52.8950', 6),
(5752, '2021-09-02 18:49:39', 50, '129.17', '0.5000', '0.0000', 'GrandXAM', '0.4500', '0.0275', '0.0225', '1.0000', '16.5000', '5.9450', '10.0000', '10.0000', '10.0000', '52.4450', 6),
(5751, '2021-09-02 18:43:40', 50, '129.67', '1.0000', '1.0000', 'DiamondCatsAM', '0.9000', '0.0550', '0.0450', '1.0000', '16.1000', '5.8950', '10.0000', '10.0000', '10.0000', '51.9950', 6),
(5750, '2021-09-02 18:43:37', 50, '129.67', '1.0000', '0.0000', 'DiamondCatsAM', '0.9000', '0.0550', '0.0450', '1.0000', '16.3000', '5.7950', '10.0000', '10.0000', '10.0000', '52.0950', 6),
(5749, '2021-09-02 18:43:36', 50, '130.67', '1.0000', '0.0000', 'DiamondCatsAM', '0.9000', '0.0550', '0.0450', '1.0000', '15.5000', '5.6950', '10.0000', '10.0000', '10.0000', '51.1950', 6),
(5748, '2021-09-02 18:43:35', 50, '131.67', '1.0000', '0.0000', 'DiamondCatsAM', '0.9000', '0.0550', '0.0450', '1.0000', '14.7000', '5.5950', '10.0000', '10.0000', '10.0000', '50.2950', 6),
(5747, '2021-09-02 18:43:32', 50, '132.67', '1.0000', '0.0000', 'DiamondCatsAM', '0.9000', '0.0550', '0.0450', '1.0000', '13.9000', '5.4950', '10.0000', '10.0000', '10.0000', '49.3950', 6),
(5746, '2021-09-02 18:43:29', 50, '133.67', '1.0000', '0.0000', 'DiamondCatsAM', '0.9000', '0.0550', '0.0450', '1.0000', '13.1000', '5.3950', '10.0000', '10.0000', '10.0000', '48.4950', 6),
(5745, '2021-09-02 18:43:26', 50, '134.67', '1.0000', '0.0000', 'DiamondCatsAM', '0.9000', '0.0550', '0.0450', '1.0000', '12.3000', '5.2950', '10.0000', '10.0000', '10.0000', '47.5950', 6),
(5744, '2021-09-02 18:43:23', 50, '135.67', '1.0000', '2.5000', 'DiamondCatsAM', '0.9000', '0.0550', '0.0450', '1.0000', '11.5000', '5.1950', '10.0000', '10.0000', '10.0000', '46.6950', 6),
(5743, '2021-09-02 18:43:22', 50, '134.17', '1.0000', '0.0000', 'DiamondCatsAM', '0.9000', '0.0550', '0.0450', '1.0000', '13.2000', '5.0950', '10.0000', '10.0000', '10.0000', '48.2950', 6),
(5742, '2021-09-02 18:43:20', 50, '135.17', '1.0000', '0.0000', 'DiamondCatsAM', '0.9000', '0.0550', '0.0450', '1.0000', '12.4000', '4.9950', '10.0000', '10.0000', '10.0000', '47.3950', 6),
(5741, '2021-09-02 18:43:19', 50, '136.17', '1.0000', '0.0000', 'DiamondCatsAM', '0.9000', '0.0550', '0.0450', '1.0000', '11.6000', '4.8950', '10.0000', '10.0000', '10.0000', '46.4950', 6),
(5740, '2021-09-02 18:43:16', 50, '137.17', '1.0000', '0.0000', 'DiamondCatsAM', '0.9000', '0.0550', '0.0450', '1.0000', '10.8000', '4.7950', '10.0000', '10.0000', '10.0000', '45.5950', 6),
(5739, '2021-09-02 18:43:13', 50, '138.17', '1.0000', '0.0000', 'DiamondCatsAM', '0.9000', '0.0550', '0.0450', '1.0000', '10.0000', '4.6950', '10.0000', '10.0000', '10.0000', '44.6950', 6),
(5738, '2021-09-02 18:43:11', 50, '139.17', '1.0000', '0.0000', 'DiamondCatsAM', '0.9000', '0.0550', '0.0450', '1.0000', '9.2000', '4.5950', '10.0000', '10.0000', '10.0000', '43.7950', 6),
(5737, '2021-09-02 18:41:42', 50, '140.17', '1.0000', '6.0000', 'WildDragonAM', '0.9000', '0.0550', '0.0450', '1.0000', '8.4000', '4.4950', '10.0000', '10.0000', '10.0000', '42.8950', 6),
(5736, '2021-09-02 18:41:41', 50, '135.17', '1.0000', '0.0000', 'WildDragonAM', '0.9000', '0.0550', '0.0450', '1.0000', '13.6000', '4.3950', '10.0000', '10.0000', '10.0000', '47.9950', 6),
(5735, '2021-09-02 18:41:40', 50, '136.17', '1.0000', '0.0000', 'WildDragonAM', '0.9000', '0.0550', '0.0450', '1.0000', '12.8000', '4.2950', '10.0000', '10.0000', '10.0000', '47.0950', 6),
(5734, '2021-09-02 18:41:39', 50, '137.17', '1.0000', '0.0000', 'WildDragonAM', '0.9000', '0.0550', '0.0450', '1.0000', '12.0000', '4.1950', '10.0000', '10.0000', '10.0000', '46.1950', 6),
(5733, '2021-09-02 18:41:37', 50, '138.17', '1.0000', '0.0000', 'WildDragonAM', '0.9000', '0.0550', '0.0450', '1.0000', '11.2000', '4.0950', '10.0000', '10.0000', '10.0000', '45.2950', 6),
(5732, '2021-09-02 18:41:36', 50, '139.17', '1.0000', '0.0000', 'WildDragonAM', '0.9000', '0.0550', '0.0450', '1.0000', '10.4000', '3.9950', '10.0000', '10.0000', '10.0000', '44.3950', 6),
(5731, '2021-09-02 18:41:34', 50, '140.17', '1.0000', '0.0000', 'WildDragonAM', '0.9000', '0.0550', '0.0450', '1.0000', '9.6000', '3.8950', '10.0000', '10.0000', '10.0000', '43.4950', 6),
(5730, '2021-09-02 18:41:27', 50, '141.17', '1.0000', '8.0000', 'WildDragonAM', '0.9000', '0.0550', '0.0450', '1.0000', '8.8000', '3.7950', '10.0000', '10.0000', '10.0000', '42.5950', 6),
(5729, '2021-09-02 18:41:24', 50, '134.17', '1.0000', '0.0000', 'WildDragonAM', '0.9000', '0.0550', '0.0450', '1.0000', '16.0000', '3.6950', '10.0000', '10.0000', '10.0000', '49.6950', 6),
(5728, '2021-09-02 18:41:21', 50, '135.17', '1.0000', '0.0000', 'WildDragonAM', '0.9000', '0.0550', '0.0450', '1.0000', '15.2000', '3.5950', '10.0000', '10.0000', '10.0000', '48.7950', 6),
(5727, '2021-09-02 18:41:16', 50, '136.17', '1.0000', '2.0000', 'WildDragonAM', '0.9000', '0.0550', '0.0450', '1.0000', '14.4000', '3.4950', '10.0000', '10.0000', '10.0000', '47.8950', 6),
(5726, '2021-09-02 18:41:13', 50, '135.17', '1.0000', '1.0000', 'WildDragonAM', '0.9000', '0.0550', '0.0450', '1.0000', '15.6000', '3.3950', '10.0000', '10.0000', '10.0000', '48.9950', 6),
(5725, '2021-09-02 18:41:08', 50, '135.17', '1.0000', '0.5000', 'WildDragonAM', '0.9000', '0.0550', '0.0450', '1.0000', '15.8000', '3.2950', '10.0000', '10.0000', '10.0000', '49.0950', 6),
(5724, '2021-09-02 18:41:07', 50, '135.67', '1.0000', '0.0000', 'WildDragonAM', '0.9000', '0.0550', '0.0450', '1.0000', '15.5000', '3.1950', '10.0000', '10.0000', '10.0000', '48.6950', 6),
(5723, '2021-09-02 18:41:05', 50, '136.67', '1.0000', '0.0000', 'WildDragonAM', '0.9000', '0.0550', '0.0450', '1.0000', '14.7000', '3.0950', '10.0000', '10.0000', '10.0000', '47.7950', 6),
(5722, '2021-09-02 18:41:04', 50, '137.67', '1.0000', '0.0000', 'WildDragonAM', '0.9000', '0.0550', '0.0450', '1.0000', '13.9000', '2.9950', '10.0000', '10.0000', '10.0000', '46.8950', 6),
(5721, '2021-09-02 18:41:03', 50, '138.67', '1.0000', '0.0000', 'WildDragonAM', '0.9000', '0.0550', '0.0450', '1.0000', '13.1000', '2.8950', '10.0000', '10.0000', '10.0000', '45.9950', 6),
(5720, '2021-09-02 18:41:00', 50, '139.67', '1.0000', '0.0000', 'WildDragonAM', '0.9000', '0.0550', '0.0450', '1.0000', '12.3000', '2.7950', '10.0000', '10.0000', '10.0000', '45.0950', 6),
(5719, '2021-09-02 18:40:57', 50, '140.67', '1.0000', '0.0000', 'WildDragonAM', '0.9000', '0.0550', '0.0450', '1.0000', '11.5000', '2.6950', '10.0000', '10.0000', '10.0000', '44.1950', 6),
(5718, '2021-09-02 18:40:54', 50, '131.67', '1.0000', '0.0000', 'WildDragonAM', '0.9000', '0.0550', '0.0450', '1.0000', '10.7000', '2.5950', '10.0000', '10.0000', '10.0000', '43.2950', 6),
(5717, '2021-09-02 18:40:53', 50, '132.67', '1.0000', '0.0000', 'WildDragonAM', '0.9000', '0.0550', '0.0450', '1.0000', '9.9000', '2.4950', '10.0000', '10.0000', '10.0000', '42.3950', 6),
(5716, '2021-09-02 18:40:51', 50, '133.67', '1.0000', '0.0000', 'WildDragonAM', '0.9000', '0.0550', '0.0450', '1.0000', '9.1000', '2.3950', '10.0000', '10.0000', '10.0000', '41.4950', 6),
(5715, '2021-09-02 18:40:48', 50, '134.67', '1.0000', '0.0000', 'WildDragonAM', '0.9000', '0.0550', '0.0450', '1.0000', '8.3000', '2.2950', '10.0000', '10.0000', '10.0000', '40.5950', 6),
(5714, '2021-09-02 18:40:45', 50, '135.67', '1.0000', '0.0000', 'WildDragonAM', '0.9000', '0.0550', '0.0450', '1.0000', '7.5000', '2.1950', '10.0000', '10.0000', '10.0000', '39.6950', 6),
(5713, '2021-09-02 18:40:43', 50, '136.67', '1.0000', '0.0000', 'WildDragonAM', '0.9000', '0.0550', '0.0450', '1.0000', '6.7000', '2.0950', '10.0000', '10.0000', '10.0000', '38.7950', 6),
(5712, '2021-09-02 18:40:38', 50, '137.67', '1.0000', '0.0000', 'WildDragonAM', '0.9000', '0.0550', '0.0450', '1.0000', '5.9000', '1.9950', '10.0000', '10.0000', '10.0000', '37.8950', 6),
(5711, '2021-09-02 18:40:35', 50, '138.67', '1.0000', '6.5000', 'WildDragonAM', '0.9000', '0.0550', '0.0450', '1.0000', '5.1000', '1.8950', '10.0000', '10.0000', '10.0000', '36.9950', 6),
(5710, '2021-09-02 18:40:32', 50, '133.17', '1.0000', '0.0000', 'WildDragonAM', '0.9000', '0.0550', '0.0450', '1.0000', '10.8000', '1.7950', '10.0000', '10.0000', '10.0000', '42.5950', 6),
(5709, '2021-09-02 18:40:29', 50, '134.17', '1.0000', '0.0000', 'WildDragonAM', '0.9000', '0.0550', '0.0450', '1.0000', '10.0000', '1.6950', '10.0000', '10.0000', '10.0000', '41.6950', 6),
(5708, '2021-09-02 18:40:25', 50, '135.17', '1.0000', '2.0000', 'WildDragonAM', '0.9000', '0.0550', '0.0450', '1.0000', '9.2000', '1.5950', '10.0000', '10.0000', '10.0000', '40.7950', 6),
(5707, '2021-09-02 18:40:22', 50, '134.17', '1.0000', '0.0000', 'WildDragonAM', '0.9000', '0.0550', '0.0450', '1.0000', '10.4000', '1.4950', '10.0000', '10.0000', '10.0000', '41.8950', 6),
(5706, '2021-09-02 18:40:18', 50, '135.17', '1.0000', '0.0000', 'WildDragonAM', '0.9000', '0.0550', '0.0450', '1.0000', '9.6000', '1.3950', '10.0000', '10.0000', '10.0000', '40.9950', 6),
(5705, '2021-09-02 18:40:03', 50, '136.17', '1.0000', '30.0000', 'WildDragonAM', '0.9000', '0.0550', '0.0450', '1.0000', '8.8000', '1.2950', '10.0000', '10.0000', '10.0000', '40.0950', 6),
(5704, '2021-09-02 18:40:00', 50, '107.17', '1.0000', '0.0000', 'WildDragonAM', '0.9000', '0.0550', '0.0450', '1.0000', '38.0000', '1.1950', '10.0000', '10.0000', '10.0000', '69.1950', 6),
(5703, '2021-09-02 18:39:56', 50, '108.17', '1.0000', '1.0000', 'WildDragonAM', '0.9000', '0.0550', '0.0450', '1.0000', '37.2000', '1.0950', '10.0000', '10.0000', '10.0000', '68.2950', 6),
(5702, '2021-09-02 18:39:53', 50, '108.17', '1.0000', '0.0000', 'WildDragonAM', '0.9000', '0.0550', '0.0450', '1.0000', '37.4000', '0.9950', '10.0000', '10.0000', '10.0000', '68.3950', 6),
(5701, '2021-09-02 18:39:50', 50, '109.17', '1.0000', '0.0000', 'WildDragonAM', '0.9000', '0.0550', '0.0450', '1.0000', '36.6000', '0.8950', '10.0000', '10.0000', '10.0000', '67.4950', 6),
(5700, '2021-09-02 18:39:40', 50, '110.17', '0.2000', '2.0000', 'WildDragonAM', '0.1800', '0.0110', '0.0090', '1.0000', '35.8000', '0.7950', '10.0000', '10.0000', '10.0000', '66.5950', 6),
(5699, '2021-09-02 18:39:38', 50, '108.37', '0.2000', '0.0000', 'WildDragonAM', '0.1800', '0.0110', '0.0090', '1.0000', '37.6400', '0.7750', '10.0000', '10.0000', '10.0000', '68.4150', 6),
(5698, '2021-09-02 18:39:37', 50, '108.57', '0.2000', '0.0000', 'WildDragonAM', '0.1800', '0.0110', '0.0090', '1.0000', '37.4800', '0.7550', '10.0000', '10.0000', '10.0000', '68.2350', 6),
(5697, '2021-09-02 18:39:36', 50, '108.77', '0.2000', '0.0000', 'WildDragonAM', '0.1800', '0.0110', '0.0090', '1.0000', '37.3200', '0.7350', '10.0000', '10.0000', '10.0000', '68.0550', 6),
(5696, '2021-09-02 18:39:35', 50, '108.97', '0.2000', '0.0000', 'WildDragonAM', '0.1800', '0.0110', '0.0090', '1.0000', '37.1600', '0.7150', '10.0000', '10.0000', '10.0000', '67.8750', 6),
(5695, '2021-09-02 18:39:34', 50, '109.17', '0.2000', '0.0000', 'WildDragonAM', '0.1800', '0.0110', '0.0090', '1.0000', '37.0000', '0.6950', '10.0000', '10.0000', '10.0000', '67.6950', 6),
(5694, '2021-09-02 18:39:33', 50, '109.37', '0.2000', '0.0000', 'WildDragonAM', '0.1800', '0.0110', '0.0090', '1.0000', '36.8400', '0.6750', '10.0000', '10.0000', '10.0000', '67.5150', 6),
(5693, '2021-09-02 18:39:32', 50, '109.57', '0.2000', '0.0000', 'WildDragonAM', '0.1800', '0.0110', '0.0090', '1.0000', '36.6800', '0.6550', '10.0000', '10.0000', '10.0000', '67.3350', 6),
(5692, '2021-09-02 18:39:31', 50, '109.77', '0.2000', '0.0000', 'WildDragonAM', '0.1800', '0.0110', '0.0090', '1.0000', '36.5200', '0.6350', '10.0000', '10.0000', '10.0000', '67.1550', 6),
(5691, '2021-09-02 18:39:30', 50, '109.97', '0.2000', '0.0000', 'WildDragonAM', '0.1800', '0.0110', '0.0090', '1.0000', '36.3600', '0.6150', '10.0000', '10.0000', '10.0000', '66.9750', 6),
(5690, '2021-09-02 18:39:29', 50, '110.17', '0.2000', '0.0000', 'WildDragonAM', '0.1800', '0.0110', '0.0090', '1.0000', '36.2000', '0.5950', '10.0000', '10.0000', '10.0000', '66.7950', 6),
(5689, '2021-09-02 18:39:28', 50, '110.37', '0.2000', '0.0000', 'WildDragonAM', '0.1800', '0.0110', '0.0090', '1.0000', '36.0400', '0.5750', '10.0000', '10.0000', '10.0000', '66.6150', 6),
(5688, '2021-09-02 18:39:27', 50, '110.57', '0.2000', '0.0000', 'WildDragonAM', '0.1800', '0.0110', '0.0090', '1.0000', '35.8800', '0.5550', '10.0000', '10.0000', '10.0000', '66.4350', 6),
(5687, '2021-09-02 18:39:24', 50, '110.77', '0.2000', '0.4000', 'WildDragonAM', '0.1800', '0.0110', '0.0090', '1.0000', '35.7200', '0.5350', '10.0000', '10.0000', '10.0000', '66.2550', 6),
(5686, '2021-09-02 18:39:23', 50, '110.57', '0.2000', '0.0000', 'WildDragonAM', '0.1800', '0.0110', '0.0090', '1.0000', '35.9600', '0.5150', '10.0000', '10.0000', '10.0000', '66.4750', 6),
(5685, '2021-09-02 18:39:22', 50, '110.77', '0.2000', '0.0000', 'WildDragonAM', '0.1800', '0.0110', '0.0090', '1.0000', '35.8000', '0.4950', '10.0000', '10.0000', '10.0000', '66.2950', 6),
(5684, '2021-09-02 18:39:21', 50, '110.97', '0.2000', '0.0000', 'WildDragonAM', '0.1800', '0.0110', '0.0090', '1.0000', '35.6400', '0.4750', '10.0000', '10.0000', '10.0000', '66.1150', 6),
(5683, '2021-09-02 18:39:20', 50, '111.17', '0.2000', '0.0000', 'WildDragonAM', '0.1800', '0.0110', '0.0090', '1.0000', '35.4800', '0.4550', '10.0000', '10.0000', '10.0000', '65.9350', 6),
(5682, '2021-09-02 18:39:18', 50, '111.37', '0.2000', '0.0000', 'WildDragonAM', '0.1800', '0.0110', '0.0090', '1.0000', '35.3200', '0.4350', '10.0000', '10.0000', '10.0000', '65.7550', 6),
(5681, '2021-09-02 18:39:17', 50, '111.57', '0.2000', '0.0000', 'WildDragonAM', '0.1800', '0.0110', '0.0090', '1.0000', '35.1600', '0.4150', '10.0000', '10.0000', '10.0000', '65.5750', 6),
(5680, '2021-09-02 18:39:16', 50, '111.77', '0.2000', '0.0000', 'WildDragonAM', '0.1800', '0.0110', '0.0090', '1.0000', '35.0000', '0.3950', '10.0000', '10.0000', '10.0000', '65.3950', 6),
(5679, '2021-09-02 18:39:15', 50, '111.97', '0.2000', '0.0000', 'WildDragonAM', '0.1800', '0.0110', '0.0090', '1.0000', '34.8400', '0.3750', '10.0000', '10.0000', '10.0000', '65.2150', 6),
(5678, '2021-09-02 18:39:14', 50, '112.17', '0.2000', '0.0000', 'WildDragonAM', '0.1800', '0.0110', '0.0090', '1.0000', '34.6800', '0.3550', '10.0000', '10.0000', '10.0000', '65.0350', 6),
(5677, '2021-09-02 18:39:11', 50, '112.37', '0.2000', '0.2000', 'WildDragonAM', '0.1800', '0.0110', '0.0090', '1.0000', '34.5200', '0.3350', '10.0000', '10.0000', '10.0000', '64.8550', 6),
(5676, '2021-09-02 18:39:10', 50, '112.37', '0.2000', '0.0000', 'WildDragonAM', '0.1800', '0.0110', '0.0090', '1.0000', '34.5600', '0.3150', '10.0000', '10.0000', '10.0000', '64.8750', 6),
(5675, '2021-09-02 18:39:09', 50, '112.57', '0.2000', '0.0000', 'WildDragonAM', '0.1800', '0.0110', '0.0090', '1.0000', '34.4000', '0.2950', '10.0000', '10.0000', '10.0000', '64.6950', 6),
(5674, '2021-09-02 18:39:08', 50, '112.77', '0.2000', '0.0000', 'WildDragonAM', '0.1800', '0.0110', '0.0090', '1.0000', '34.2400', '0.2750', '10.0000', '10.0000', '10.0000', '64.5150', 6),
(5673, '2021-09-02 18:39:05', 50, '112.97', '0.2000', '0.3000', 'WildDragonAM', '0.1800', '0.0110', '0.0090', '1.0000', '34.0800', '0.2550', '10.0000', '10.0000', '10.0000', '64.3350', 6),
(5672, '2021-09-02 18:39:04', 50, '112.87', '0.2000', '0.0000', 'WildDragonAM', '0.1800', '0.0110', '0.0090', '1.0000', '34.2200', '0.2350', '10.0000', '10.0000', '10.0000', '64.4550', 6),
(5671, '2021-09-02 18:39:03', 50, '113.07', '0.2000', '0.0000', 'WildDragonAM', '0.1800', '0.0110', '0.0090', '1.0000', '34.0600', '0.2150', '10.0000', '10.0000', '10.0000', '64.2750', 6),
(5670, '2021-09-02 18:39:02', 50, '113.27', '0.2000', '0.0000', 'WildDragonAM', '0.1800', '0.0110', '0.0090', '1.0000', '33.9000', '0.1950', '10.0000', '10.0000', '10.0000', '64.0950', 6),
(5669, '2021-09-02 18:39:01', 50, '113.47', '0.2000', '0.0000', 'WildDragonAM', '0.1800', '0.0110', '0.0090', '1.0000', '33.7400', '0.1750', '10.0000', '10.0000', '10.0000', '63.9150', 6),
(5668, '2021-09-02 18:38:59', 50, '113.67', '0.2000', '0.0000', 'WildDragonAM', '0.1800', '0.0110', '0.0090', '1.0000', '33.5800', '0.1550', '10.0000', '10.0000', '10.0000', '63.7350', 6),
(5667, '2021-09-02 18:38:53', 50, '113.87', '0.2000', '0.0000', 'WildDragonAM', '0.1800', '0.0110', '0.0090', '1.0000', '33.4200', '0.1350', '10.0000', '10.0000', '10.0000', '63.5550', 6),
(5666, '2021-09-02 18:27:50', 70, '16.05', '0.2000', '0.7000', 'KingsCrownAM', '0.2000', '0.0000', '0.0000', '1.0000', '1.9500', '11.0000', '10.0000', '10.0000', '10.0000', '42.9500', 9),
(5665, '2021-09-02 18:27:48', 70, '15.55', '0.2000', '0.0000', 'KingsCrownAM', '0.2000', '0.0000', '0.0000', '1.0000', '2.4500', '11.0000', '10.0000', '10.0000', '10.0000', '43.4500', 9),
(5664, '2021-09-02 18:27:45', 70, '15.75', '0.2000', '0.0000', 'KingsCrownAM', '0.2000', '0.0000', '0.0000', '1.0000', '2.2500', '11.0000', '10.0000', '10.0000', '10.0000', '43.2500', 9),
(5663, '2021-09-02 18:27:43', 70, '15.95', '0.2000', '0.0000', 'KingsCrownAM', '0.2000', '0.0000', '0.0000', '1.0000', '2.0500', '11.0000', '10.0000', '10.0000', '10.0000', '43.0500', 9),
(5662, '2021-09-02 18:27:38', 70, '16.15', '0.2000', '1.5000', 'KingsCrownAM', '0.2000', '0.0000', '0.0000', '1.0000', '1.8500', '11.0000', '10.0000', '10.0000', '10.0000', '42.8500', 9),
(5661, '2021-09-02 18:27:33', 70, '14.85', '0.2000', '6.8000', 'KingsCrownAM', '0.1900', '0.0055', '0.0045', '1.0000', '3.1500', '11.0000', '10.0000', '10.0000', '10.0000', '44.1500', 9),
(5660, '2021-09-02 18:27:30', 70, '8.25', '0.2000', '0.0000', 'KingsCrownAM', '0.1800', '0.0110', '0.0090', '1.0000', '9.7700', '10.9900', '10.0000', '10.0000', '10.0000', '50.7600', 9),
(5659, '2021-09-02 18:27:24', 70, '8.45', '0.2000', '1.3000', 'KingsCrownAM', '0.1800', '0.0110', '0.0090', '1.0000', '9.6100', '10.9700', '10.0000', '10.0000', '10.0000', '50.5800', 9),
(5658, '2021-09-02 18:27:19', 70, '7.35', '0.2000', '1.5000', 'KingsCrownAM', '0.1800', '0.0110', '0.0090', '1.0000', '10.7500', '10.9500', '10.0000', '10.0000', '10.0000', '51.7000', 9),
(5657, '2021-09-02 18:27:17', 70, '6.05', '0.2000', '0.0000', 'KingsCrownAM', '0.1800', '0.0110', '0.0090', '1.0000', '12.0900', '10.9300', '10.0000', '10.0000', '10.0000', '53.0200', 9),
(5656, '2021-09-02 18:27:15', 70, '6.25', '0.2000', '0.0000', 'KingsCrownAM', '0.1800', '0.0110', '0.0090', '1.0000', '11.9300', '10.9100', '10.0000', '10.0000', '10.0000', '52.8400', 9),
(5655, '2021-09-02 18:27:09', 70, '6.45', '0.2000', '1.2000', 'KingsCrownAM', '0.1800', '0.0110', '0.0090', '1.0000', '11.7700', '10.8900', '10.0000', '10.0000', '10.0000', '52.6600', 9),
(5654, '2021-09-02 18:27:06', 70, '5.45', '0.2000', '0.0000', 'KingsCrownAM', '0.1800', '0.0110', '0.0090', '1.0000', '12.8100', '10.8700', '10.0000', '10.0000', '10.0000', '53.6800', 9),
(5653, '2021-09-02 18:27:04', 70, '5.65', '0.2000', '0.0000', 'KingsCrownAM', '0.1800', '0.0110', '0.0090', '1.0000', '12.6500', '10.8500', '10.0000', '10.0000', '10.0000', '53.5000', 9),
(5652, '2021-09-02 18:27:01', 70, '5.85', '0.2000', '0.0000', 'KingsCrownAM', '0.1800', '0.0110', '0.0090', '1.0000', '12.4900', '10.8300', '10.0000', '10.0000', '10.0000', '53.3200', 9),
(5651, '2021-09-02 18:26:58', 70, '6.05', '0.2000', '0.0000', 'KingsCrownAM', '0.1800', '0.0110', '0.0090', '1.0000', '12.3300', '10.8100', '10.0000', '10.0000', '10.0000', '53.1400', 9),
(5650, '2021-09-02 18:26:56', 70, '6.25', '0.2000', '0.0000', 'KingsCrownAM', '0.1800', '0.0110', '0.0090', '1.0000', '12.1700', '10.7900', '10.0000', '10.0000', '10.0000', '52.9600', 9),
(5649, '2021-09-02 18:26:53', 70, '6.45', '0.2000', '0.0000', 'KingsCrownAM', '0.1800', '0.0110', '0.0090', '1.0000', '12.0100', '10.7700', '10.0000', '10.0000', '10.0000', '52.7800', 9),
(5648, '2021-09-02 18:26:51', 70, '6.65', '0.2000', '0.0000', 'KingsCrownAM', '0.1800', '0.0110', '0.0090', '1.0000', '11.8500', '10.7500', '10.0000', '10.0000', '10.0000', '52.6000', 9),
(5647, '2021-09-02 18:26:48', 70, '6.85', '0.2000', '0.0000', 'KingsCrownAM', '0.1800', '0.0110', '0.0090', '1.0000', '11.6900', '10.7300', '10.0000', '10.0000', '10.0000', '52.4200', 9),
(5646, '2021-09-02 18:26:48', 50, '114.07', '0.1000', '0.0000', 'AllWaysFruitsAM', '0.0900', '0.0055', '0.0045', '1.0000', '33.2600', '0.1150', '10.0000', '10.0000', '10.0000', '63.3750', 6),
(5645, '2021-09-02 18:26:45', 50, '114.17', '0.1000', '0.0000', 'AllWaysFruitsAM', '0.0900', '0.0055', '0.0045', '1.0000', '33.1800', '0.1050', '10.0000', '10.0000', '10.0000', '63.2850', 6),
(5644, '2021-09-02 18:26:44', 70, '7.05', '0.2000', '1.4000', 'KingsCrownAM', '0.1800', '0.0110', '0.0090', '1.0000', '11.5300', '10.7100', '10.0000', '10.0000', '10.0000', '52.2400', 9),
(5643, '2021-09-02 18:26:41', 70, '5.85', '0.2000', '0.0000', 'KingsCrownAM', '0.1800', '0.0110', '0.0090', '1.0000', '12.7700', '10.6900', '10.0000', '10.0000', '10.0000', '53.4600', 9),
(5642, '2021-09-02 18:26:38', 70, '6.05', '0.2000', '0.0000', 'KingsCrownAM', '0.1800', '0.0110', '0.0090', '1.0000', '12.6100', '10.6700', '10.0000', '10.0000', '10.0000', '53.2800', 9),
(5641, '2021-09-02 18:26:37', 50, '114.27', '0.1000', '0.0000', 'AllWaysFruitsAM FG', '0.0000', '0.0000', '0.0000', '1.0000', '33.1000', '0.0950', '10.0000', '10.0000', '10.0000', '63.1950', 6),
(5640, '2021-09-02 18:26:36', 50, '99.87', '0.1000', '0.0000', 'AllWaysFruitsAM FG', '0.0000', '0.0000', '0.0000', '1.0000', '33.1000', '0.0950', '10.0000', '10.0000', '10.0000', '63.1950', 6),
(5639, '2021-09-02 18:26:36', 70, '6.25', '0.2000', '0.0000', 'KingsCrownAM', '0.1800', '0.0110', '0.0090', '1.0000', '12.4500', '10.6500', '10.0000', '10.0000', '10.0000', '53.1000', 9),
(5638, '2021-09-02 18:26:35', 50, '99.87', '0.1000', '0.0000', 'AllWaysFruitsAM FG', '0.0000', '0.0000', '0.0000', '1.0000', '33.1000', '0.0950', '10.0000', '10.0000', '10.0000', '63.1950', 6),
(5637, '2021-09-02 18:26:34', 50, '99.87', '0.1000', '0.0000', 'AllWaysFruitsAM FG', '0.0000', '0.0000', '0.0000', '1.0000', '33.1000', '0.0950', '10.0000', '10.0000', '10.0000', '63.1950', 6),
(5636, '2021-09-02 18:26:33', 70, '6.45', '0.2000', '0.0000', 'KingsCrownAM', '0.1800', '0.0110', '0.0090', '1.0000', '12.2900', '10.6300', '10.0000', '10.0000', '10.0000', '52.9200', 9),
(5635, '2021-09-02 18:26:32', 50, '99.87', '0.1000', '0.0000', 'AllWaysFruitsAM FG', '0.0000', '0.0000', '0.0000', '1.0000', '33.1000', '0.0950', '10.0000', '10.0000', '10.0000', '63.1950', 6),
(5634, '2021-09-02 18:26:31', 70, '6.65', '0.2000', '0.0000', 'KingsCrownAM', '0.1800', '0.0110', '0.0090', '1.0000', '12.1300', '10.6100', '10.0000', '10.0000', '10.0000', '52.7400', 9),
(5633, '2021-09-02 18:26:30', 50, '99.87', '0.1000', '0.3000', 'AllWaysFruitsAM FG', '0.0000', '0.0000', '0.0000', '1.0000', '33.1000', '0.0950', '10.0000', '10.0000', '10.0000', '63.1950', 6),
(5632, '2021-09-02 18:26:29', 50, '99.87', '0.1000', '0.0000', 'AllWaysFruitsAM FG', '0.0000', '0.0000', '0.0000', '1.0000', '33.1000', '0.3950', '10.0000', '10.0000', '10.0000', '63.4950', 6),
(5631, '2021-09-02 18:26:28', 50, '99.87', '0.1000', '0.0000', 'AllWaysFruitsAM FG', '0.0000', '0.0000', '0.0000', '1.0000', '33.1000', '0.3950', '10.0000', '10.0000', '10.0000', '63.4950', 6),
(5630, '2021-09-02 18:26:28', 70, '6.85', '0.2000', '0.0000', 'KingsCrownAM', '0.1800', '0.0110', '0.0090', '1.0000', '11.9700', '10.5900', '10.0000', '10.0000', '10.0000', '52.5600', 9),
(5629, '2021-09-02 18:26:27', 50, '99.87', '0.1000', '0.0000', 'AllWaysFruitsAM FG', '0.0000', '0.0000', '0.0000', '1.0000', '33.1000', '0.3950', '10.0000', '10.0000', '10.0000', '63.4950', 6),
(5628, '2021-09-02 18:26:26', 50, '99.87', '0.1000', '0.0000', 'AllWaysFruitsAM FG', '0.0000', '0.0000', '0.0000', '1.0000', '33.1000', '0.3950', '10.0000', '10.0000', '10.0000', '63.4950', 6),
(5627, '2021-09-02 18:26:25', 50, '99.87', '0.1000', '0.0000', 'AllWaysFruitsAM FG', '0.0000', '0.0000', '0.0000', '1.0000', '33.1000', '0.3950', '10.0000', '10.0000', '10.0000', '63.4950', 6),
(5626, '2021-09-02 18:26:24', 70, '7.05', '0.2000', '0.1000', 'KingsCrownAM', '0.1800', '0.0110', '0.0090', '1.0000', '11.8100', '10.5700', '10.0000', '10.0000', '10.0000', '52.3800', 9),
(5625, '2021-09-02 18:26:23', 50, '99.87', '0.1000', '0.0000', 'AllWaysFruitsAM FG', '0.0000', '0.0000', '0.0000', '1.0000', '33.1000', '0.3950', '10.0000', '10.0000', '10.0000', '63.4950', 6),
(5624, '2021-09-02 18:26:22', 50, '99.87', '0.1000', '0.0000', 'AllWaysFruitsAM FG', '0.0000', '0.0000', '0.0000', '1.0000', '33.1000', '0.3950', '10.0000', '10.0000', '10.0000', '63.4950', 6),
(5623, '2021-09-02 18:26:22', 70, '7.15', '0.2000', '0.0000', 'KingsCrownAM', '0.1800', '0.0110', '0.0090', '1.0000', '11.7500', '10.5500', '10.0000', '10.0000', '10.0000', '52.3000', 9),
(5622, '2021-09-02 18:26:21', 50, '99.87', '0.1000', '3.0000', 'AllWaysFruitsAM FG', '0.0000', '0.0000', '0.0000', '1.0000', '33.1000', '0.3950', '10.0000', '10.0000', '10.0000', '63.4950', 6),
(5621, '2021-09-02 18:26:20', 50, '99.87', '0.1000', '0.0000', 'AllWaysFruitsAM FG', '0.0000', '0.0000', '0.0000', '1.0000', '33.1000', '3.3950', '10.0000', '10.0000', '10.0000', '66.4950', 6),
(5620, '2021-09-02 18:26:19', 70, '7.35', '0.2000', '0.0000', 'KingsCrownAM', '0.1800', '0.0110', '0.0090', '1.0000', '11.5900', '10.5300', '10.0000', '10.0000', '10.0000', '52.1200', 9),
(5619, '2021-09-02 18:26:18', 50, '99.87', '0.1000', '0.0000', 'AllWaysFruitsAM FG', '0.0000', '0.0000', '0.0000', '1.0000', '33.1000', '3.3950', '10.0000', '10.0000', '10.0000', '66.4950', 6),
(5618, '2021-09-02 18:26:17', 50, '99.87', '0.1000', '0.0000', 'AllWaysFruitsAM FG', '0.0000', '0.0000', '0.0000', '1.0000', '33.1000', '3.3950', '10.0000', '10.0000', '10.0000', '66.4950', 6),
(5617, '2021-09-02 18:26:17', 70, '7.55', '0.2000', '0.0000', 'KingsCrownAM', '0.1800', '0.0110', '0.0090', '1.0000', '11.4300', '10.5100', '10.0000', '10.0000', '10.0000', '51.9400', 9),
(5616, '2021-09-02 18:26:16', 50, '99.87', '0.1000', '0.0000', 'AllWaysFruitsAM FG', '0.0000', '0.0000', '0.0000', '1.0000', '33.1000', '3.3950', '10.0000', '10.0000', '10.0000', '66.4950', 6),
(5615, '2021-09-02 18:26:15', 50, '99.87', '0.1000', '0.0000', 'AllWaysFruitsAM FG', '0.0000', '0.0000', '0.0000', '1.0000', '33.1000', '3.3950', '10.0000', '10.0000', '10.0000', '66.4950', 6),
(5614, '2021-09-02 18:26:14', 50, '99.87', '0.1000', '0.0000', 'AllWaysFruitsAM FG', '0.0000', '0.0000', '0.0000', '1.0000', '33.1000', '3.3950', '10.0000', '10.0000', '10.0000', '66.4950', 6),
(5613, '2021-09-02 18:26:13', 50, '99.87', '0.1000', '0.0000', 'AllWaysFruitsAM FG', '0.0000', '0.0000', '0.0000', '1.0000', '33.1000', '3.3950', '10.0000', '10.0000', '10.0000', '66.4950', 6),
(5612, '2021-09-02 18:26:12', 70, '7.75', '0.2000', '0.5000', 'KingsCrownAM', '0.1800', '0.0110', '0.0090', '1.0000', '11.2700', '10.4900', '10.0000', '10.0000', '10.0000', '51.7600', 9),
(5611, '2021-09-02 18:26:12', 50, '99.87', '0.1000', '0.0000', 'AllWaysFruitsAM FG', '0.0000', '0.0000', '0.0000', '1.0000', '33.1000', '3.3950', '10.0000', '10.0000', '10.0000', '66.4950', 6),
(5610, '2021-09-02 18:26:11', 50, '99.87', '0.1000', '0.0000', 'AllWaysFruitsAM FG', '0.0000', '0.0000', '0.0000', '1.0000', '33.1000', '3.3950', '10.0000', '10.0000', '10.0000', '66.4950', 6),
(5609, '2021-09-02 18:26:10', 70, '7.45', '0.2000', '0.0000', 'KingsCrownAM', '0.1800', '0.0110', '0.0090', '1.0000', '11.6100', '10.4700', '10.0000', '10.0000', '10.0000', '52.0800', 9),
(5608, '2021-09-02 18:26:09', 50, '99.87', '0.1000', '0.2000', 'AllWaysFruitsAM FG', '0.0000', '0.0000', '0.0000', '1.0000', '33.1000', '3.3950', '10.0000', '10.0000', '10.0000', '66.4950', 6),
(5607, '2021-09-02 18:26:09', 70, '7.65', '0.2000', '0.0000', 'KingsCrownAM', '0.1800', '0.0110', '0.0090', '1.0000', '11.4500', '10.4500', '10.0000', '10.0000', '10.0000', '51.9000', 9),
(5606, '2021-09-02 18:26:07', 70, '7.85', '0.2000', '0.0000', 'KingsCrownAM', '0.1800', '0.0110', '0.0090', '1.0000', '11.2900', '10.4300', '10.0000', '10.0000', '10.0000', '51.7200', 9),
(5605, '2021-09-02 18:26:04', 70, '8.05', '0.2000', '0.0000', 'KingsCrownAM', '0.1800', '0.0110', '0.0090', '1.0000', '11.1300', '10.4100', '10.0000', '10.0000', '10.0000', '51.5400', 9),
(5604, '2021-09-02 18:26:01', 70, '8.25', '0.2000', '0.0000', 'KingsCrownAM', '0.1800', '0.0110', '0.0090', '1.0000', '10.9700', '10.3900', '10.0000', '10.0000', '10.0000', '51.3600', 9),
(5603, '2021-09-02 18:25:59', 70, '8.45', '0.2000', '0.0000', 'KingsCrownAM', '0.1800', '0.0110', '0.0090', '1.0000', '10.8100', '10.3700', '10.0000', '10.0000', '10.0000', '51.1800', 9),
(5602, '2021-09-02 18:25:57', 70, '8.65', '0.2000', '0.0000', 'KingsCrownAM', '0.1800', '0.0110', '0.0090', '1.0000', '10.6500', '10.3500', '10.0000', '10.0000', '10.0000', '51.0000', 9),
(5601, '2021-09-02 18:25:56', 50, '99.87', '0.1000', '5.1000', 'AllWaysFruitsAM FG', '0.0000', '0.0000', '0.0000', '1.0000', '33.1000', '3.5950', '10.0000', '10.0000', '10.0000', '66.6950', 6),
(5600, '2021-09-02 18:25:55', 50, '99.87', '0.1000', '0.0000', 'AllWaysFruitsAM FG', '0.0000', '0.0000', '0.0000', '1.0000', '33.1000', '8.6950', '10.0000', '10.0000', '10.0000', '71.7950', 6),
(5599, '2021-09-02 18:25:53', 50, '99.87', '0.1000', '0.0000', 'AllWaysFruitsAM FG', '0.0000', '0.0000', '0.0000', '1.0000', '33.1000', '8.6950', '10.0000', '10.0000', '10.0000', '71.7950', 6),
(5598, '2021-09-02 18:25:52', 70, '8.85', '0.2000', '0.6000', 'KingsCrownAM', '0.1800', '0.0110', '0.0090', '1.0000', '10.4900', '10.3300', '10.0000', '10.0000', '10.0000', '50.8200', 9),
(5597, '2021-09-02 18:25:50', 70, '8.45', '0.2000', '0.0000', 'KingsCrownAM', '0.1800', '0.0110', '0.0090', '1.0000', '10.9300', '10.3100', '10.0000', '10.0000', '10.0000', '51.2400', 9),
(5596, '2021-09-02 18:25:47', 70, '8.65', '0.2000', '0.0000', 'KingsCrownAM', '0.1800', '0.0110', '0.0090', '1.0000', '10.7700', '10.2900', '10.0000', '10.0000', '10.0000', '51.0600', 9),
(5595, '2021-09-02 18:25:45', 50, '99.87', '0.1000', '2.5000', 'AllWaysFruitsAM FG', '0.0000', '0.0000', '0.0000', '1.0000', '33.1000', '8.6950', '10.0000', '10.0000', '10.0000', '71.7950', 6),
(5594, '2021-09-02 18:25:45', 70, '8.85', '0.2000', '0.0000', 'KingsCrownAM', '0.1800', '0.0110', '0.0090', '1.0000', '10.6100', '10.2700', '10.0000', '10.0000', '10.0000', '50.8800', 9),
(5593, '2021-09-02 18:25:44', 50, '99.87', '0.1000', '0.0000', 'AllWaysFruitsAM FG', '0.0000', '0.0000', '0.0000', '1.0000', '33.1000', '11.1950', '10.0000', '10.0000', '10.0000', '74.2950', 6),
(5592, '2021-09-02 18:25:43', 50, '99.87', '0.1000', '0.0000', 'AllWaysFruitsAM FG', '0.0000', '0.0000', '0.0000', '1.0000', '33.1000', '11.1950', '10.0000', '10.0000', '10.0000', '74.2950', 6),
(5591, '2021-09-02 18:25:41', 50, '99.87', '0.1000', '0.0000', 'AllWaysFruitsAM FG', '0.0000', '0.0000', '0.0000', '1.0000', '33.1000', '11.1950', '10.0000', '10.0000', '10.0000', '74.2950', 6),
(5590, '2021-09-02 18:25:40', 50, '99.87', '0.1000', '0.0000', 'AllWaysFruitsAM FG', '0.0000', '0.0000', '0.0000', '1.0000', '33.1000', '11.1950', '10.0000', '10.0000', '10.0000', '74.2950', 6),
(5589, '2021-09-02 18:25:40', 70, '9.05', '0.2000', '0.6000', 'KingsCrownAM', '0.1800', '0.0110', '0.0090', '1.0000', '10.4500', '10.2500', '10.0000', '10.0000', '10.0000', '50.7000', 9),
(5588, '2021-09-02 18:25:39', 50, '99.87', '0.1000', '0.0000', 'AllWaysFruitsAM FG', '0.0000', '0.0000', '0.0000', '1.0000', '33.1000', '11.1950', '10.0000', '10.0000', '10.0000', '74.2950', 6),
(5587, '2021-09-02 18:25:36', 50, '99.87', '0.1000', '0.8000', 'AllWaysFruitsAM FG', '0.0000', '0.0000', '0.0000', '1.0000', '33.1000', '11.1950', '10.0000', '10.0000', '10.0000', '74.2950', 6),
(5586, '2021-09-02 18:25:36', 70, '8.65', '0.2000', '0.5000', 'KingsCrownAM', '0.1800', '0.0110', '0.0090', '1.0000', '10.8900', '10.2300', '10.0000', '10.0000', '10.0000', '51.1200', 9),
(5585, '2021-09-02 18:25:35', 50, '99.87', '0.1000', '0.0000', 'AllWaysFruitsAM FG', '0.0000', '0.0000', '0.0000', '1.0000', '33.1000', '11.9950', '10.0000', '10.0000', '10.0000', '75.0950', 6),
(5584, '2021-09-02 18:25:33', 70, '8.35', '0.2000', '0.0000', 'KingsCrownAM', '0.1800', '0.0110', '0.0090', '1.0000', '11.2300', '10.2100', '10.0000', '10.0000', '10.0000', '51.4400', 9),
(5583, '2021-09-02 18:25:30', 70, '8.55', '0.2000', '0.0000', 'KingsCrownAM', '0.1800', '0.0110', '0.0090', '1.0000', '11.0700', '10.1900', '10.0000', '10.0000', '10.0000', '51.2600', 9),
(5582, '2021-09-02 18:25:28', 70, '8.75', '0.2000', '0.0000', 'KingsCrownAM', '0.1800', '0.0110', '0.0090', '1.0000', '10.9100', '10.1700', '10.0000', '10.0000', '10.0000', '51.0800', 9),
(5581, '2021-09-02 18:25:26', 50, '99.87', '0.1000', '2.5000', 'AllWaysFruitsAM', '0.0900', '0.0055', '0.0045', '1.0000', '33.1000', '11.9950', '10.0000', '10.0000', '10.0000', '75.0950', 6),
(5580, '2021-09-02 18:25:25', 70, '8.95', '0.2000', '0.0000', 'KingsCrownAM', '0.1800', '0.0110', '0.0090', '1.0000', '10.7500', '10.1500', '10.0000', '10.0000', '10.0000', '50.9000', 9),
(5579, '2021-09-02 18:25:24', 50, '99.97', '0.1000', '0.0000', 'AllWaysFruitsAM', '0.0900', '0.0055', '0.0045', '1.0000', '33.0200', '14.4850', '10.0000', '10.0000', '10.0000', '77.5050', 6),
(5578, '2021-09-02 18:25:22', 70, '9.15', '0.2000', '0.0000', 'KingsCrownAM', '0.1800', '0.0110', '0.0090', '1.0000', '10.5900', '10.1300', '10.0000', '10.0000', '10.0000', '50.7200', 9),
(5577, '2021-09-02 18:25:18', 50, '100.07', '0.1000', '0.5000', 'AllWaysFruitsAM', '0.0900', '0.0055', '0.0045', '1.0000', '32.9400', '14.4750', '10.0000', '10.0000', '10.0000', '77.4150', 6),
(5576, '2021-09-02 18:25:18', 70, '9.35', '0.2000', '0.1000', 'KingsCrownAM', '0.1800', '0.0110', '0.0090', '1.0000', '10.4300', '10.1100', '10.0000', '10.0000', '10.0000', '50.5400', 9),
(5575, '2021-09-02 18:25:16', 70, '9.45', '0.2000', '0.0000', 'KingsCrownAM', '0.1800', '0.0110', '0.0090', '1.0000', '10.3700', '10.0900', '10.0000', '10.0000', '10.0000', '50.4600', 9),
(5574, '2021-09-02 18:25:13', 70, '9.65', '0.2000', '0.0000', 'KingsCrownAM', '0.1800', '0.0110', '0.0090', '1.0000', '10.2100', '10.0700', '10.0000', '10.0000', '10.0000', '50.2800', 9),
(5573, '2021-09-02 18:25:12', 50, '99.67', '0.1000', '0.4000', 'AllWaysFruitsAM', '0.0900', '0.0055', '0.0045', '1.0000', '33.3600', '14.4650', '10.0000', '10.0000', '10.0000', '77.8250', 6),
(5572, '2021-09-02 18:25:10', 50, '99.37', '0.1000', '0.0000', 'AllWaysFruitsAM', '0.0900', '0.0055', '0.0045', '1.0000', '33.6800', '14.4550', '10.0000', '10.0000', '10.0000', '78.1350', 6),
(5571, '2021-09-02 18:25:08', 70, '9.85', '0.1000', '0.0000', 'KingsCrownAM', '0.0900', '0.0055', '0.0045', '1.0000', '10.0500', '10.0500', '10.0000', '10.0000', '10.0000', '50.1000', 9),
(5570, '2021-09-02 18:25:06', 70, '9.95', '0.1000', '0.0000', 'KingsCrownAM', '0.0900', '0.0055', '0.0045', '1.0000', '9.9700', '10.0400', '10.0000', '10.0000', '10.0000', '50.0100', 9),
(5569, '2021-09-02 18:25:05', 50, '99.47', '0.1000', '2.0000', 'AllWaysFruitsAM', '0.0900', '0.0055', '0.0045', '1.0000', '33.6000', '14.4450', '10.0000', '10.0000', '10.0000', '78.0450', 6),
(5568, '2021-09-02 18:25:03', 70, '10.05', '0.1000', '0.0000', 'KingsCrownAM', '0.0900', '0.0055', '0.0045', '1.0000', '9.8900', '10.0300', '10.0000', '10.0000', '10.0000', '49.9200', 9),
(5567, '2021-09-02 18:25:02', 50, '97.57', '0.1000', '0.0000', 'AllWaysFruitsAM', '0.0900', '0.0055', '0.0045', '1.0000', '35.5200', '14.4350', '10.0000', '10.0000', '10.0000', '79.9550', 6),
(5566, '2021-09-02 18:25:00', 70, '10.15', '0.1000', '0.0000', 'KingsCrownAM', '0.0900', '0.0055', '0.0045', '1.0000', '9.8100', '10.0200', '10.0000', '10.0000', '10.0000', '49.8300', 9),
(5565, '2021-09-02 18:25:00', 50, '97.67', '0.1000', '0.0000', 'AllWaysFruitsAM', '0.0900', '0.0055', '0.0045', '1.0000', '35.4400', '14.4250', '10.0000', '10.0000', '10.0000', '79.8650', 6),
(5564, '2021-09-02 18:24:55', 50, '97.77', '0.1000', '0.4000', 'AllWaysFruitsAM', '0.0900', '0.0055', '0.0045', '1.0000', '35.3600', '14.4150', '10.0000', '10.0000', '10.0000', '79.7750', 6),
(5563, '2021-09-02 18:24:53', 70, '10.25', '0.1000', '0.3500', 'KingsCrownAM', '0.0900', '0.0055', '0.0045', '1.0000', '9.7300', '10.0100', '10.0000', '10.0000', '10.0000', '49.7400', 9),
(5562, '2021-09-02 18:24:50', 50, '97.47', '0.1000', '0.0000', 'AllWaysFruitsAM FG', '0.0000', '0.0000', '0.0000', '1.0000', '35.6800', '14.4050', '10.0000', '10.0000', '10.0000', '80.0850', 6),
(5561, '2021-09-02 18:24:49', 50, '89.77', '0.1000', '0.0000', 'AllWaysFruitsAM FG', '0.0000', '0.0000', '0.0000', '1.0000', '35.6800', '14.4050', '10.0000', '10.0000', '10.0000', '80.0850', 6),
(5560, '2021-09-02 18:24:46', 50, '89.77', '0.1000', '0.0000', 'AllWaysFruitsAM FG', '0.0000', '0.0000', '0.0000', '1.0000', '35.6800', '14.4050', '10.0000', '10.0000', '10.0000', '80.0850', 6),
(5559, '2021-09-02 18:24:43', 50, '89.77', '0.1000', '0.0000', 'AllWaysFruitsAM FG', '0.0000', '0.0000', '0.0000', '1.0000', '35.6800', '14.4050', '10.0000', '10.0000', '10.0000', '80.0850', 6),
(5558, '2021-09-02 18:24:40', 50, '89.77', '0.1000', '0.0000', 'AllWaysFruitsAM FG', '0.0000', '0.0000', '0.0000', '1.0000', '35.6800', '14.4050', '10.0000', '10.0000', '10.0000', '80.0850', 6);
INSERT INTO `w_stat_game` (`id`, `date_time`, `user_id`, `balance`, `bet`, `win`, `game`, `in_game`, `in_jpg`, `in_profit`, `denomination`, `slots_bank`, `bonus_bank`, `fish_bank`, `table_bank`, `little_bank`, `total_bank`, `shop_id`) VALUES
(5557, '2021-09-02 18:24:37', 50, '89.77', '0.1000', '0.0000', 'AllWaysFruitsAM FG', '0.0000', '0.0000', '0.0000', '1.0000', '35.6800', '14.4050', '10.0000', '10.0000', '10.0000', '80.0850', 6),
(5556, '2021-09-02 18:24:34', 50, '89.77', '0.1000', '0.0000', 'AllWaysFruitsAM FG', '0.0000', '0.0000', '0.0000', '1.0000', '35.6800', '14.4050', '10.0000', '10.0000', '10.0000', '80.0850', 6),
(5555, '2021-09-02 18:24:29', 50, '89.77', '0.1000', '1.0000', 'AllWaysFruitsAM FG', '0.0000', '0.0000', '0.0000', '1.0000', '35.6800', '14.4050', '10.0000', '10.0000', '10.0000', '80.0850', 6),
(5554, '2021-09-02 18:24:27', 50, '89.77', '0.1000', '0.0000', 'AllWaysFruitsAM FG', '0.0000', '0.0000', '0.0000', '1.0000', '35.6800', '15.4050', '10.0000', '10.0000', '10.0000', '81.0850', 6),
(5553, '2021-09-02 18:24:24', 50, '89.77', '0.1000', '0.0000', 'AllWaysFruitsAM FG', '0.0000', '0.0000', '0.0000', '1.0000', '35.6800', '15.4050', '10.0000', '10.0000', '10.0000', '81.0850', 6),
(5552, '2021-09-02 18:24:14', 50, '89.77', '0.1000', '1.6000', 'AllWaysFruitsAM FG', '0.0000', '0.0000', '0.0000', '1.0000', '35.6800', '15.4050', '10.0000', '10.0000', '10.0000', '81.0850', 6),
(5551, '2021-09-02 18:24:11', 50, '89.77', '0.1000', '0.0000', 'AllWaysFruitsAM FG', '0.0000', '0.0000', '0.0000', '1.0000', '35.6800', '17.0050', '10.0000', '10.0000', '10.0000', '82.6850', 6),
(5550, '2021-09-02 18:24:04', 50, '89.77', '0.1000', '1.4000', 'AllWaysFruitsAM FG', '0.0000', '0.0000', '0.0000', '1.0000', '35.6800', '17.0050', '10.0000', '10.0000', '10.0000', '82.6850', 6),
(5549, '2021-09-02 18:24:01', 50, '89.77', '0.1000', '0.0000', 'AllWaysFruitsAM FG', '0.0000', '0.0000', '0.0000', '1.0000', '35.6800', '18.4050', '10.0000', '10.0000', '10.0000', '84.0850', 6),
(5548, '2021-09-02 18:23:58', 50, '89.77', '0.1000', '1.2000', 'AllWaysFruitsAM FG', '0.0000', '0.0000', '0.0000', '1.0000', '35.6800', '18.4050', '10.0000', '10.0000', '10.0000', '84.0850', 6),
(5547, '2021-09-02 18:23:55', 50, '89.77', '0.1000', '0.0000', 'AllWaysFruitsAM FG', '0.0000', '0.0000', '0.0000', '1.0000', '35.6800', '19.6050', '10.0000', '10.0000', '10.0000', '85.2850', 6),
(5546, '2021-09-02 18:23:53', 50, '89.77', '0.1000', '0.0000', 'AllWaysFruitsAM FG', '0.0000', '0.0000', '0.0000', '1.0000', '35.6800', '19.6050', '10.0000', '10.0000', '10.0000', '85.2850', 6),
(5545, '2021-09-02 18:23:40', 50, '89.77', '0.1000', '2.5000', 'AllWaysFruitsAM', '0.0900', '0.0055', '0.0045', '1.0000', '35.6800', '19.6050', '10.0000', '10.0000', '10.0000', '85.2850', 6),
(5544, '2021-09-02 18:23:38', 50, '89.87', '0.1000', '0.0000', 'AllWaysFruitsAM', '0.0900', '0.0055', '0.0045', '1.0000', '35.6000', '22.0950', '10.0000', '10.0000', '10.0000', '87.6950', 6),
(5543, '2021-09-02 18:23:36', 50, '89.97', '0.1000', '0.0000', 'AllWaysFruitsAM', '0.0900', '0.0055', '0.0045', '1.0000', '35.5200', '22.0850', '10.0000', '10.0000', '10.0000', '87.6050', 6),
(5542, '2021-09-02 18:23:31', 50, '90.07', '0.1000', '0.3000', 'AllWaysFruitsAM', '0.0900', '0.0055', '0.0045', '1.0000', '35.4400', '22.0750', '10.0000', '10.0000', '10.0000', '87.5150', 6),
(5541, '2021-09-02 18:23:27', 50, '89.87', '0.1000', '0.2000', 'AllWaysFruitsAM', '0.0900', '0.0055', '0.0045', '1.0000', '35.6600', '22.0650', '10.0000', '10.0000', '10.0000', '87.7250', 6),
(5540, '2021-09-02 18:23:24', 50, '89.77', '0.1000', '0.0000', 'AllWaysFruitsAM', '0.0900', '0.0055', '0.0045', '1.0000', '35.7800', '22.0550', '10.0000', '10.0000', '10.0000', '87.8350', 6),
(5539, '2021-09-02 18:23:22', 50, '89.87', '0.1000', '0.0000', 'AllWaysFruitsAM', '0.0900', '0.0055', '0.0045', '1.0000', '35.7000', '22.0450', '10.0000', '10.0000', '10.0000', '87.7450', 6),
(5538, '2021-09-02 18:21:08', 50, '89.97', '0.2000', '0.0000', 'HotTwentyAM', '0.1800', '0.0110', '0.0090', '1.0000', '35.6200', '22.0350', '10.0000', '10.0000', '10.0000', '87.6550', 6),
(5537, '2021-09-02 18:19:24', 50, '90.17', '0.2000', '0.0000', 'GreatRhinoPMM', '0.1800', '0.0110', '0.0090', '1.0000', '35.4600', '22.0150', '10.0000', '10.0000', '10.0000', '87.4750', 6),
(5536, '2021-09-02 18:19:21', 50, '90.37', '0.2000', '0.0000', 'GreatRhinoPMM', '0.1800', '0.0110', '0.0090', '1.0000', '35.3000', '21.9950', '10.0000', '10.0000', '10.0000', '87.2950', 6),
(5535, '2021-09-02 18:19:17', 50, '90.57', '0.2000', '0.0000', 'GreatRhinoPMM', '0.1800', '0.0110', '0.0090', '1.0000', '35.1400', '21.9750', '10.0000', '10.0000', '10.0000', '87.1150', 6),
(5534, '2021-09-02 18:19:14', 50, '90.77', '0.2000', '0.0000', 'GreatRhinoPMM', '0.1800', '0.0110', '0.0090', '1.0000', '34.9800', '21.9550', '10.0000', '10.0000', '10.0000', '86.9350', 6),
(5533, '2021-09-02 18:19:10', 50, '90.97', '0.2000', '0.0000', 'GreatRhinoPMM', '0.1800', '0.0110', '0.0090', '1.0000', '34.8200', '21.9350', '10.0000', '10.0000', '10.0000', '86.7550', 6),
(5532, '2021-09-02 18:19:06', 50, '91.17', '0.2000', '0.0000', 'GreatRhinoPMM', '0.1800', '0.0110', '0.0090', '1.0000', '34.6600', '21.9150', '10.0000', '10.0000', '10.0000', '86.5750', 6),
(5531, '2021-09-02 18:19:02', 50, '91.37', '0.2000', '0.0000', 'GreatRhinoPMM', '0.1800', '0.0110', '0.0090', '1.0000', '34.5000', '21.8950', '10.0000', '10.0000', '10.0000', '86.3950', 6),
(5530, '2021-09-02 18:18:59', 50, '91.57', '0.2000', '0.0000', 'GreatRhinoPMM', '0.1800', '0.0110', '0.0090', '1.0000', '34.3400', '21.8750', '10.0000', '10.0000', '10.0000', '86.2150', 6),
(5529, '2021-09-02 18:18:55', 50, '91.77', '0.2000', '0.0000', 'GreatRhinoPMM', '0.1800', '0.0110', '0.0090', '1.0000', '34.1800', '21.8550', '10.0000', '10.0000', '10.0000', '86.0350', 6),
(5528, '2021-09-02 18:18:52', 50, '91.97', '0.2000', '0.0000', 'GreatRhinoPMM', '0.1800', '0.0110', '0.0090', '1.0000', '34.0200', '21.8350', '10.0000', '10.0000', '10.0000', '85.8550', 6),
(5527, '2021-09-02 18:18:48', 50, '92.17', '0.2000', '0.0000', 'GreatRhinoPMM', '0.1800', '0.0110', '0.0090', '1.0000', '33.8600', '21.8150', '10.0000', '10.0000', '10.0000', '85.6750', 6),
(5526, '2021-09-02 18:18:44', 50, '92.37', '0.2000', '0.0000', 'GreatRhinoPMM', '0.1800', '0.0110', '0.0090', '1.0000', '33.7000', '21.7950', '10.0000', '10.0000', '10.0000', '85.4950', 6),
(5525, '2021-09-02 18:18:41', 50, '92.57', '0.2000', '0.0000', 'GreatRhinoPMM', '0.1800', '0.0110', '0.0090', '1.0000', '33.5400', '21.7750', '10.0000', '10.0000', '10.0000', '85.3150', 6),
(5524, '2021-09-02 18:18:35', 50, '92.77', '0.2000', '1.5500', 'GreatRhinoPMM', '0.1800', '0.0110', '0.0090', '1.0000', '33.5400', '21.5950', '10.0000', '10.0000', '10.0000', '85.1350', 6),
(5523, '2021-09-02 18:18:28', 50, '91.42', '0.2000', '0.5000', 'GreatRhinoPMM', '0.1800', '0.0110', '0.0090', '1.0000', '34.9300', '21.5750', '10.0000', '10.0000', '10.0000', '86.5050', 6),
(5522, '2021-09-02 18:18:24', 50, '91.12', '0.2000', '0.0000', 'GreatRhinoPMM', '0.1800', '0.0110', '0.0090', '1.0000', '35.2700', '21.5550', '10.0000', '10.0000', '10.0000', '86.8250', 6),
(5521, '2021-09-02 18:18:15', 50, '91.32', '0.2000', '0.0000', 'GreatRhinoPMM', '0.1800', '0.0110', '0.0090', '1.0000', '35.1100', '21.5350', '10.0000', '10.0000', '10.0000', '86.6450', 6),
(5520, '2021-09-02 18:17:24', 50, '91.52', '0.4000', '0.0000', 'WildBuffaloNG', '0.3600', '0.0220', '0.0180', '1.0000', '34.9500', '21.5150', '10.0000', '10.0000', '10.0000', '86.4650', 6),
(5519, '2021-09-02 18:17:19', 50, '91.92', '0.4000', '0.0000', 'WildBuffaloNG', '0.3600', '0.0220', '0.0180', '1.0000', '34.6300', '21.4750', '10.0000', '10.0000', '10.0000', '86.1050', 6),
(5518, '2021-09-02 18:17:15', 50, '92.32', '0.4000', '0.0000', 'WildBuffaloNG', '0.3600', '0.0220', '0.0180', '1.0000', '34.3100', '21.4350', '10.0000', '10.0000', '10.0000', '85.7450', 6),
(5517, '2021-09-02 18:17:11', 50, '92.72', '0.4000', '0.0000', 'WildBuffaloNG', '0.3600', '0.0220', '0.0180', '1.0000', '33.9900', '21.3950', '10.0000', '10.0000', '10.0000', '85.3850', 6),
(5516, '2021-09-02 16:29:47', 57, '2980.00', '20.0000', '0.0000', 'AllWaysFruitsAM', '18.0000', '1.1000', '0.9000', '1.0000', '33.6700', '21.3550', '10.0000', '10.0000', '10.0000', '85.0250', 6),
(5515, '2021-09-02 16:15:54', 50, '93.12', '0.0100', '0.0000', 'AllWaysFruitsAM', '0.0090', '0.0006', '0.0005', '1.0000', '17.6700', '19.3550', '10.0000', '10.0000', '10.0000', '67.0250', 6),
(5514, '2021-09-02 15:58:07', 54, '110.10', '0.0100', '0.0400', 'AllWaysFruitsAM', '0.0090', '0.0006', '0.0005', '1.0000', '27.6620', '29.3540', '10.0000', '10.0000', '10.0000', '87.0160', 6),
(5513, '2021-09-02 15:57:59', 54, '110.07', '0.0100', '0.0800', 'AllWaysFruitsAM', '0.0090', '0.0006', '0.0005', '1.0000', '27.6940', '29.3530', '10.0000', '10.0000', '10.0000', '87.0470', 6),
(5512, '2021-09-02 15:57:57', 54, '110.00', '0.0100', '0.0000', 'AllWaysFruitsAM', '0.0090', '0.0006', '0.0005', '1.0000', '27.7660', '29.3520', '10.0000', '10.0000', '10.0000', '87.1180', 6),
(5511, '2021-09-02 15:57:30', 54, '110.01', '0.0100', '0.0200', 'AllWaysFruitsAM', '0.0090', '0.0006', '0.0005', '1.0000', '27.7580', '29.3510', '10.0000', '10.0000', '10.0000', '87.1090', 6),
(5510, '2021-09-02 15:24:19', 57, '3000.00', '20.0000', '20.0000', 'AllWaysFruitsAM', '18.0000', '1.1000', '0.9000', '1.0000', '27.7700', '29.3500', '10.0000', '10.0000', '10.0000', '87.1200', 6),
(5509, '2021-09-02 15:23:41', 57, '3000.00', '20.0000', '20.0000', 'AllWaysFruitsAM', '18.0000', '1.1000', '0.9000', '1.0000', '31.7700', '27.3500', '10.0000', '10.0000', '10.0000', '89.1200', 6),
(5508, '2021-09-02 15:19:59', 57, '3000.00', '20.0000', '0.0000', 'AllWaysFruitsAM', '18.0000', '1.1000', '0.9000', '1.0000', '35.7700', '25.3500', '10.0000', '10.0000', '10.0000', '91.1200', 6),
(5507, '2021-09-02 12:29:07', 57, '3020.00', '20.0000', '40.0000', 'AllWaysFruitsAM', '18.0000', '1.1000', '0.9000', '1.0000', '19.7700', '33.3500', '10.0000', '10.0000', '10.0000', '83.1200', 6),
(5506, '2021-09-02 12:29:03', 57, '3000.00', '20.0000', '40.0000', 'AllWaysFruitsAM', '18.0000', '1.1000', '0.9000', '1.0000', '43.7700', '31.3500', '10.0000', '10.0000', '10.0000', '105.1200', 6),
(5505, '2021-09-02 12:29:00', 57, '2980.00', '20.0000', '0.0000', 'AllWaysFruitsAM', '18.0000', '1.1000', '0.9000', '1.0000', '67.7700', '29.3500', '10.0000', '10.0000', '10.0000', '127.1200', 6),
(5504, '2021-09-02 12:28:58', 57, '3000.00', '20.0000', '0.0000', 'AllWaysFruitsAM', '18.0000', '1.1000', '0.9000', '1.0000', '51.7700', '27.3500', '10.0000', '10.0000', '10.0000', '109.1200', 6),
(5503, '2021-09-02 12:28:54', 57, '3020.00', '20.0000', '0.0000', 'AllWaysFruitsAM', '18.0000', '1.1000', '0.9000', '1.0000', '35.7700', '25.3500', '10.0000', '10.0000', '10.0000', '91.1200', 6),
(5502, '2021-09-02 12:28:45', 57, '3040.00', '20.0000', '40.0000', 'AllWaysFruitsAM', '18.0000', '1.1000', '0.9000', '1.0000', '19.7700', '23.3500', '10.0000', '10.0000', '10.0000', '73.1200', 6),
(5501, '2021-09-02 12:27:31', 57, '3020.00', '20.0000', '80.0000', 'AllWaysFruitsAM', '18.0000', '1.1000', '0.9000', '1.0000', '43.7700', '21.3500', '10.0000', '10.0000', '10.0000', '95.1200', 6),
(5500, '2021-09-02 12:27:27', 57, '2960.00', '20.0000', '40.0000', 'AllWaysFruitsAM', '18.0000', '1.1000', '0.9000', '1.0000', '107.7700', '19.3500', '10.0000', '10.0000', '10.0000', '157.1200', 6),
(5499, '2021-09-02 12:27:25', 57, '2940.00', '20.0000', '0.0000', 'AllWaysFruitsAM', '18.0000', '1.1000', '0.9000', '1.0000', '131.7700', '17.3500', '10.0000', '10.0000', '10.0000', '179.1200', 6),
(5498, '2021-09-02 12:27:22', 57, '2960.00', '20.0000', '0.0000', 'AllWaysFruitsAM', '18.0000', '1.1000', '0.9000', '1.0000', '115.7700', '15.3500', '10.0000', '10.0000', '10.0000', '161.1200', 6),
(5497, '2021-09-02 12:26:44', 57, '2980.00', '20.0000', '100.0000', 'AllWaysFruitsAM', '18.0000', '1.1000', '0.9000', '1.0000', '99.7700', '13.3500', '10.0000', '10.0000', '10.0000', '143.1200', 6),
(5496, '2021-09-02 12:26:42', 57, '2900.00', '20.0000', '0.0000', 'AllWaysFruitsAM', '18.0000', '1.1000', '0.9000', '1.0000', '183.7700', '11.3500', '10.0000', '10.0000', '10.0000', '225.1200', 6),
(5495, '2021-09-02 12:26:39', 57, '2920.00', '20.0000', '0.0000', 'AllWaysFruitsAM', '18.0000', '1.1000', '0.9000', '1.0000', '217.7700', '9.3500', '10.0000', '10.0000', '10.0000', '257.1200', 6),
(5494, '2021-09-02 12:26:37', 57, '2940.00', '20.0000', '0.0000', 'AllWaysFruitsAM', '18.0000', '1.1000', '0.9000', '1.0000', '201.7700', '7.3500', '10.0000', '10.0000', '10.0000', '239.1200', 6),
(5493, '2021-09-02 12:26:35', 57, '2960.00', '20.0000', '0.0000', 'AllWaysFruitsAM', '18.0000', '1.1000', '0.9000', '1.0000', '185.7700', '5.3500', '10.0000', '10.0000', '10.0000', '221.1200', 6),
(5492, '2021-09-02 12:26:32', 57, '2980.00', '20.0000', '0.0000', 'AllWaysFruitsAM', '18.0000', '1.1000', '0.9000', '1.0000', '209.7700', '3.3500', '10.0000', '10.0000', '10.0000', '243.1200', 6),
(5491, '2021-09-02 12:18:17', 65, '0.00', '0.0500', '0.0000', 'AlwaysHotCubesGTM', '0.0500', '0.0000', '0.0000', '1.0000', '18.8000', '11.1000', '10.0000', '10.0000', '10.0000', '59.9000', 7),
(5490, '2021-09-02 12:18:15', 65, '0.05', '0.0500', '0.0000', 'AlwaysHotCubesGTM', '0.0500', '0.0000', '0.0000', '1.0000', '18.7500', '11.1000', '10.0000', '10.0000', '10.0000', '59.8500', 7),
(5489, '2021-09-02 12:18:14', 65, '0.10', '0.0500', '0.0000', 'AlwaysHotCubesGTM', '0.0500', '0.0000', '0.0000', '1.0000', '18.7000', '11.1000', '10.0000', '10.0000', '10.0000', '59.8000', 7),
(5488, '2021-09-02 12:16:24', 65, '0.15', '0.1000', '0.0000', 'Ultra7AM', '0.1000', '0.0000', '0.0000', '1.0000', '18.6500', '11.1000', '10.0000', '10.0000', '10.0000', '59.7500', 7),
(5487, '2021-09-02 12:16:21', 65, '0.25', '0.1000', '0.0000', 'Ultra7AM', '0.1000', '0.0000', '0.0000', '1.0000', '18.5500', '11.1000', '10.0000', '10.0000', '10.0000', '59.6500', 7),
(5486, '2021-09-02 12:16:18', 65, '0.35', '0.1000', '0.0000', 'Ultra7AM', '0.1000', '0.0000', '0.0000', '1.0000', '18.4500', '11.1000', '10.0000', '10.0000', '10.0000', '59.5500', 7),
(5485, '2021-09-02 12:16:15', 65, '0.45', '0.1000', '0.0000', 'Ultra7AM', '0.1000', '0.0000', '0.0000', '1.0000', '18.3500', '11.1000', '10.0000', '10.0000', '10.0000', '59.4500', 7),
(5484, '2021-09-02 12:16:13', 65, '0.55', '0.1000', '0.0000', 'Ultra7AM', '0.1000', '0.0000', '0.0000', '1.0000', '18.2500', '11.1000', '10.0000', '10.0000', '10.0000', '59.3500', 7),
(5483, '2021-09-02 12:16:10', 65, '0.65', '0.1000', '0.0000', 'Ultra7AM', '0.1000', '0.0000', '0.0000', '1.0000', '18.1500', '11.1000', '10.0000', '10.0000', '10.0000', '59.2500', 7),
(5482, '2021-09-02 12:16:08', 65, '0.75', '0.1000', '0.0000', 'Ultra7AM', '0.1000', '0.0000', '0.0000', '1.0000', '18.0500', '11.1000', '10.0000', '10.0000', '10.0000', '59.1500', 7),
(5481, '2021-09-02 12:16:07', 65, '0.85', '0.1000', '0.0000', 'Ultra7AM', '0.1000', '0.0000', '0.0000', '1.0000', '17.9500', '11.1000', '10.0000', '10.0000', '10.0000', '59.0500', 7),
(5480, '2021-09-02 12:16:06', 65, '0.95', '0.1000', '0.0000', 'Ultra7AM', '0.1000', '0.0000', '0.0000', '1.0000', '17.8500', '11.1000', '10.0000', '10.0000', '10.0000', '58.9500', 7),
(5479, '2021-09-02 12:16:04', 65, '1.05', '0.1000', '0.0000', 'Ultra7AM', '0.1000', '0.0000', '0.0000', '1.0000', '17.7500', '11.1000', '10.0000', '10.0000', '10.0000', '58.8500', 7),
(5478, '2021-09-02 12:16:03', 65, '1.15', '0.1000', '0.0000', 'Ultra7AM', '0.1000', '0.0000', '0.0000', '1.0000', '17.6500', '11.1000', '10.0000', '10.0000', '10.0000', '58.7500', 7),
(5477, '2021-09-02 12:16:01', 65, '1.25', '0.1000', '0.0000', 'Ultra7AM', '0.1000', '0.0000', '0.0000', '1.0000', '17.5500', '11.1000', '10.0000', '10.0000', '10.0000', '58.6500', 7),
(5476, '2021-09-02 12:15:59', 65, '1.35', '0.1000', '0.0000', 'Ultra7AM', '0.1000', '0.0000', '0.0000', '1.0000', '17.4500', '11.1000', '10.0000', '10.0000', '10.0000', '58.5500', 7),
(5475, '2021-09-02 12:15:57', 65, '1.45', '0.1000', '0.1500', 'Ultra7AM', '0.1000', '0.0000', '0.0000', '1.0000', '17.3500', '11.1000', '10.0000', '10.0000', '10.0000', '58.4500', 7),
(5474, '2021-09-02 12:15:55', 65, '1.40', '0.1000', '0.0000', 'Ultra7AM', '0.1000', '0.0000', '0.0000', '1.0000', '17.4000', '11.1000', '10.0000', '10.0000', '10.0000', '58.5000', 7),
(5473, '2021-09-02 12:15:54', 65, '1.50', '0.1000', '0.0000', 'Ultra7AM', '0.1000', '0.0000', '0.0000', '1.0000', '17.3000', '11.1000', '10.0000', '10.0000', '10.0000', '58.4000', 7),
(5472, '2021-09-02 12:15:53', 65, '1.60', '0.1000', '0.0000', 'Ultra7AM', '0.1000', '0.0000', '0.0000', '1.0000', '17.2000', '11.1000', '10.0000', '10.0000', '10.0000', '58.3000', 7),
(5471, '2021-09-02 12:15:52', 65, '1.70', '0.1000', '0.0000', 'Ultra7AM', '0.1000', '0.0000', '0.0000', '1.0000', '17.1000', '11.1000', '10.0000', '10.0000', '10.0000', '58.2000', 7),
(5470, '2021-09-02 12:15:51', 65, '1.80', '0.1000', '0.0000', 'Ultra7AM', '0.1000', '0.0000', '0.0000', '1.0000', '17.0000', '11.1000', '10.0000', '10.0000', '10.0000', '58.1000', 7),
(5469, '2021-09-02 12:15:49', 65, '1.90', '0.1000', '0.0000', 'Ultra7AM', '0.1000', '0.0000', '0.0000', '1.0000', '16.9000', '11.1000', '10.0000', '10.0000', '10.0000', '58.0000', 7),
(5468, '2021-09-02 12:15:48', 65, '2.00', '0.1000', '0.0000', 'Ultra7AM', '0.1000', '0.0000', '0.0000', '1.0000', '16.8000', '11.1000', '10.0000', '10.0000', '10.0000', '57.9000', 7),
(5467, '2021-09-02 12:15:47', 65, '2.10', '0.1000', '0.0000', 'Ultra7AM', '0.1000', '0.0000', '0.0000', '1.0000', '16.7000', '11.1000', '10.0000', '10.0000', '10.0000', '57.8000', 7),
(5466, '2021-09-02 12:15:46', 65, '2.20', '0.1000', '0.0000', 'Ultra7AM', '0.1000', '0.0000', '0.0000', '1.0000', '16.6000', '11.1000', '10.0000', '10.0000', '10.0000', '57.7000', 7),
(5465, '2021-09-02 12:15:44', 65, '2.30', '0.1000', '0.0000', 'Ultra7AM', '0.1000', '0.0000', '0.0000', '1.0000', '16.5000', '11.1000', '10.0000', '10.0000', '10.0000', '57.6000', 7),
(5464, '2021-09-02 12:15:41', 65, '2.40', '0.1000', '0.4000', 'Ultra7AM', '0.1000', '0.0000', '0.0000', '1.0000', '16.4000', '11.1000', '10.0000', '10.0000', '10.0000', '57.5000', 7),
(5463, '2021-09-02 12:15:40', 65, '2.10', '0.1000', '0.0000', 'Ultra7AM', '0.1000', '0.0000', '0.0000', '1.0000', '16.7000', '11.1000', '10.0000', '10.0000', '10.0000', '57.8000', 7),
(5462, '2021-09-02 12:15:39', 65, '2.20', '0.1000', '0.0000', 'Ultra7AM', '0.1000', '0.0000', '0.0000', '1.0000', '16.6000', '11.1000', '10.0000', '10.0000', '10.0000', '57.7000', 7),
(5461, '2021-09-02 12:15:37', 65, '2.30', '0.1000', '0.0000', 'Ultra7AM', '0.1000', '0.0000', '0.0000', '1.0000', '16.5000', '11.1000', '10.0000', '10.0000', '10.0000', '57.6000', 7),
(5460, '2021-09-02 12:15:36', 65, '2.40', '0.1000', '0.0000', 'Ultra7AM', '0.1000', '0.0000', '0.0000', '1.0000', '16.4000', '11.1000', '10.0000', '10.0000', '10.0000', '57.5000', 7),
(5459, '2021-09-02 12:15:35', 65, '2.50', '0.1000', '0.0000', 'Ultra7AM', '0.1000', '0.0000', '0.0000', '1.0000', '16.3000', '11.1000', '10.0000', '10.0000', '10.0000', '57.4000', 7),
(5458, '2021-09-02 12:15:33', 65, '2.60', '0.1000', '0.0000', 'Ultra7AM', '0.1000', '0.0000', '0.0000', '1.0000', '16.2000', '11.1000', '10.0000', '10.0000', '10.0000', '57.3000', 7),
(5457, '2021-09-02 12:15:30', 65, '2.70', '0.1000', '0.0000', 'Ultra7AM', '0.1000', '0.0000', '0.0000', '1.0000', '16.1000', '11.1000', '10.0000', '10.0000', '10.0000', '57.2000', 7),
(5456, '2021-09-02 12:15:29', 65, '2.80', '0.1000', '0.0000', 'Ultra7AM', '0.1000', '0.0000', '0.0000', '1.0000', '16.0000', '11.1000', '10.0000', '10.0000', '10.0000', '57.1000', 7),
(5455, '2021-09-02 12:15:28', 65, '2.90', '0.1000', '0.0000', 'Ultra7AM', '0.1000', '0.0000', '0.0000', '1.0000', '15.9000', '11.1000', '10.0000', '10.0000', '10.0000', '57.0000', 7),
(5454, '2021-09-02 12:15:26', 65, '3.00', '0.1000', '0.0000', 'Ultra7AM', '0.1000', '0.0000', '0.0000', '1.0000', '15.8000', '11.1000', '10.0000', '10.0000', '10.0000', '56.9000', 7),
(5453, '2021-09-02 12:15:24', 65, '3.10', '0.1000', '0.0000', 'Ultra7AM', '0.1000', '0.0000', '0.0000', '1.0000', '15.7000', '11.1000', '10.0000', '10.0000', '10.0000', '56.8000', 7),
(5452, '2021-09-02 12:15:20', 65, '3.20', '0.1000', '2.5000', 'Ultra7AM', '0.1000', '0.0000', '0.0000', '1.0000', '15.6000', '11.1000', '10.0000', '10.0000', '10.0000', '56.7000', 7),
(5451, '2021-09-02 12:15:19', 65, '0.80', '0.1000', '0.0000', 'Ultra7AM', '0.1000', '0.0000', '0.0000', '1.0000', '18.0000', '11.1000', '10.0000', '10.0000', '10.0000', '59.1000', 7),
(5450, '2021-09-02 12:15:18', 65, '0.90', '0.1000', '0.0000', 'Ultra7AM', '0.1000', '0.0000', '0.0000', '1.0000', '17.9000', '11.1000', '10.0000', '10.0000', '10.0000', '59.0000', 7),
(5449, '2021-09-02 12:15:16', 65, '1.00', '0.1000', '0.0000', 'Ultra7AM', '0.1000', '0.0000', '0.0000', '1.0000', '17.8000', '11.1000', '10.0000', '10.0000', '10.0000', '58.9000', 7),
(5448, '2021-09-02 12:15:15', 65, '1.10', '0.1000', '0.0000', 'Ultra7AM', '0.1000', '0.0000', '0.0000', '1.0000', '17.7000', '11.1000', '10.0000', '10.0000', '10.0000', '58.8000', 7),
(5447, '2021-09-02 12:15:14', 65, '1.20', '0.1000', '0.0000', 'Ultra7AM', '0.1000', '0.0000', '0.0000', '1.0000', '17.6000', '11.1000', '10.0000', '10.0000', '10.0000', '58.7000', 7),
(5446, '2021-09-02 12:15:13', 65, '1.30', '0.1000', '0.0000', 'Ultra7AM', '0.1000', '0.0000', '0.0000', '1.0000', '17.5000', '11.1000', '10.0000', '10.0000', '10.0000', '58.6000', 7),
(5445, '2021-09-02 12:15:11', 65, '1.40', '0.1000', '0.0000', 'Ultra7AM', '0.1000', '0.0000', '0.0000', '1.0000', '17.4000', '11.1000', '10.0000', '10.0000', '10.0000', '58.5000', 7),
(5444, '2021-09-02 12:15:10', 65, '1.50', '0.1000', '0.0000', 'Ultra7AM', '0.1000', '0.0000', '0.0000', '1.0000', '17.3000', '11.1000', '10.0000', '10.0000', '10.0000', '58.4000', 7),
(5443, '2021-09-02 12:15:09', 65, '1.60', '0.1000', '0.0000', 'Ultra7AM', '0.1000', '0.0000', '0.0000', '1.0000', '17.2000', '11.1000', '10.0000', '10.0000', '10.0000', '58.3000', 7),
(5442, '2021-09-02 12:15:07', 65, '1.70', '0.1000', '0.0000', 'Ultra7AM', '0.1000', '0.0000', '0.0000', '1.0000', '17.1000', '11.1000', '10.0000', '10.0000', '10.0000', '58.2000', 7),
(5441, '2021-09-02 12:15:05', 65, '1.80', '0.1000', '0.0000', 'Ultra7AM', '0.1000', '0.0000', '0.0000', '1.0000', '17.0000', '11.1000', '10.0000', '10.0000', '10.0000', '58.1000', 7),
(5440, '2021-09-02 12:15:02', 65, '1.90', '0.1000', '0.5000', 'Ultra7AM', '0.1000', '0.0000', '0.0000', '1.0000', '16.9000', '11.1000', '10.0000', '10.0000', '10.0000', '58.0000', 7),
(5439, '2021-09-02 12:15:01', 65, '1.50', '0.1000', '0.0000', 'Ultra7AM', '0.1000', '0.0000', '0.0000', '1.0000', '17.3000', '11.1000', '10.0000', '10.0000', '10.0000', '58.4000', 7),
(5438, '2021-09-02 12:14:59', 65, '1.60', '0.1000', '0.0000', 'Ultra7AM', '0.1000', '0.0000', '0.0000', '1.0000', '17.2000', '11.1000', '10.0000', '10.0000', '10.0000', '58.3000', 7),
(5437, '2021-09-02 12:14:58', 65, '1.70', '0.1000', '0.0000', 'Ultra7AM', '0.1000', '0.0000', '0.0000', '1.0000', '17.1000', '11.1000', '10.0000', '10.0000', '10.0000', '58.2000', 7),
(5436, '2021-09-02 12:14:57', 65, '1.80', '0.1000', '0.0000', 'Ultra7AM', '0.1000', '0.0000', '0.0000', '1.0000', '17.0000', '11.1000', '10.0000', '10.0000', '10.0000', '58.1000', 7),
(5435, '2021-09-02 12:14:56', 65, '1.90', '0.1000', '0.0000', 'Ultra7AM', '0.1000', '0.0000', '0.0000', '1.0000', '16.9000', '11.1000', '10.0000', '10.0000', '10.0000', '58.0000', 7),
(5434, '2021-09-02 12:14:54', 65, '2.00', '0.1000', '0.0000', 'Ultra7AM', '0.1000', '0.0000', '0.0000', '1.0000', '16.8000', '11.1000', '10.0000', '10.0000', '10.0000', '57.9000', 7),
(5433, '2021-09-02 12:14:53', 65, '2.10', '0.1000', '0.0000', 'Ultra7AM', '0.1000', '0.0000', '0.0000', '1.0000', '16.7000', '11.1000', '10.0000', '10.0000', '10.0000', '57.8000', 7),
(5432, '2021-09-02 12:14:50', 65, '2.20', '0.1000', '0.6000', 'Ultra7AM', '0.1000', '0.0000', '0.0000', '1.0000', '16.6000', '11.1000', '10.0000', '10.0000', '10.0000', '57.7000', 7),
(5431, '2021-09-02 12:14:49', 65, '1.70', '0.1000', '0.0000', 'Ultra7AM', '0.1000', '0.0000', '0.0000', '1.0000', '17.1000', '11.1000', '10.0000', '10.0000', '10.0000', '58.2000', 7),
(5430, '2021-09-02 12:14:48', 65, '1.80', '0.1000', '0.0000', 'Ultra7AM', '0.1000', '0.0000', '0.0000', '1.0000', '17.0000', '11.1000', '10.0000', '10.0000', '10.0000', '58.1000', 7),
(5429, '2021-09-02 12:14:45', 65, '1.90', '0.1000', '0.2000', 'Ultra7AM', '0.1000', '0.0000', '0.0000', '1.0000', '16.9000', '11.1000', '10.0000', '10.0000', '10.0000', '58.0000', 7),
(5428, '2021-09-02 12:14:44', 65, '1.80', '0.1000', '0.0000', 'Ultra7AM', '0.1000', '0.0000', '0.0000', '1.0000', '17.0000', '11.1000', '10.0000', '10.0000', '10.0000', '58.1000', 7),
(5427, '2021-09-02 12:14:42', 65, '1.90', '0.1000', '0.0000', 'Ultra7AM', '0.1000', '0.0000', '0.0000', '1.0000', '16.9000', '11.1000', '10.0000', '10.0000', '10.0000', '58.0000', 7),
(5426, '2021-09-02 12:14:41', 65, '2.00', '0.1000', '0.0000', 'Ultra7AM', '0.1000', '0.0000', '0.0000', '1.0000', '16.8000', '11.1000', '10.0000', '10.0000', '10.0000', '57.9000', 7),
(5425, '2021-09-02 12:14:40', 65, '2.10', '0.1000', '0.0000', 'Ultra7AM', '0.1000', '0.0000', '0.0000', '1.0000', '16.7000', '11.1000', '10.0000', '10.0000', '10.0000', '57.8000', 7),
(5424, '2021-09-02 12:14:37', 65, '2.20', '0.1000', '0.2000', 'Ultra7AM', '0.1000', '0.0000', '0.0000', '1.0000', '16.6000', '11.1000', '10.0000', '10.0000', '10.0000', '57.7000', 7),
(5423, '2021-09-02 12:14:36', 65, '2.10', '0.1000', '0.0000', 'Ultra7AM', '0.1000', '0.0000', '0.0000', '1.0000', '16.7000', '11.1000', '10.0000', '10.0000', '10.0000', '57.8000', 7),
(5422, '2021-09-02 12:14:35', 65, '2.20', '0.1000', '0.0000', 'Ultra7AM', '0.1000', '0.0000', '0.0000', '1.0000', '16.6000', '11.1000', '10.0000', '10.0000', '10.0000', '57.7000', 7),
(5421, '2021-09-02 12:14:34', 65, '2.30', '0.1000', '0.0000', 'Ultra7AM', '0.1000', '0.0000', '0.0000', '1.0000', '16.5000', '11.1000', '10.0000', '10.0000', '10.0000', '57.6000', 7),
(5420, '2021-09-02 12:14:32', 65, '2.40', '0.1000', '0.0000', 'Ultra7AM', '0.1000', '0.0000', '0.0000', '1.0000', '16.4000', '11.1000', '10.0000', '10.0000', '10.0000', '57.5000', 7),
(5419, '2021-09-02 12:14:31', 65, '2.50', '0.1000', '0.0000', 'Ultra7AM', '0.1000', '0.0000', '0.0000', '1.0000', '16.3000', '11.1000', '10.0000', '10.0000', '10.0000', '57.4000', 7),
(5418, '2021-09-02 12:14:30', 65, '2.60', '0.1000', '0.0000', 'Ultra7AM', '0.1000', '0.0000', '0.0000', '1.0000', '16.2000', '11.1000', '10.0000', '10.0000', '10.0000', '57.3000', 7),
(5417, '2021-09-02 12:14:27', 65, '2.70', '0.1000', '1.0000', 'Ultra7AM', '0.1000', '0.0000', '0.0000', '1.0000', '16.1000', '11.1000', '10.0000', '10.0000', '10.0000', '57.2000', 7),
(5416, '2021-09-02 12:14:25', 65, '1.80', '0.1000', '0.0000', 'Ultra7AM', '0.1000', '0.0000', '0.0000', '1.0000', '17.0000', '11.1000', '10.0000', '10.0000', '10.0000', '58.1000', 7),
(5415, '2021-09-02 12:14:24', 65, '1.90', '0.1000', '0.0000', 'Ultra7AM', '0.1000', '0.0000', '0.0000', '1.0000', '16.9000', '11.1000', '10.0000', '10.0000', '10.0000', '58.0000', 7),
(5414, '2021-09-02 12:14:23', 65, '2.00', '0.1000', '0.0000', 'Ultra7AM', '0.1000', '0.0000', '0.0000', '1.0000', '16.8000', '11.1000', '10.0000', '10.0000', '10.0000', '57.9000', 7),
(5413, '2021-09-02 12:14:21', 65, '2.10', '0.1000', '0.0000', 'Ultra7AM', '0.1000', '0.0000', '0.0000', '1.0000', '16.7000', '11.1000', '10.0000', '10.0000', '10.0000', '57.8000', 7),
(5412, '2021-09-02 12:14:20', 65, '2.20', '0.1000', '0.0000', 'Ultra7AM', '0.1000', '0.0000', '0.0000', '1.0000', '16.6000', '11.1000', '10.0000', '10.0000', '10.0000', '57.7000', 7),
(5411, '2021-09-02 12:14:19', 65, '2.30', '0.1000', '0.0000', 'Ultra7AM', '0.1000', '0.0000', '0.0000', '1.0000', '16.5000', '11.1000', '10.0000', '10.0000', '10.0000', '57.6000', 7),
(5410, '2021-09-02 12:14:17', 65, '2.40', '0.1000', '0.0000', 'Ultra7AM', '0.1000', '0.0000', '0.0000', '1.0000', '16.4000', '11.1000', '10.0000', '10.0000', '10.0000', '57.5000', 7),
(5409, '2021-09-02 12:14:16', 65, '2.50', '0.1000', '0.0000', 'Ultra7AM', '0.1000', '0.0000', '0.0000', '1.0000', '16.3000', '11.1000', '10.0000', '10.0000', '10.0000', '57.4000', 7),
(5408, '2021-09-02 12:14:14', 65, '2.60', '0.1000', '0.0000', 'Ultra7AM', '0.1000', '0.0000', '0.0000', '1.0000', '16.2000', '11.1000', '10.0000', '10.0000', '10.0000', '57.3000', 7),
(5407, '2021-09-02 12:14:13', 65, '2.70', '0.1000', '0.0000', 'Ultra7AM', '0.1000', '0.0000', '0.0000', '1.0000', '16.1000', '11.1000', '10.0000', '10.0000', '10.0000', '57.2000', 7),
(5406, '2021-09-02 12:14:12', 65, '2.80', '0.1000', '0.0000', 'Ultra7AM', '0.1000', '0.0000', '0.0000', '1.0000', '16.0000', '11.1000', '10.0000', '10.0000', '10.0000', '57.1000', 7),
(5405, '2021-09-02 12:14:09', 65, '2.90', '0.1000', '0.0000', 'Ultra7AM', '0.1000', '0.0000', '0.0000', '1.0000', '15.9000', '11.1000', '10.0000', '10.0000', '10.0000', '57.0000', 7),
(5404, '2021-09-02 12:14:07', 65, '3.00', '0.1000', '0.0000', 'Ultra7AM', '0.1000', '0.0000', '0.0000', '1.0000', '15.8000', '11.1000', '10.0000', '10.0000', '10.0000', '56.9000', 7),
(5403, '2021-09-02 12:14:04', 65, '3.10', '0.1000', '0.0000', 'Ultra7AM', '0.1000', '0.0000', '0.0000', '1.0000', '15.7000', '11.1000', '10.0000', '10.0000', '10.0000', '56.8000', 7),
(5402, '2021-09-02 12:14:02', 65, '3.20', '0.1000', '0.0000', 'Ultra7AM', '0.1000', '0.0000', '0.0000', '1.0000', '15.6000', '11.1000', '10.0000', '10.0000', '10.0000', '56.7000', 7),
(5401, '2021-09-02 12:14:00', 65, '3.30', '0.1000', '0.0000', 'Ultra7AM', '0.1000', '0.0000', '0.0000', '1.0000', '15.5000', '11.1000', '10.0000', '10.0000', '10.0000', '56.6000', 7),
(5400, '2021-09-02 12:13:55', 65, '3.40', '0.1000', '0.8000', 'Ultra7AM', '0.1000', '0.0000', '0.0000', '1.0000', '15.4000', '11.1000', '10.0000', '10.0000', '10.0000', '56.5000', 7),
(5399, '2021-09-02 12:13:53', 65, '2.70', '0.1000', '0.0000', 'Ultra7AM', '0.1000', '0.0000', '0.0000', '1.0000', '16.1000', '11.1000', '10.0000', '10.0000', '10.0000', '57.2000', 7),
(5398, '2021-09-02 12:13:50', 65, '2.80', '0.1000', '0.0000', 'Ultra7AM', '0.1000', '0.0000', '0.0000', '1.0000', '16.0000', '11.1000', '10.0000', '10.0000', '10.0000', '57.1000', 7),
(5397, '2021-09-02 12:13:49', 65, '2.90', '0.1000', '0.0000', 'Ultra7AM', '0.1000', '0.0000', '0.0000', '1.0000', '15.9000', '11.1000', '10.0000', '10.0000', '10.0000', '57.0000', 7),
(5396, '2021-09-02 12:13:47', 65, '3.00', '0.1000', '0.0000', 'Ultra7AM', '0.1000', '0.0000', '0.0000', '1.0000', '15.8000', '11.1000', '10.0000', '10.0000', '10.0000', '56.9000', 7),
(5395, '2021-09-02 12:13:44', 65, '3.10', '0.1000', '0.0000', 'Ultra7AM', '0.1000', '0.0000', '0.0000', '1.0000', '15.7000', '11.1000', '10.0000', '10.0000', '10.0000', '56.8000', 7),
(5394, '2021-09-02 12:13:43', 65, '3.20', '0.1000', '0.0000', 'Ultra7AM', '0.1000', '0.0000', '0.0000', '1.0000', '15.6000', '11.1000', '10.0000', '10.0000', '10.0000', '56.7000', 7),
(5393, '2021-09-02 12:13:41', 65, '3.30', '0.1000', '0.0000', 'Ultra7AM', '0.1000', '0.0000', '0.0000', '1.0000', '15.5000', '11.1000', '10.0000', '10.0000', '10.0000', '56.6000', 7),
(5392, '2021-09-02 12:13:38', 65, '3.40', '0.1000', '0.0000', 'Ultra7AM', '0.1000', '0.0000', '0.0000', '1.0000', '15.4000', '11.1000', '10.0000', '10.0000', '10.0000', '56.5000', 7),
(5391, '2021-09-02 12:13:36', 65, '3.50', '0.1000', '0.0000', 'Ultra7AM', '0.1000', '0.0000', '0.0000', '1.0000', '15.3000', '11.1000', '10.0000', '10.0000', '10.0000', '56.4000', 7),
(5390, '2021-09-02 12:13:35', 65, '3.60', '0.1000', '0.0000', 'Ultra7AM', '0.1000', '0.0000', '0.0000', '1.0000', '15.2000', '11.1000', '10.0000', '10.0000', '10.0000', '56.3000', 7),
(5389, '2021-09-02 12:13:34', 65, '3.70', '0.1000', '0.0000', 'Ultra7AM', '0.1000', '0.0000', '0.0000', '1.0000', '15.1000', '11.1000', '10.0000', '10.0000', '10.0000', '56.2000', 7),
(5388, '2021-09-02 12:13:33', 65, '3.80', '0.1000', '0.0000', 'Ultra7AM', '0.1000', '0.0000', '0.0000', '1.0000', '15.0000', '11.1000', '10.0000', '10.0000', '10.0000', '56.1000', 7),
(5387, '2021-09-02 12:13:32', 65, '3.90', '0.1000', '0.0000', 'Ultra7AM', '0.1000', '0.0000', '0.0000', '1.0000', '14.9000', '11.1000', '10.0000', '10.0000', '10.0000', '56.0000', 7),
(5386, '2021-09-02 12:13:30', 65, '4.00', '0.1000', '0.0000', 'Ultra7AM', '0.1000', '0.0000', '0.0000', '1.0000', '14.8000', '11.1000', '10.0000', '10.0000', '10.0000', '55.9000', 7),
(5385, '2021-09-02 12:13:29', 65, '4.10', '0.1000', '0.0000', 'Ultra7AM', '0.1000', '0.0000', '0.0000', '1.0000', '14.7000', '11.1000', '10.0000', '10.0000', '10.0000', '55.8000', 7),
(5384, '2021-09-02 12:13:28', 65, '4.20', '0.1000', '0.0000', 'Ultra7AM', '0.1000', '0.0000', '0.0000', '1.0000', '14.6000', '11.1000', '10.0000', '10.0000', '10.0000', '55.7000', 7),
(5383, '2021-09-02 12:13:26', 65, '4.30', '0.1000', '0.0000', 'Ultra7AM', '0.1000', '0.0000', '0.0000', '1.0000', '14.5000', '11.1000', '10.0000', '10.0000', '10.0000', '55.6000', 7),
(5382, '2021-09-02 12:13:25', 65, '4.40', '0.1000', '0.0000', 'Ultra7AM', '0.1000', '0.0000', '0.0000', '1.0000', '14.4000', '11.1000', '10.0000', '10.0000', '10.0000', '55.5000', 7),
(5381, '2021-09-02 12:13:24', 65, '4.50', '0.1000', '0.0000', 'Ultra7AM', '0.1000', '0.0000', '0.0000', '1.0000', '14.3000', '11.1000', '10.0000', '10.0000', '10.0000', '55.4000', 7),
(5380, '2021-09-02 12:13:22', 65, '4.60', '0.1000', '0.0000', 'Ultra7AM', '0.1000', '0.0000', '0.0000', '1.0000', '14.2000', '11.1000', '10.0000', '10.0000', '10.0000', '55.3000', 7),
(5379, '2021-09-02 12:13:21', 65, '4.70', '0.1000', '0.0000', 'Ultra7AM', '0.1000', '0.0000', '0.0000', '1.0000', '14.1000', '11.1000', '10.0000', '10.0000', '10.0000', '55.2000', 7),
(5378, '2021-09-02 12:13:19', 65, '4.80', '0.1000', '0.0000', 'Ultra7AM', '0.1000', '0.0000', '0.0000', '1.0000', '14.0000', '11.1000', '10.0000', '10.0000', '10.0000', '55.1000', 7),
(5377, '2021-09-02 12:13:16', 65, '4.90', '0.1000', '0.0000', 'Ultra7AM', '0.1000', '0.0000', '0.0000', '1.0000', '13.9000', '11.1000', '10.0000', '10.0000', '10.0000', '55.0000', 7),
(5376, '2021-09-02 12:13:14', 65, '5.00', '0.1000', '0.0000', 'Ultra7AM', '0.1000', '0.0000', '0.0000', '1.0000', '13.8000', '11.1000', '10.0000', '10.0000', '10.0000', '54.9000', 7),
(5375, '2021-09-02 12:13:12', 65, '5.10', '0.1000', '0.0000', 'Ultra7AM', '0.1000', '0.0000', '0.0000', '1.0000', '13.7000', '11.1000', '10.0000', '10.0000', '10.0000', '54.8000', 7),
(5374, '2021-09-02 12:13:10', 65, '5.20', '0.1000', '0.0000', 'Ultra7AM', '0.1000', '0.0000', '0.0000', '1.0000', '13.6000', '11.1000', '10.0000', '10.0000', '10.0000', '54.7000', 7),
(5373, '2021-09-02 12:13:07', 65, '5.30', '0.1000', '0.0000', 'Ultra7AM', '0.1000', '0.0000', '0.0000', '1.0000', '13.5000', '11.1000', '10.0000', '10.0000', '10.0000', '54.6000', 7),
(5372, '2021-09-02 12:13:04', 65, '5.40', '0.1000', '0.0000', 'Ultra7AM', '0.1000', '0.0000', '0.0000', '1.0000', '13.4000', '11.1000', '10.0000', '10.0000', '10.0000', '54.5000', 7),
(5371, '2021-09-02 12:13:02', 65, '5.50', '0.1000', '0.0000', 'Ultra7AM', '0.1000', '0.0000', '0.0000', '1.0000', '13.3000', '11.1000', '10.0000', '10.0000', '10.0000', '54.4000', 7),
(5370, '2021-09-02 12:12:59', 65, '5.60', '0.1000', '0.0000', 'Ultra7AM', '0.1000', '0.0000', '0.0000', '1.0000', '13.2000', '11.1000', '10.0000', '10.0000', '10.0000', '54.3000', 7),
(5369, '2021-09-02 12:12:57', 65, '5.70', '0.1000', '0.0000', 'Ultra7AM', '0.1000', '0.0000', '0.0000', '1.0000', '13.1000', '11.1000', '10.0000', '10.0000', '10.0000', '54.2000', 7),
(5368, '2021-09-02 12:12:54', 65, '5.80', '0.1000', '0.0000', 'Ultra7AM', '0.1000', '0.0000', '0.0000', '1.0000', '13.0000', '11.1000', '10.0000', '10.0000', '10.0000', '54.1000', 7),
(5367, '2021-09-02 12:12:49', 65, '5.90', '0.1000', '0.2000', 'Ultra7AM', '0.1000', '0.0000', '0.0000', '1.0000', '12.9000', '11.1000', '10.0000', '10.0000', '10.0000', '54.0000', 7),
(5366, '2021-09-02 12:12:46', 65, '5.80', '0.1000', '0.0000', 'Ultra7AM', '0.1000', '0.0000', '0.0000', '1.0000', '13.0000', '11.1000', '10.0000', '10.0000', '10.0000', '54.1000', 7),
(5365, '2021-09-02 12:12:44', 65, '5.90', '0.1000', '0.0000', 'Ultra7AM', '0.1000', '0.0000', '0.0000', '1.0000', '12.9000', '11.1000', '10.0000', '10.0000', '10.0000', '54.0000', 7),
(5364, '2021-09-02 12:12:41', 65, '6.00', '0.1000', '0.0000', 'Ultra7AM', '0.1000', '0.0000', '0.0000', '1.0000', '12.8000', '11.1000', '10.0000', '10.0000', '10.0000', '53.9000', 7),
(5363, '2021-09-02 12:12:37', 65, '6.10', '0.1000', '0.0000', 'Ultra7AM', '0.1000', '0.0000', '0.0000', '1.0000', '12.7000', '11.1000', '10.0000', '10.0000', '10.0000', '53.8000', 7),
(5362, '2021-09-02 12:12:34', 65, '6.20', '0.1000', '0.0000', 'Ultra7AM', '0.1000', '0.0000', '0.0000', '1.0000', '12.6000', '11.1000', '10.0000', '10.0000', '10.0000', '53.7000', 7),
(5361, '2021-09-02 12:12:20', 65, '6.30', '0.1000', '2.5000', 'Ultra7AM', '0.1000', '0.0000', '0.0000', '1.0000', '12.5000', '11.1000', '10.0000', '10.0000', '10.0000', '53.6000', 7),
(5360, '2021-09-02 12:12:17', 65, '3.90', '0.1000', '0.0000', 'Ultra7AM', '0.1000', '0.0000', '0.0000', '1.0000', '14.9000', '11.1000', '10.0000', '10.0000', '10.0000', '56.0000', 7),
(5359, '2021-09-02 12:12:15', 65, '4.00', '0.1000', '0.0000', 'Ultra7AM', '0.1000', '0.0000', '0.0000', '1.0000', '14.8000', '11.1000', '10.0000', '10.0000', '10.0000', '55.9000', 7),
(5358, '2021-09-02 12:12:10', 65, '4.10', '0.1000', '0.0000', 'Ultra7AM', '0.1000', '0.0000', '0.0000', '1.0000', '14.7000', '11.1000', '10.0000', '10.0000', '10.0000', '55.8000', 7),
(5357, '2021-09-02 12:12:08', 65, '4.20', '0.1000', '0.0000', 'Ultra7AM', '0.1000', '0.0000', '0.0000', '1.0000', '14.6000', '11.1000', '10.0000', '10.0000', '10.0000', '55.7000', 7),
(5356, '2021-09-02 12:12:05', 65, '4.30', '0.1000', '0.0000', 'Ultra7AM', '0.1000', '0.0000', '0.0000', '1.0000', '14.5000', '11.1000', '10.0000', '10.0000', '10.0000', '55.6000', 7),
(5355, '2021-09-02 12:12:01', 65, '4.40', '0.1000', '0.2000', 'Ultra7AM', '0.1000', '0.0000', '0.0000', '1.0000', '14.4000', '11.1000', '10.0000', '10.0000', '10.0000', '55.5000', 7),
(5354, '2021-09-02 12:11:57', 65, '4.30', '0.1000', '1.0000', 'Ultra7AM', '0.1000', '0.0000', '0.0000', '1.0000', '14.5000', '11.1000', '10.0000', '10.0000', '10.0000', '55.6000', 7),
(5353, '2021-09-02 12:11:54', 65, '3.40', '0.1000', '0.0000', 'Ultra7AM', '0.1000', '0.0000', '0.0000', '1.0000', '15.4000', '11.1000', '10.0000', '10.0000', '10.0000', '56.5000', 7),
(5352, '2021-09-02 12:11:52', 65, '3.50', '0.1000', '0.0000', 'Ultra7AM', '0.1000', '0.0000', '0.0000', '1.0000', '15.3000', '11.1000', '10.0000', '10.0000', '10.0000', '56.4000', 7),
(5351, '2021-09-02 12:11:49', 65, '3.60', '0.1000', '0.0000', 'Ultra7AM', '0.1000', '0.0000', '0.0000', '1.0000', '15.2000', '11.1000', '10.0000', '10.0000', '10.0000', '56.3000', 7),
(5350, '2021-09-02 12:11:47', 65, '3.70', '0.1000', '0.0000', 'Ultra7AM', '0.1000', '0.0000', '0.0000', '1.0000', '15.1000', '11.1000', '10.0000', '10.0000', '10.0000', '56.2000', 7),
(5349, '2021-09-02 12:11:45', 65, '3.80', '0.1000', '0.0000', 'Ultra7AM', '0.1000', '0.0000', '0.0000', '1.0000', '15.0000', '11.1000', '10.0000', '10.0000', '10.0000', '56.1000', 7),
(5348, '2021-09-02 12:11:42', 65, '3.90', '0.1000', '0.0000', 'Ultra7AM', '0.1000', '0.0000', '0.0000', '1.0000', '14.9000', '11.1000', '10.0000', '10.0000', '10.0000', '56.0000', 7),
(5347, '2021-09-02 12:11:40', 65, '4.00', '0.1000', '0.0000', 'Ultra7AM', '0.1000', '0.0000', '0.0000', '1.0000', '14.8000', '11.1000', '10.0000', '10.0000', '10.0000', '55.9000', 7),
(5346, '2021-09-02 12:11:37', 65, '4.10', '0.1000', '0.0000', 'Ultra7AM', '0.1000', '0.0000', '0.0000', '1.0000', '14.7000', '11.1000', '10.0000', '10.0000', '10.0000', '55.8000', 7),
(5345, '2021-09-02 12:11:35', 65, '4.20', '0.1000', '0.0000', 'Ultra7AM', '0.1000', '0.0000', '0.0000', '1.0000', '14.6000', '11.1000', '10.0000', '10.0000', '10.0000', '55.7000', 7),
(5344, '2021-09-02 12:11:30', 65, '4.30', '0.1000', '1.0000', 'Ultra7AM', '0.1000', '0.0000', '0.0000', '1.0000', '14.5000', '11.1000', '10.0000', '10.0000', '10.0000', '55.6000', 7),
(5343, '2021-09-02 12:11:28', 65, '3.40', '0.1000', '0.0000', 'Ultra7AM', '0.1000', '0.0000', '0.0000', '1.0000', '15.4000', '11.1000', '10.0000', '10.0000', '10.0000', '56.5000', 7),
(5342, '2021-09-02 12:11:25', 65, '3.50', '0.1000', '0.0000', 'Ultra7AM', '0.1000', '0.0000', '0.0000', '1.0000', '15.3000', '11.1000', '10.0000', '10.0000', '10.0000', '56.4000', 7),
(5341, '2021-09-02 12:11:23', 65, '3.60', '0.1000', '0.0000', 'Ultra7AM', '0.1000', '0.0000', '0.0000', '1.0000', '15.2000', '11.1000', '10.0000', '10.0000', '10.0000', '56.3000', 7),
(5340, '2021-09-02 12:11:21', 65, '3.70', '0.1000', '0.0000', 'Ultra7AM', '0.1000', '0.0000', '0.0000', '1.0000', '15.1000', '11.1000', '10.0000', '10.0000', '10.0000', '56.2000', 7),
(5339, '2021-09-02 12:11:18', 65, '3.80', '0.1000', '0.0000', 'Ultra7AM', '0.1000', '0.0000', '0.0000', '1.0000', '15.0000', '11.1000', '10.0000', '10.0000', '10.0000', '56.1000', 7),
(5338, '2021-09-02 12:11:16', 65, '3.90', '0.1000', '0.0000', 'Ultra7AM', '0.1000', '0.0000', '0.0000', '1.0000', '14.9000', '11.1000', '10.0000', '10.0000', '10.0000', '56.0000', 7),
(5337, '2021-09-02 12:11:11', 65, '4.00', '0.1000', '1.5000', 'Ultra7AM', '0.1000', '0.0000', '0.0000', '1.0000', '14.8000', '11.1000', '10.0000', '10.0000', '10.0000', '55.9000', 7),
(5336, '2021-09-02 12:11:09', 65, '2.60', '0.1000', '0.0000', 'Ultra7AM', '0.1000', '0.0000', '0.0000', '1.0000', '16.2000', '11.1000', '10.0000', '10.0000', '10.0000', '57.3000', 7),
(5335, '2021-09-02 12:11:06', 65, '2.70', '0.1000', '0.0000', 'Ultra7AM', '0.1000', '0.0000', '0.0000', '1.0000', '16.1000', '11.1000', '10.0000', '10.0000', '10.0000', '57.2000', 7),
(5334, '2021-09-02 12:11:00', 65, '2.80', '0.1000', '0.6000', 'Ultra7AM', '0.1000', '0.0000', '0.0000', '1.0000', '16.0000', '11.1000', '10.0000', '10.0000', '10.0000', '57.1000', 7),
(5333, '2021-09-02 12:10:58', 65, '2.30', '0.1000', '0.0000', 'Ultra7AM', '0.1000', '0.0000', '0.0000', '1.0000', '16.5000', '11.1000', '10.0000', '10.0000', '10.0000', '57.6000', 7),
(5332, '2021-09-02 12:10:55', 65, '2.40', '0.1000', '0.0000', 'Ultra7AM', '0.1000', '0.0000', '0.0000', '1.0000', '16.4000', '11.1000', '10.0000', '10.0000', '10.0000', '57.5000', 7),
(5331, '2021-09-02 12:10:53', 65, '2.50', '0.1000', '0.0000', 'Ultra7AM', '0.1000', '0.0000', '0.0000', '1.0000', '16.3000', '11.1000', '10.0000', '10.0000', '10.0000', '57.4000', 7),
(5330, '2021-09-02 12:10:49', 65, '2.60', '0.1000', '0.2000', 'Ultra7AM', '0.1000', '0.0000', '0.0000', '1.0000', '16.2000', '11.1000', '10.0000', '10.0000', '10.0000', '57.3000', 7),
(5329, '2021-09-02 12:10:46', 65, '2.50', '0.1000', '0.0000', 'Ultra7AM', '0.1000', '0.0000', '0.0000', '1.0000', '16.3000', '11.1000', '10.0000', '10.0000', '10.0000', '57.4000', 7),
(5328, '2021-09-02 12:10:41', 65, '2.60', '0.1000', '0.4000', 'Ultra7AM', '0.1000', '0.0000', '0.0000', '1.0000', '16.2000', '11.1000', '10.0000', '10.0000', '10.0000', '57.3000', 7),
(5327, '2021-09-02 12:10:36', 65, '2.30', '0.1000', '0.4000', 'Ultra7AM', '0.1000', '0.0000', '0.0000', '1.0000', '16.5000', '11.1000', '10.0000', '10.0000', '10.0000', '57.6000', 7),
(5326, '2021-09-02 12:10:33', 65, '2.00', '0.1000', '0.0000', 'Ultra7AM', '0.1000', '0.0000', '0.0000', '1.0000', '16.8000', '11.1000', '10.0000', '10.0000', '10.0000', '57.9000', 7),
(5325, '2021-09-02 12:10:31', 65, '2.10', '0.1000', '0.0000', 'Ultra7AM', '0.1000', '0.0000', '0.0000', '1.0000', '16.7000', '11.1000', '10.0000', '10.0000', '10.0000', '57.8000', 7),
(5324, '2021-09-02 12:10:28', 65, '2.20', '0.1000', '0.0000', 'Ultra7AM', '0.1000', '0.0000', '0.0000', '1.0000', '16.6000', '11.1000', '10.0000', '10.0000', '10.0000', '57.7000', 7),
(5323, '2021-09-02 12:10:26', 65, '2.30', '0.1000', '0.0000', 'Ultra7AM', '0.1000', '0.0000', '0.0000', '1.0000', '16.5000', '11.1000', '10.0000', '10.0000', '10.0000', '57.6000', 7),
(5322, '2021-09-02 12:10:21', 65, '2.40', '0.1000', '0.2000', 'Ultra7AM', '0.1000', '0.0000', '0.0000', '1.0000', '16.4000', '11.1000', '10.0000', '10.0000', '10.0000', '57.5000', 7),
(5321, '2021-09-02 12:10:19', 65, '2.30', '0.1000', '0.0000', 'Ultra7AM', '0.1000', '0.0000', '0.0000', '1.0000', '16.5000', '11.1000', '10.0000', '10.0000', '10.0000', '57.6000', 7),
(5320, '2021-09-02 12:10:14', 65, '2.40', '0.1000', '0.2000', 'Ultra7AM', '0.1000', '0.0000', '0.0000', '1.0000', '16.4000', '11.1000', '10.0000', '10.0000', '10.0000', '57.5000', 7),
(5319, '2021-09-02 12:10:12', 65, '2.30', '0.1000', '0.0000', 'Ultra7AM', '0.1000', '0.0000', '0.0000', '1.0000', '16.5000', '11.1000', '10.0000', '10.0000', '10.0000', '57.6000', 7),
(5318, '2021-09-02 12:10:10', 65, '2.40', '0.1000', '0.0000', 'Ultra7AM', '0.1000', '0.0000', '0.0000', '1.0000', '16.4000', '11.1000', '10.0000', '10.0000', '10.0000', '57.5000', 7),
(5317, '2021-09-02 12:10:09', 65, '2.50', '0.1000', '0.0000', 'Ultra7AM', '0.1000', '0.0000', '0.0000', '1.0000', '16.3000', '11.1000', '10.0000', '10.0000', '10.0000', '57.4000', 7),
(5316, '2021-09-02 12:10:08', 65, '2.60', '0.1000', '0.0000', 'Ultra7AM', '0.1000', '0.0000', '0.0000', '1.0000', '16.2000', '11.1000', '10.0000', '10.0000', '10.0000', '57.3000', 7),
(5315, '2021-09-02 12:10:06', 65, '2.70', '0.1000', '0.0000', 'Ultra7AM', '0.1000', '0.0000', '0.0000', '1.0000', '16.1000', '11.1000', '10.0000', '10.0000', '10.0000', '57.2000', 7),
(5314, '2021-09-02 12:10:05', 65, '2.80', '0.1000', '0.0000', 'Ultra7AM', '0.1000', '0.0000', '0.0000', '1.0000', '16.0000', '11.1000', '10.0000', '10.0000', '10.0000', '57.1000', 7),
(5313, '2021-09-02 12:10:04', 65, '2.90', '0.1000', '0.0000', 'Ultra7AM', '0.1000', '0.0000', '0.0000', '1.0000', '15.9000', '11.1000', '10.0000', '10.0000', '10.0000', '57.0000', 7),
(5312, '2021-09-02 12:10:01', 65, '3.00', '0.1000', '0.4000', 'Ultra7AM', '0.1000', '0.0000', '0.0000', '1.0000', '15.8000', '11.1000', '10.0000', '10.0000', '10.0000', '56.9000', 7),
(5311, '2021-09-02 12:09:59', 65, '2.70', '0.1000', '0.0000', 'Ultra7AM', '0.1000', '0.0000', '0.0000', '1.0000', '16.1000', '11.1000', '10.0000', '10.0000', '10.0000', '57.2000', 7),
(5310, '2021-09-02 12:09:58', 65, '2.80', '0.1000', '0.0000', 'Ultra7AM', '0.1000', '0.0000', '0.0000', '1.0000', '16.0000', '11.1000', '10.0000', '10.0000', '10.0000', '57.1000', 7),
(5309, '2021-09-02 12:09:57', 65, '2.90', '0.1000', '0.0000', 'Ultra7AM', '0.1000', '0.0000', '0.0000', '1.0000', '15.9000', '11.1000', '10.0000', '10.0000', '10.0000', '57.0000', 7),
(5308, '2021-09-02 12:09:53', 65, '3.00', '0.1000', '0.0000', 'Ultra7AM', '0.1000', '0.0000', '0.0000', '1.0000', '15.8000', '11.1000', '10.0000', '10.0000', '10.0000', '56.9000', 7),
(5307, '2021-09-02 12:09:52', 65, '3.10', '0.1000', '0.0000', 'Ultra7AM', '0.1000', '0.0000', '0.0000', '1.0000', '15.7000', '11.1000', '10.0000', '10.0000', '10.0000', '56.8000', 7),
(5306, '2021-09-02 12:09:49', 65, '3.20', '0.1000', '0.0000', 'Ultra7AM', '0.1000', '0.0000', '0.0000', '1.0000', '15.6000', '11.1000', '10.0000', '10.0000', '10.0000', '56.7000', 7),
(5305, '2021-09-02 12:09:48', 65, '3.30', '0.1000', '0.0000', 'Ultra7AM', '0.1000', '0.0000', '0.0000', '1.0000', '15.5000', '11.1000', '10.0000', '10.0000', '10.0000', '56.6000', 7),
(5304, '2021-09-02 12:09:47', 65, '3.40', '0.1000', '0.0000', 'Ultra7AM', '0.1000', '0.0000', '0.0000', '1.0000', '15.4000', '11.1000', '10.0000', '10.0000', '10.0000', '56.5000', 7),
(5303, '2021-09-02 12:09:45', 65, '3.50', '0.1000', '0.0000', 'Ultra7AM', '0.1000', '0.0000', '0.0000', '1.0000', '15.3000', '11.1000', '10.0000', '10.0000', '10.0000', '56.4000', 7),
(5302, '2021-09-02 12:09:42', 65, '3.60', '0.1000', '1.0000', 'Ultra7AM', '0.1000', '0.0000', '0.0000', '1.0000', '15.2000', '11.1000', '10.0000', '10.0000', '10.0000', '56.3000', 7),
(5301, '2021-09-02 12:09:41', 65, '2.70', '0.1000', '0.0000', 'Ultra7AM', '0.1000', '0.0000', '0.0000', '1.0000', '16.1000', '11.1000', '10.0000', '10.0000', '10.0000', '57.2000', 7),
(5300, '2021-09-02 12:09:40', 65, '2.80', '0.1000', '0.0000', 'Ultra7AM', '0.1000', '0.0000', '0.0000', '1.0000', '16.0000', '11.1000', '10.0000', '10.0000', '10.0000', '57.1000', 7),
(5299, '2021-09-02 12:09:37', 65, '2.90', '0.1000', '0.0000', 'Ultra7AM', '0.1000', '0.0000', '0.0000', '1.0000', '15.9000', '11.1000', '10.0000', '10.0000', '10.0000', '57.0000', 7),
(5298, '2021-09-02 12:09:36', 65, '3.00', '0.1000', '0.0000', 'Ultra7AM', '0.1000', '0.0000', '0.0000', '1.0000', '15.8000', '11.1000', '10.0000', '10.0000', '10.0000', '56.9000', 7),
(5297, '2021-09-02 12:09:32', 65, '3.10', '0.1000', '0.5000', 'Ultra7AM', '0.1000', '0.0000', '0.0000', '1.0000', '15.7000', '11.1000', '10.0000', '10.0000', '10.0000', '56.8000', 7),
(5296, '2021-09-02 12:09:31', 65, '2.70', '0.1000', '0.0000', 'Ultra7AM', '0.1000', '0.0000', '0.0000', '1.0000', '16.1000', '11.1000', '10.0000', '10.0000', '10.0000', '57.2000', 7),
(5295, '2021-09-02 12:09:30', 65, '2.80', '0.1000', '0.0000', 'Ultra7AM', '0.1000', '0.0000', '0.0000', '1.0000', '16.0000', '11.1000', '10.0000', '10.0000', '10.0000', '57.1000', 7),
(5294, '2021-09-02 12:09:28', 65, '2.90', '0.1000', '0.0000', 'Ultra7AM', '0.1000', '0.0000', '0.0000', '1.0000', '15.9000', '11.1000', '10.0000', '10.0000', '10.0000', '57.0000', 7),
(5293, '2021-09-02 12:09:27', 65, '3.00', '0.1000', '0.0000', 'Ultra7AM', '0.1000', '0.0000', '0.0000', '1.0000', '15.8000', '11.1000', '10.0000', '10.0000', '10.0000', '56.9000', 7),
(5292, '2021-09-02 12:09:24', 65, '3.10', '0.1000', '0.2000', 'Ultra7AM', '0.1000', '0.0000', '0.0000', '1.0000', '15.7000', '11.1000', '10.0000', '10.0000', '10.0000', '56.8000', 7),
(5291, '2021-09-02 12:09:23', 65, '3.00', '0.1000', '0.0000', 'Ultra7AM', '0.1000', '0.0000', '0.0000', '1.0000', '15.8000', '11.1000', '10.0000', '10.0000', '10.0000', '56.9000', 7),
(5290, '2021-09-02 12:09:22', 65, '3.10', '0.1000', '0.0000', 'Ultra7AM', '0.1000', '0.0000', '0.0000', '1.0000', '15.7000', '11.1000', '10.0000', '10.0000', '10.0000', '56.8000', 7),
(5289, '2021-09-02 12:09:20', 65, '3.20', '0.1000', '0.0000', 'Ultra7AM', '0.1000', '0.0000', '0.0000', '1.0000', '15.6000', '11.1000', '10.0000', '10.0000', '10.0000', '56.7000', 7);
INSERT INTO `w_stat_game` (`id`, `date_time`, `user_id`, `balance`, `bet`, `win`, `game`, `in_game`, `in_jpg`, `in_profit`, `denomination`, `slots_bank`, `bonus_bank`, `fish_bank`, `table_bank`, `little_bank`, `total_bank`, `shop_id`) VALUES
(5288, '2021-09-02 12:09:17', 65, '3.30', '0.1000', '1.0000', 'Ultra7AM', '0.1000', '0.0000', '0.0000', '1.0000', '15.5000', '11.1000', '10.0000', '10.0000', '10.0000', '56.6000', 7),
(5287, '2021-09-02 12:09:16', 65, '2.40', '0.1000', '0.0000', 'Ultra7AM', '0.1000', '0.0000', '0.0000', '1.0000', '16.4000', '11.1000', '10.0000', '10.0000', '10.0000', '57.5000', 7),
(5286, '2021-09-02 12:09:15', 65, '2.50', '0.1000', '0.0000', 'Ultra7AM', '0.1000', '0.0000', '0.0000', '1.0000', '16.3000', '11.1000', '10.0000', '10.0000', '10.0000', '57.4000', 7),
(5285, '2021-09-02 12:09:13', 65, '2.60', '0.1000', '0.0000', 'Ultra7AM', '0.1000', '0.0000', '0.0000', '1.0000', '16.2000', '11.1000', '10.0000', '10.0000', '10.0000', '57.3000', 7),
(5284, '2021-09-02 12:09:11', 65, '2.70', '0.1000', '0.0000', 'Ultra7AM', '0.1000', '0.0000', '0.0000', '1.0000', '16.1000', '11.1000', '10.0000', '10.0000', '10.0000', '57.2000', 7),
(5283, '2021-09-02 12:09:06', 65, '2.80', '0.1000', '1.0000', 'Ultra7AM', '0.1000', '0.0000', '0.0000', '1.0000', '16.0000', '11.1000', '10.0000', '10.0000', '10.0000', '57.1000', 7),
(5282, '2021-09-02 12:09:05', 65, '1.90', '0.1000', '0.0000', 'Ultra7AM', '0.1000', '0.0000', '0.0000', '1.0000', '16.9000', '11.1000', '10.0000', '10.0000', '10.0000', '58.0000', 7),
(5281, '2021-09-02 12:09:02', 65, '2.00', '0.1000', '0.0000', 'Ultra7AM', '0.1000', '0.0000', '0.0000', '1.0000', '16.8000', '11.1000', '10.0000', '10.0000', '10.0000', '57.9000', 7),
(5280, '2021-09-02 12:09:01', 65, '2.10', '0.1000', '0.0000', 'Ultra7AM', '0.1000', '0.0000', '0.0000', '1.0000', '16.7000', '11.1000', '10.0000', '10.0000', '10.0000', '57.8000', 7),
(5279, '2021-09-02 12:08:58', 65, '2.20', '0.1000', '0.2500', 'Ultra7AM', '0.1000', '0.0000', '0.0000', '1.0000', '16.6000', '11.1000', '10.0000', '10.0000', '10.0000', '57.7000', 7),
(5278, '2021-09-02 12:08:57', 65, '2.05', '0.1000', '0.0000', 'Ultra7AM', '0.1000', '0.0000', '0.0000', '1.0000', '16.7500', '11.1000', '10.0000', '10.0000', '10.0000', '57.8500', 7),
(5277, '2021-09-02 12:08:54', 65, '2.15', '0.1000', '0.0000', 'Ultra7AM', '0.1000', '0.0000', '0.0000', '1.0000', '16.6500', '11.1000', '10.0000', '10.0000', '10.0000', '57.7500', 7),
(5276, '2021-09-02 12:08:53', 65, '2.25', '0.1000', '0.0000', 'Ultra7AM', '0.1000', '0.0000', '0.0000', '1.0000', '16.5500', '11.1000', '10.0000', '10.0000', '10.0000', '57.6500', 7),
(5275, '2021-09-02 12:08:52', 65, '2.35', '0.1000', '0.0000', 'Ultra7AM', '0.1000', '0.0000', '0.0000', '1.0000', '16.4500', '11.1000', '10.0000', '10.0000', '10.0000', '57.5500', 7),
(5274, '2021-09-02 12:08:50', 65, '2.45', '0.1000', '0.0000', 'Ultra7AM', '0.1000', '0.0000', '0.0000', '1.0000', '16.3500', '11.1000', '10.0000', '10.0000', '10.0000', '57.4500', 7),
(5273, '2021-09-02 12:08:48', 65, '2.55', '0.1000', '0.6000', 'Ultra7AM', '0.1000', '0.0000', '0.0000', '1.0000', '16.2500', '11.1000', '10.0000', '10.0000', '10.0000', '57.3500', 7),
(5272, '2021-09-02 12:08:46', 65, '2.05', '0.1000', '0.0000', 'Ultra7AM', '0.1000', '0.0000', '0.0000', '1.0000', '16.7500', '11.1000', '10.0000', '10.0000', '10.0000', '57.8500', 7),
(5271, '2021-09-02 12:08:45', 65, '2.15', '0.1000', '0.0000', 'Ultra7AM', '0.1000', '0.0000', '0.0000', '1.0000', '16.6500', '11.1000', '10.0000', '10.0000', '10.0000', '57.7500', 7),
(5270, '2021-09-02 12:08:43', 65, '2.25', '0.1000', '0.0000', 'Ultra7AM', '0.1000', '0.0000', '0.0000', '1.0000', '16.5500', '11.1000', '10.0000', '10.0000', '10.0000', '57.6500', 7),
(5269, '2021-09-02 12:08:42', 65, '2.35', '0.1000', '0.0000', 'Ultra7AM', '0.1000', '0.0000', '0.0000', '1.0000', '16.4500', '11.1000', '10.0000', '10.0000', '10.0000', '57.5500', 7),
(5268, '2021-09-02 12:08:37', 65, '2.45', '0.1000', '0.2000', 'Ultra7AM', '0.1000', '0.0000', '0.0000', '1.0000', '16.3500', '11.1000', '10.0000', '10.0000', '10.0000', '57.4500', 7),
(5267, '2021-09-02 12:08:36', 65, '2.35', '0.1000', '0.0000', 'Ultra7AM', '0.1000', '0.0000', '0.0000', '1.0000', '16.4500', '11.1000', '10.0000', '10.0000', '10.0000', '57.5500', 7),
(5266, '2021-09-02 12:08:35', 65, '2.45', '0.1000', '0.0000', 'Ultra7AM', '0.1000', '0.0000', '0.0000', '1.0000', '16.3500', '11.1000', '10.0000', '10.0000', '10.0000', '57.4500', 7),
(5265, '2021-09-02 12:08:34', 65, '2.55', '0.1000', '0.0000', 'Ultra7AM', '0.1000', '0.0000', '0.0000', '1.0000', '16.2500', '11.1000', '10.0000', '10.0000', '10.0000', '57.3500', 7),
(5264, '2021-09-02 12:08:30', 65, '2.65', '0.1000', '0.8000', 'Ultra7AM', '0.1000', '0.0000', '0.0000', '1.0000', '16.1500', '11.1000', '10.0000', '10.0000', '10.0000', '57.2500', 7),
(5263, '2021-09-02 12:08:24', 65, '1.95', '0.1000', '1.0000', 'Ultra7AM', '0.1000', '0.0000', '0.0000', '1.0000', '16.8500', '11.1000', '10.0000', '10.0000', '10.0000', '57.9500', 7),
(5262, '2021-09-02 12:08:23', 65, '1.05', '0.1000', '0.0000', 'Ultra7AM', '0.1000', '0.0000', '0.0000', '1.0000', '17.7500', '11.1000', '10.0000', '10.0000', '10.0000', '58.8500', 7),
(5261, '2021-09-02 12:08:21', 65, '1.15', '0.1000', '0.0000', 'Ultra7AM', '0.1000', '0.0000', '0.0000', '1.0000', '17.6500', '11.1000', '10.0000', '10.0000', '10.0000', '58.7500', 7),
(5260, '2021-09-02 12:08:19', 65, '1.25', '0.1000', '0.2000', 'Ultra7AM', '0.1000', '0.0000', '0.0000', '1.0000', '17.5500', '11.1000', '10.0000', '10.0000', '10.0000', '58.6500', 7),
(5259, '2021-09-02 12:08:17', 65, '1.15', '0.1000', '0.0000', 'Ultra7AM', '0.1000', '0.0000', '0.0000', '1.0000', '17.6500', '11.1000', '10.0000', '10.0000', '10.0000', '58.7500', 7),
(5258, '2021-09-02 12:08:16', 65, '1.25', '0.1000', '0.0000', 'Ultra7AM', '0.1000', '0.0000', '0.0000', '1.0000', '17.5500', '11.1000', '10.0000', '10.0000', '10.0000', '58.6500', 7),
(5257, '2021-09-02 12:08:13', 65, '1.35', '0.1000', '0.0000', 'Ultra7AM', '0.1000', '0.0000', '0.0000', '1.0000', '17.4500', '11.1000', '10.0000', '10.0000', '10.0000', '58.5500', 7),
(5256, '2021-09-02 12:08:12', 65, '1.45', '0.1000', '0.0000', 'Ultra7AM', '0.1000', '0.0000', '0.0000', '1.0000', '17.3500', '11.1000', '10.0000', '10.0000', '10.0000', '58.4500', 7),
(5255, '2021-09-02 12:08:11', 65, '1.55', '0.1000', '0.0000', 'Ultra7AM', '0.1000', '0.0000', '0.0000', '1.0000', '17.2500', '11.1000', '10.0000', '10.0000', '10.0000', '58.3500', 7),
(5254, '2021-09-02 12:08:09', 65, '1.65', '0.1000', '0.0000', 'Ultra7AM', '0.1000', '0.0000', '0.0000', '1.0000', '17.1500', '11.1000', '10.0000', '10.0000', '10.0000', '58.2500', 7),
(5253, '2021-09-02 12:08:08', 65, '1.75', '0.1000', '0.0000', 'Ultra7AM', '0.1000', '0.0000', '0.0000', '1.0000', '17.0500', '11.1000', '10.0000', '10.0000', '10.0000', '58.1500', 7),
(5252, '2021-09-02 12:08:05', 65, '1.85', '0.1000', '0.0000', 'Ultra7AM', '0.1000', '0.0000', '0.0000', '1.0000', '16.9500', '11.1000', '10.0000', '10.0000', '10.0000', '58.0500', 7),
(5251, '2021-09-02 12:08:01', 65, '1.95', '0.1000', '0.2000', 'Ultra7AM', '0.1000', '0.0000', '0.0000', '1.0000', '16.8500', '11.1000', '10.0000', '10.0000', '10.0000', '57.9500', 7),
(5250, '2021-09-02 12:08:00', 65, '1.85', '0.1000', '0.0000', 'Ultra7AM', '0.1000', '0.0000', '0.0000', '1.0000', '16.9500', '11.1000', '10.0000', '10.0000', '10.0000', '58.0500', 7),
(5249, '2021-09-02 12:07:58', 65, '1.95', '0.1000', '0.0000', 'Ultra7AM', '0.1000', '0.0000', '0.0000', '1.0000', '16.8500', '11.1000', '10.0000', '10.0000', '10.0000', '57.9500', 7),
(5248, '2021-09-02 12:07:57', 65, '2.05', '0.1000', '0.0000', 'Ultra7AM', '0.1000', '0.0000', '0.0000', '1.0000', '16.7500', '11.1000', '10.0000', '10.0000', '10.0000', '57.8500', 7),
(5247, '2021-09-02 12:07:56', 65, '2.15', '0.1000', '0.0000', 'Ultra7AM', '0.1000', '0.0000', '0.0000', '1.0000', '16.6500', '11.1000', '10.0000', '10.0000', '10.0000', '57.7500', 7),
(5246, '2021-09-02 12:07:54', 65, '2.25', '0.1000', '0.0000', 'Ultra7AM', '0.1000', '0.0000', '0.0000', '1.0000', '16.5500', '11.1000', '10.0000', '10.0000', '10.0000', '57.6500', 7),
(5245, '2021-09-02 12:07:53', 65, '2.35', '0.1000', '0.0000', 'Ultra7AM', '0.1000', '0.0000', '0.0000', '1.0000', '16.4500', '11.1000', '10.0000', '10.0000', '10.0000', '57.5500', 7),
(5244, '2021-09-02 12:07:52', 65, '2.45', '0.1000', '0.0000', 'Ultra7AM', '0.1000', '0.0000', '0.0000', '1.0000', '16.3500', '11.1000', '10.0000', '10.0000', '10.0000', '57.4500', 7),
(5243, '2021-09-02 12:07:50', 65, '2.55', '0.1000', '0.0000', 'Ultra7AM', '0.1000', '0.0000', '0.0000', '1.0000', '16.2500', '11.1000', '10.0000', '10.0000', '10.0000', '57.3500', 7),
(5242, '2021-09-02 12:07:49', 65, '2.65', '0.1000', '0.0000', 'Ultra7AM', '0.1000', '0.0000', '0.0000', '1.0000', '16.1500', '11.1000', '10.0000', '10.0000', '10.0000', '57.2500', 7),
(5241, '2021-09-02 12:07:47', 65, '2.75', '0.1000', '0.0000', 'Ultra7AM', '0.1000', '0.0000', '0.0000', '1.0000', '16.0500', '11.1000', '10.0000', '10.0000', '10.0000', '57.1500', 7),
(5240, '2021-09-02 12:07:46', 65, '2.85', '0.1000', '0.0000', 'Ultra7AM', '0.1000', '0.0000', '0.0000', '1.0000', '15.9500', '11.1000', '10.0000', '10.0000', '10.0000', '57.0500', 7),
(5239, '2021-09-02 12:07:44', 65, '2.95', '0.1000', '0.0000', 'Ultra7AM', '0.1000', '0.0000', '0.0000', '1.0000', '15.8500', '11.1000', '10.0000', '10.0000', '10.0000', '56.9500', 7),
(5238, '2021-09-02 12:07:43', 65, '3.05', '0.1000', '0.0000', 'Ultra7AM', '0.1000', '0.0000', '0.0000', '1.0000', '15.7500', '11.1000', '10.0000', '10.0000', '10.0000', '56.8500', 7),
(5237, '2021-09-02 12:07:41', 65, '3.15', '0.1000', '0.0000', 'Ultra7AM', '0.1000', '0.0000', '0.0000', '1.0000', '15.6500', '11.1000', '10.0000', '10.0000', '10.0000', '56.7500', 7),
(5236, '2021-09-02 12:07:39', 65, '3.25', '0.1000', '0.0000', 'Ultra7AM', '0.1000', '0.0000', '0.0000', '1.0000', '15.5500', '11.1000', '10.0000', '10.0000', '10.0000', '56.6500', 7),
(5235, '2021-09-02 12:07:38', 65, '3.35', '0.1000', '0.0000', 'Ultra7AM', '0.1000', '0.0000', '0.0000', '1.0000', '15.4500', '11.1000', '10.0000', '10.0000', '10.0000', '56.5500', 7),
(5234, '2021-09-02 12:07:37', 65, '3.45', '0.1000', '0.0000', 'Ultra7AM', '0.1000', '0.0000', '0.0000', '1.0000', '15.3500', '11.1000', '10.0000', '10.0000', '10.0000', '56.4500', 7),
(5233, '2021-09-02 12:07:32', 65, '3.55', '0.1000', '0.5000', 'Ultra7AM', '0.1000', '0.0000', '0.0000', '1.0000', '15.2500', '11.1000', '10.0000', '10.0000', '10.0000', '56.3500', 7),
(5232, '2021-09-02 12:07:31', 65, '3.15', '0.1000', '0.0000', 'Ultra7AM', '0.1000', '0.0000', '0.0000', '1.0000', '15.6500', '11.1000', '10.0000', '10.0000', '10.0000', '56.7500', 7),
(5231, '2021-09-02 12:07:28', 65, '3.25', '0.1000', '0.0000', 'Ultra7AM', '0.1000', '0.0000', '0.0000', '1.0000', '15.5500', '11.1000', '10.0000', '10.0000', '10.0000', '56.6500', 7),
(5230, '2021-09-02 12:07:22', 65, '3.35', '0.1000', '1.0000', 'Ultra7AM', '0.1000', '0.0000', '0.0000', '1.0000', '15.4500', '11.1000', '10.0000', '10.0000', '10.0000', '56.5500', 7),
(5229, '2021-09-02 12:07:20', 65, '2.45', '0.1000', '0.0000', 'Ultra7AM', '0.1000', '0.0000', '0.0000', '1.0000', '16.3500', '11.1000', '10.0000', '10.0000', '10.0000', '57.4500', 7),
(5228, '2021-09-02 12:07:17', 65, '2.55', '0.1000', '0.0000', 'Ultra7AM', '0.1000', '0.0000', '0.0000', '1.0000', '16.2500', '11.1000', '10.0000', '10.0000', '10.0000', '57.3500', 7),
(5227, '2021-09-02 12:07:14', 65, '2.65', '0.1000', '0.0000', 'Ultra7AM', '0.1000', '0.0000', '0.0000', '1.0000', '16.1500', '11.1000', '10.0000', '10.0000', '10.0000', '57.2500', 7),
(5226, '2021-09-02 12:07:13', 65, '2.75', '0.1000', '0.0000', 'Ultra7AM', '0.1000', '0.0000', '0.0000', '1.0000', '16.0500', '11.1000', '10.0000', '10.0000', '10.0000', '57.1500', 7),
(5225, '2021-09-02 12:07:10', 65, '2.85', '0.1000', '0.0000', 'Ultra7AM', '0.1000', '0.0000', '0.0000', '1.0000', '15.9500', '11.1000', '10.0000', '10.0000', '10.0000', '57.0500', 7),
(5224, '2021-09-02 12:07:09', 65, '2.95', '0.1000', '0.0000', 'Ultra7AM', '0.1000', '0.0000', '0.0000', '1.0000', '15.8500', '11.1000', '10.0000', '10.0000', '10.0000', '56.9500', 7),
(5223, '2021-09-02 12:07:08', 65, '3.05', '0.1000', '0.0000', 'Ultra7AM', '0.1000', '0.0000', '0.0000', '1.0000', '15.7500', '11.1000', '10.0000', '10.0000', '10.0000', '56.8500', 7),
(5222, '2021-09-02 12:07:06', 65, '3.15', '0.1000', '0.0000', 'Ultra7AM', '0.1000', '0.0000', '0.0000', '1.0000', '15.6500', '11.1000', '10.0000', '10.0000', '10.0000', '56.7500', 7),
(5221, '2021-09-02 12:07:05', 65, '3.25', '0.1000', '0.0000', 'Ultra7AM', '0.1000', '0.0000', '0.0000', '1.0000', '15.5500', '11.1000', '10.0000', '10.0000', '10.0000', '56.6500', 7),
(5220, '2021-09-02 12:07:03', 65, '3.35', '0.1000', '0.0000', 'Ultra7AM', '0.1000', '0.0000', '0.0000', '1.0000', '15.4500', '11.1000', '10.0000', '10.0000', '10.0000', '56.5500', 7),
(5219, '2021-09-02 12:07:00', 65, '3.45', '0.1000', '0.2000', 'Ultra7AM', '0.1000', '0.0000', '0.0000', '1.0000', '15.3500', '11.1000', '10.0000', '10.0000', '10.0000', '56.4500', 7),
(5218, '2021-09-02 12:06:55', 65, '3.35', '0.1000', '2.0000', 'Ultra7AM', '0.1000', '0.0000', '0.0000', '1.0000', '15.4500', '11.1000', '10.0000', '10.0000', '10.0000', '56.5500', 7),
(5217, '2021-09-02 12:06:53', 65, '1.45', '0.1000', '0.0000', 'Ultra7AM', '0.1000', '0.0000', '0.0000', '1.0000', '17.3500', '11.1000', '10.0000', '10.0000', '10.0000', '58.4500', 7),
(5216, '2021-09-02 12:06:49', 65, '1.55', '0.1000', '0.2500', 'Ultra7AM', '0.1000', '0.0000', '0.0000', '1.0000', '17.2500', '11.1000', '10.0000', '10.0000', '10.0000', '58.3500', 7),
(5215, '2021-09-02 12:06:48', 65, '1.40', '0.1000', '0.0000', 'Ultra7AM', '0.1000', '0.0000', '0.0000', '1.0000', '17.4000', '11.1000', '10.0000', '10.0000', '10.0000', '58.5000', 7),
(5214, '2021-09-02 12:06:44', 65, '1.50', '0.1000', '0.2000', 'Ultra7AM', '0.1000', '0.0000', '0.0000', '1.0000', '17.3000', '11.1000', '10.0000', '10.0000', '10.0000', '58.4000', 7),
(5213, '2021-09-02 12:06:43', 65, '1.40', '0.1000', '0.0000', 'Ultra7AM', '0.1000', '0.0000', '0.0000', '1.0000', '17.4000', '11.1000', '10.0000', '10.0000', '10.0000', '58.5000', 7),
(5212, '2021-09-02 12:06:40', 65, '1.50', '0.1000', '0.0000', 'Ultra7AM', '0.1000', '0.0000', '0.0000', '1.0000', '17.3000', '11.1000', '10.0000', '10.0000', '10.0000', '58.4000', 7),
(5211, '2021-09-02 12:06:33', 65, '1.60', '0.1000', '0.2000', 'Ultra7AM', '0.1000', '0.0000', '0.0000', '1.0000', '17.2000', '11.1000', '10.0000', '10.0000', '10.0000', '58.3000', 7),
(5210, '2021-09-02 12:06:32', 65, '1.50', '0.1000', '0.0000', 'Ultra7AM', '0.1000', '0.0000', '0.0000', '1.0000', '17.3000', '11.1000', '10.0000', '10.0000', '10.0000', '58.4000', 7),
(5209, '2021-09-02 12:04:38', 65, '1.60', '0.1000', '0.0000', 'WildDragonAM', '0.1000', '0.0000', '0.0000', '1.0000', '17.2000', '11.1000', '10.0000', '10.0000', '10.0000', '58.3000', 7),
(5208, '2021-09-02 12:04:31', 65, '1.70', '0.1000', '0.1000', 'WildDragonAM', '0.1000', '0.0000', '0.0000', '1.0000', '17.1000', '11.1000', '10.0000', '10.0000', '10.0000', '58.2000', 7),
(5207, '2021-09-02 12:04:30', 65, '1.70', '0.1000', '0.0000', 'WildDragonAM', '0.1000', '0.0000', '0.0000', '1.0000', '17.1000', '11.1000', '10.0000', '10.0000', '10.0000', '58.2000', 7),
(5206, '2021-09-02 12:04:26', 65, '1.80', '0.1000', '0.2000', 'WildDragonAM', '0.1000', '0.0000', '0.0000', '1.0000', '17.0000', '11.1000', '10.0000', '10.0000', '10.0000', '58.1000', 7),
(5205, '2021-09-02 12:04:25', 65, '1.70', '0.1000', '0.0000', 'WildDragonAM', '0.1000', '0.0000', '0.0000', '1.0000', '17.1000', '11.1000', '10.0000', '10.0000', '10.0000', '58.2000', 7),
(5204, '2021-09-02 12:04:24', 65, '1.80', '0.1000', '0.0000', 'WildDragonAM', '0.1000', '0.0000', '0.0000', '1.0000', '17.0000', '11.1000', '10.0000', '10.0000', '10.0000', '58.1000', 7),
(5203, '2021-09-02 12:04:22', 65, '1.90', '0.1000', '0.0000', 'WildDragonAM', '0.0900', '0.0034', '0.0066', '1.0000', '16.9000', '11.1000', '10.0000', '10.0000', '10.0000', '58.0000', 7),
(5202, '2021-09-02 12:04:20', 65, '2.00', '0.1000', '0.0000', 'WildDragonAM', '0.0900', '0.0034', '0.0066', '1.0000', '16.8200', '11.0900', '10.0000', '10.0000', '10.0000', '57.9100', 7),
(5201, '2021-09-02 12:04:19', 65, '2.10', '0.1000', '0.0000', 'WildDragonAM', '0.0900', '0.0034', '0.0066', '1.0000', '16.7400', '11.0800', '10.0000', '10.0000', '10.0000', '57.8200', 7),
(5200, '2021-09-02 12:04:15', 65, '2.20', '0.1000', '0.0500', 'WildDragonAM', '0.0900', '0.0034', '0.0066', '1.0000', '16.6600', '11.0700', '10.0000', '10.0000', '10.0000', '57.7300', 7),
(5199, '2021-09-02 12:04:14', 65, '2.25', '0.1000', '0.0000', 'WildDragonAM', '0.0900', '0.0034', '0.0066', '1.0000', '16.6300', '11.0600', '10.0000', '10.0000', '10.0000', '57.6900', 7),
(5198, '2021-09-02 12:04:12', 65, '2.35', '0.1000', '0.0000', 'WildDragonAM', '0.0900', '0.0034', '0.0066', '1.0000', '16.5500', '11.0500', '10.0000', '10.0000', '10.0000', '57.6000', 7),
(5197, '2021-09-02 12:04:10', 65, '2.45', '0.1000', '0.0000', 'WildDragonAM', '0.0900', '0.0034', '0.0066', '1.0000', '16.4700', '11.0400', '10.0000', '10.0000', '10.0000', '57.5100', 7),
(5196, '2021-09-02 12:04:04', 65, '2.55', '0.1000', '0.4000', 'WildDragonAM', '0.0900', '0.0034', '0.0066', '1.0000', '16.3900', '11.0300', '10.0000', '10.0000', '10.0000', '57.4200', 7),
(5195, '2021-09-02 12:04:02', 65, '2.25', '0.1000', '0.0000', 'WildDragonAM', '0.0900', '0.0034', '0.0066', '1.0000', '16.7100', '11.0200', '10.0000', '10.0000', '10.0000', '57.7300', 7),
(5194, '2021-09-02 12:04:01', 65, '2.35', '0.1000', '0.0000', 'WildDragonAM', '0.0900', '0.0034', '0.0066', '1.0000', '16.6300', '11.0100', '10.0000', '10.0000', '10.0000', '57.6400', 7),
(5193, '2021-09-02 12:03:58', 65, '2.45', '0.1000', '0.0000', 'WildDragonAM', '0.0900', '0.0034', '0.0066', '1.0000', '16.5500', '11.0000', '10.0000', '10.0000', '10.0000', '57.5500', 7),
(5192, '2021-09-02 12:03:55', 65, '2.55', '0.1000', '0.1500', 'WildDragonAM', '0.0900', '0.0034', '0.0066', '1.0000', '16.4700', '10.9900', '10.0000', '10.0000', '10.0000', '57.4600', 7),
(5191, '2021-09-02 12:03:53', 65, '2.50', '0.1000', '0.0500', 'WildDragonAM', '0.0900', '0.0034', '0.0066', '1.0000', '16.5400', '10.9800', '10.0000', '10.0000', '10.0000', '57.5200', 7),
(5190, '2021-09-02 12:03:52', 65, '2.55', '0.1000', '0.0000', 'WildDragonAM', '0.0900', '0.0034', '0.0066', '1.0000', '16.5100', '10.9700', '10.0000', '10.0000', '10.0000', '57.4800', 7),
(5189, '2021-09-02 12:03:49', 65, '2.65', '0.1000', '0.0000', 'WildDragonAM', '0.0900', '0.0034', '0.0066', '1.0000', '16.4300', '10.9600', '10.0000', '10.0000', '10.0000', '57.3900', 7),
(5188, '2021-09-02 12:03:46', 65, '2.75', '0.1000', '0.1000', 'WildDragonAM', '0.0900', '0.0034', '0.0066', '1.0000', '16.3500', '10.9500', '10.0000', '10.0000', '10.0000', '57.3000', 7),
(5187, '2021-09-02 12:03:45', 65, '2.75', '0.1000', '0.0000', 'WildDragonAM', '0.0900', '0.0034', '0.0066', '1.0000', '16.3700', '10.9400', '10.0000', '10.0000', '10.0000', '57.3100', 7),
(5186, '2021-09-02 12:03:44', 65, '2.85', '0.1000', '0.0000', 'WildDragonAM', '0.0900', '0.0034', '0.0066', '1.0000', '16.2900', '10.9300', '10.0000', '10.0000', '10.0000', '57.2200', 7),
(5185, '2021-09-02 12:03:41', 65, '2.95', '0.1000', '0.0500', 'WildDragonAM', '0.0900', '0.0034', '0.0066', '1.0000', '16.2100', '10.9200', '10.0000', '10.0000', '10.0000', '57.1300', 7),
(5184, '2021-09-02 12:03:40', 65, '3.00', '0.1000', '0.0000', 'WildDragonAM', '0.0900', '0.0034', '0.0066', '1.0000', '16.1800', '10.9100', '10.0000', '10.0000', '10.0000', '57.0900', 7),
(5183, '2021-09-02 12:03:39', 65, '3.10', '0.1000', '0.0000', 'WildDragonAM', '0.0900', '0.0034', '0.0066', '1.0000', '16.1000', '10.9000', '10.0000', '10.0000', '10.0000', '57.0000', 7),
(5182, '2021-09-02 12:03:36', 65, '3.20', '0.1000', '0.0000', 'WildDragonAM', '0.0900', '0.0034', '0.0066', '1.0000', '16.0200', '10.8900', '10.0000', '10.0000', '10.0000', '56.9100', 7),
(5181, '2021-09-02 12:03:35', 65, '3.30', '0.1000', '0.0000', 'WildDragonAM', '0.0900', '0.0034', '0.0066', '1.0000', '15.9400', '10.8800', '10.0000', '10.0000', '10.0000', '56.8200', 7),
(5180, '2021-09-02 12:03:33', 65, '3.40', '0.1000', '0.0000', 'WildDragonAM', '0.0900', '0.0034', '0.0066', '1.0000', '15.8600', '10.8700', '10.0000', '10.0000', '10.0000', '56.7300', 7),
(5179, '2021-09-02 12:03:32', 65, '3.50', '0.1000', '0.0000', 'WildDragonAM', '0.0900', '0.0034', '0.0066', '1.0000', '15.7800', '10.8600', '10.0000', '10.0000', '10.0000', '56.6400', 7),
(5178, '2021-09-02 12:03:29', 65, '3.60', '0.1000', '0.1000', 'WildDragonAM', '0.0900', '0.0034', '0.0066', '1.0000', '15.7000', '10.8500', '10.0000', '10.0000', '10.0000', '56.5500', 7),
(5177, '2021-09-02 12:03:28', 65, '3.60', '0.1000', '0.0000', 'WildDragonAM', '0.0900', '0.0034', '0.0066', '1.0000', '15.7200', '10.8400', '10.0000', '10.0000', '10.0000', '56.5600', 7),
(5176, '2021-09-02 12:03:26', 65, '3.70', '0.1000', '0.0000', 'WildDragonAM', '0.0900', '0.0034', '0.0066', '1.0000', '15.6400', '10.8300', '10.0000', '10.0000', '10.0000', '56.4700', 7),
(5175, '2021-09-02 12:03:23', 65, '3.80', '0.1000', '0.0000', 'WildDragonAM', '0.0900', '0.0034', '0.0066', '1.0000', '15.5600', '10.8200', '10.0000', '10.0000', '10.0000', '56.3800', 7),
(5174, '2021-09-02 12:03:22', 65, '3.90', '0.1000', '0.0000', 'WildDragonAM', '0.0900', '0.0034', '0.0066', '1.0000', '15.4800', '10.8100', '10.0000', '10.0000', '10.0000', '56.2900', 7),
(5173, '2021-09-02 12:03:19', 65, '4.00', '0.1000', '0.0000', 'WildDragonAM', '0.0900', '0.0034', '0.0066', '1.0000', '15.4000', '10.8000', '10.0000', '10.0000', '10.0000', '56.2000', 7),
(5172, '2021-09-02 12:03:18', 65, '4.10', '0.1000', '0.0000', 'WildDragonAM', '0.0900', '0.0034', '0.0066', '1.0000', '15.3200', '10.7900', '10.0000', '10.0000', '10.0000', '56.1100', 7),
(5171, '2021-09-02 12:03:16', 65, '4.20', '0.1000', '0.0000', 'WildDragonAM', '0.0900', '0.0034', '0.0066', '1.0000', '15.2400', '10.7800', '10.0000', '10.0000', '10.0000', '56.0200', 7),
(5170, '2021-09-02 12:03:15', 65, '4.30', '0.1000', '0.0000', 'WildDragonAM', '0.0900', '0.0034', '0.0066', '1.0000', '15.1600', '10.7700', '10.0000', '10.0000', '10.0000', '55.9300', 7),
(5169, '2021-09-02 12:03:13', 65, '4.40', '0.1000', '0.0000', 'WildDragonAM', '0.0900', '0.0034', '0.0066', '1.0000', '15.0800', '10.7600', '10.0000', '10.0000', '10.0000', '55.8400', 7),
(5168, '2021-09-02 12:03:12', 65, '4.50', '0.1000', '0.0000', 'WildDragonAM', '0.0900', '0.0034', '0.0066', '1.0000', '15.0000', '10.7500', '10.0000', '10.0000', '10.0000', '55.7500', 7),
(5167, '2021-09-02 12:03:10', 65, '4.60', '0.1000', '0.0000', 'WildDragonAM', '0.0900', '0.0034', '0.0066', '1.0000', '14.9200', '10.7400', '10.0000', '10.0000', '10.0000', '55.6600', 7),
(5166, '2021-09-02 12:03:08', 65, '4.70', '0.1000', '0.1500', 'WildDragonAM', '0.0900', '0.0034', '0.0066', '1.0000', '14.8400', '10.7300', '10.0000', '10.0000', '10.0000', '55.5700', 7),
(5165, '2021-09-02 12:03:05', 65, '4.65', '0.1000', '0.4000', 'WildDragonAM', '0.0900', '0.0034', '0.0066', '1.0000', '14.9100', '10.7200', '10.0000', '10.0000', '10.0000', '55.6300', 7),
(5164, '2021-09-02 12:03:03', 65, '4.35', '0.1000', '0.0000', 'WildDragonAM', '0.0900', '0.0034', '0.0066', '1.0000', '15.2300', '10.7100', '10.0000', '10.0000', '10.0000', '55.9400', 7),
(5163, '2021-09-02 12:03:00', 65, '4.45', '0.1000', '0.0000', 'WildDragonAM', '0.0900', '0.0034', '0.0066', '1.0000', '15.1500', '10.7000', '10.0000', '10.0000', '10.0000', '55.8500', 7),
(5162, '2021-09-02 12:02:59', 65, '4.55', '0.1000', '0.0000', 'WildDragonAM', '0.0900', '0.0034', '0.0066', '1.0000', '15.0700', '10.6900', '10.0000', '10.0000', '10.0000', '55.7600', 7),
(5161, '2021-09-02 12:02:55', 65, '4.65', '0.1000', '0.2000', 'WildDragonAM', '0.0900', '0.0034', '0.0066', '1.0000', '14.9900', '10.6800', '10.0000', '10.0000', '10.0000', '55.6700', 7),
(5160, '2021-09-02 12:02:52', 65, '4.55', '0.1000', '0.0000', 'WildDragonAM', '0.0900', '0.0034', '0.0066', '1.0000', '15.1100', '10.6700', '10.0000', '10.0000', '10.0000', '55.7800', 7),
(5159, '2021-09-02 12:02:51', 65, '4.65', '0.1000', '0.0000', 'WildDragonAM', '0.0900', '0.0034', '0.0066', '1.0000', '15.0300', '10.6600', '10.0000', '10.0000', '10.0000', '55.6900', 7),
(5158, '2021-09-02 12:02:48', 65, '4.75', '0.1000', '0.0000', 'WildDragonAM', '0.0900', '0.0034', '0.0066', '1.0000', '14.9500', '10.6500', '10.0000', '10.0000', '10.0000', '55.6000', 7),
(5157, '2021-09-02 12:02:47', 65, '4.85', '0.1000', '0.0000', 'WildDragonAM', '0.0900', '0.0034', '0.0066', '1.0000', '14.8700', '10.6400', '10.0000', '10.0000', '10.0000', '55.5100', 7),
(5156, '2021-09-02 12:02:45', 65, '4.95', '0.1000', '0.0000', 'WildDragonAM', '0.0900', '0.0034', '0.0066', '1.0000', '14.7900', '10.6300', '10.0000', '10.0000', '10.0000', '55.4200', 7),
(5155, '2021-09-02 12:02:40', 65, '5.05', '0.1000', '0.2500', 'WildDragonAM', '0.0900', '0.0034', '0.0066', '1.0000', '14.7100', '10.6200', '10.0000', '10.0000', '10.0000', '55.3300', 7),
(5154, '2021-09-02 12:02:39', 65, '4.90', '0.1000', '0.0000', 'WildDragonAM', '0.0900', '0.0034', '0.0066', '1.0000', '14.8800', '10.6100', '10.0000', '10.0000', '10.0000', '55.4900', 7),
(5153, '2021-09-02 12:01:12', 62, '0.00', '0.5000', '0.0000', 'WildDragonAM', '0.5000', '0.0000', '0.0000', '1.0000', '14.8000', '10.6000', '10.0000', '10.0000', '10.0000', '55.4000', 7),
(5152, '2021-09-02 12:01:10', 62, '0.50', '0.5000', '0.0000', 'WildDragonAM', '0.5000', '0.0000', '0.0000', '1.0000', '14.3000', '10.6000', '10.0000', '10.0000', '10.0000', '54.9000', 7),
(5151, '2021-09-02 12:01:09', 62, '1.00', '0.5000', '0.0000', 'WildDragonAM', '0.5000', '0.0000', '0.0000', '1.0000', '13.8000', '10.6000', '10.0000', '10.0000', '10.0000', '54.4000', 7),
(5150, '2021-09-02 12:01:06', 62, '1.50', '0.5000', '0.0000', 'WildDragonAM', '0.5000', '0.0000', '0.0000', '1.0000', '13.3000', '10.6000', '10.0000', '10.0000', '10.0000', '53.9000', 7),
(5149, '2021-09-02 12:01:04', 62, '2.00', '0.5000', '0.0000', 'WildDragonAM', '0.5000', '0.0000', '0.0000', '1.0000', '12.8000', '10.6000', '10.0000', '10.0000', '10.0000', '53.4000', 7),
(5148, '2021-09-02 12:01:02', 62, '2.50', '0.5000', '0.0000', 'WildDragonAM', '0.5000', '0.0000', '0.0000', '1.0000', '12.3000', '10.6000', '10.0000', '10.0000', '10.0000', '52.9000', 7),
(5147, '2021-09-02 12:00:49', 62, '3.00', '0.1000', '0.0000', 'WildDragonAM', '0.1000', '0.0000', '0.0000', '1.0000', '11.8000', '10.6000', '10.0000', '10.0000', '10.0000', '52.4000', 7),
(5146, '2021-09-02 12:00:43', 62, '3.10', '0.1000', '0.3000', 'WildDragonAM', '0.1000', '0.0000', '0.0000', '1.0000', '11.7000', '10.6000', '10.0000', '10.0000', '10.0000', '52.3000', 7),
(5145, '2021-09-02 12:00:41', 62, '2.90', '0.1000', '0.0000', 'WildDragonAM', '0.1000', '0.0000', '0.0000', '1.0000', '11.9000', '10.6000', '10.0000', '10.0000', '10.0000', '52.5000', 7),
(5144, '2021-09-02 12:00:39', 62, '3.00', '0.1000', '0.0500', 'WildDragonAM', '0.1000', '0.0000', '0.0000', '1.0000', '11.8000', '10.6000', '10.0000', '10.0000', '10.0000', '52.4000', 7),
(5143, '2021-09-02 12:00:33', 62, '3.05', '0.1000', '1.2000', 'WildDragonAM', '0.1000', '0.0000', '0.0000', '1.0000', '11.7500', '10.6000', '10.0000', '10.0000', '10.0000', '52.3500', 7),
(5142, '2021-09-02 12:00:32', 62, '1.95', '0.1000', '0.0000', 'WildDragonAM', '0.1000', '0.0000', '0.0000', '1.0000', '12.8500', '10.6000', '10.0000', '10.0000', '10.0000', '53.4500', 7),
(5141, '2021-09-02 12:00:25', 62, '2.05', '0.1000', '0.0000', 'WildDragonAM', '0.1000', '0.0000', '0.0000', '1.0000', '12.7500', '10.6000', '10.0000', '10.0000', '10.0000', '53.3500', 7),
(5140, '2021-09-02 12:00:18', 62, '2.15', '0.1000', '0.9000', 'WildDragonAM', '0.1000', '0.0000', '0.0000', '1.0000', '12.6500', '10.6000', '10.0000', '10.0000', '10.0000', '53.2500', 7),
(5139, '2021-09-02 12:00:15', 62, '1.35', '0.1000', '0.0000', 'WildDragonAM', '0.1000', '0.0000', '0.0000', '1.0000', '13.4500', '10.6000', '10.0000', '10.0000', '10.0000', '54.0500', 7),
(5138, '2021-09-02 12:00:12', 62, '1.45', '0.1000', '0.0000', 'WildDragonAM', '0.1000', '0.0000', '0.0000', '1.0000', '13.3500', '10.6000', '10.0000', '10.0000', '10.0000', '53.9500', 7),
(5137, '2021-09-02 12:00:09', 62, '1.55', '0.1000', '0.0000', 'WildDragonAM', '0.1000', '0.0000', '0.0000', '1.0000', '13.2500', '10.6000', '10.0000', '10.0000', '10.0000', '53.8500', 7),
(5136, '2021-09-02 12:00:08', 62, '1.65', '0.1000', '0.0000', 'WildDragonAM', '0.1000', '0.0000', '0.0000', '1.0000', '13.1500', '10.6000', '10.0000', '10.0000', '10.0000', '53.7500', 7),
(5135, '2021-09-02 12:00:06', 62, '1.75', '0.1000', '0.0000', 'WildDragonAM', '0.1000', '0.0000', '0.0000', '1.0000', '13.0500', '10.6000', '10.0000', '10.0000', '10.0000', '53.6500', 7),
(5134, '2021-09-02 12:00:04', 62, '1.85', '0.1000', '0.0000', 'WildDragonAM', '0.1000', '0.0000', '0.0000', '1.0000', '12.9500', '10.6000', '10.0000', '10.0000', '10.0000', '53.5500', 7),
(5133, '2021-09-02 12:00:01', 62, '1.95', '0.1000', '0.0000', 'WildDragonAM', '0.1000', '0.0000', '0.0000', '1.0000', '12.8500', '10.6000', '10.0000', '10.0000', '10.0000', '53.4500', 7),
(5132, '2021-09-02 11:59:58', 62, '2.05', '0.1000', '0.1000', 'WildDragonAM', '0.1000', '0.0000', '0.0000', '1.0000', '12.7500', '10.6000', '10.0000', '10.0000', '10.0000', '53.3500', 7),
(5131, '2021-09-02 11:59:55', 62, '2.05', '0.1000', '0.0000', 'WildDragonAM', '0.1000', '0.0000', '0.0000', '1.0000', '12.7500', '10.6000', '10.0000', '10.0000', '10.0000', '53.3500', 7),
(5130, '2021-09-02 11:59:54', 62, '2.15', '0.1000', '0.0000', 'WildDragonAM', '0.1000', '0.0000', '0.0000', '1.0000', '12.6500', '10.6000', '10.0000', '10.0000', '10.0000', '53.2500', 7),
(5129, '2021-09-02 11:59:52', 62, '2.25', '0.1000', '0.0000', 'WildDragonAM', '0.1000', '0.0000', '0.0000', '1.0000', '12.5500', '10.6000', '10.0000', '10.0000', '10.0000', '53.1500', 7),
(5128, '2021-09-02 11:59:50', 62, '2.35', '0.1000', '0.0000', 'WildDragonAM', '0.1000', '0.0000', '0.0000', '1.0000', '12.4500', '10.6000', '10.0000', '10.0000', '10.0000', '53.0500', 7),
(5127, '2021-09-02 11:59:49', 62, '2.45', '0.1000', '0.0000', 'WildDragonAM', '0.1000', '0.0000', '0.0000', '1.0000', '12.3500', '10.6000', '10.0000', '10.0000', '10.0000', '52.9500', 7),
(5126, '2021-09-02 11:59:48', 62, '2.55', '0.1000', '0.0000', 'WildDragonAM', '0.1000', '0.0000', '0.0000', '1.0000', '12.2500', '10.6000', '10.0000', '10.0000', '10.0000', '52.8500', 7),
(5125, '2021-09-02 11:59:46', 62, '2.65', '0.1000', '0.0000', 'WildDragonAM', '0.1000', '0.0000', '0.0000', '1.0000', '12.1500', '10.6000', '10.0000', '10.0000', '10.0000', '52.7500', 7),
(5124, '2021-09-02 11:59:45', 62, '2.75', '0.1000', '0.0000', 'WildDragonAM', '0.1000', '0.0000', '0.0000', '1.0000', '12.0500', '10.6000', '10.0000', '10.0000', '10.0000', '52.6500', 7),
(5123, '2021-09-02 11:59:42', 62, '2.85', '0.1000', '0.0000', 'WildDragonAM', '0.1000', '0.0000', '0.0000', '1.0000', '11.9500', '10.6000', '10.0000', '10.0000', '10.0000', '52.5500', 7),
(5122, '2021-09-02 11:59:39', 62, '2.95', '0.1000', '0.0000', 'WildDragonAM', '0.1000', '0.0000', '0.0000', '1.0000', '11.8500', '10.6000', '10.0000', '10.0000', '10.0000', '52.4500', 7),
(5121, '2021-09-02 11:59:36', 62, '3.05', '0.1000', '0.0500', 'WildDragonAM', '0.1000', '0.0000', '0.0000', '1.0000', '11.7500', '10.6000', '10.0000', '10.0000', '10.0000', '52.3500', 7),
(5120, '2021-09-02 11:59:35', 62, '3.10', '0.1000', '0.0000', 'WildDragonAM', '0.1000', '0.0000', '0.0000', '1.0000', '11.7000', '10.6000', '10.0000', '10.0000', '10.0000', '52.3000', 7),
(5119, '2021-09-02 11:59:30', 62, '3.20', '0.1000', '1.5000', 'WildDragonAM', '0.1000', '0.0000', '0.0000', '1.0000', '11.6000', '10.6000', '10.0000', '10.0000', '10.0000', '52.2000', 7),
(5118, '2021-09-02 11:59:27', 62, '1.80', '0.1000', '0.3000', 'WildDragonAM', '0.1000', '0.0000', '0.0000', '1.0000', '13.0000', '10.6000', '10.0000', '10.0000', '10.0000', '53.6000', 7),
(5117, '2021-09-02 11:59:26', 62, '1.60', '0.1000', '0.0000', 'WildDragonAM', '0.1000', '0.0000', '0.0000', '1.0000', '13.2000', '10.6000', '10.0000', '10.0000', '10.0000', '53.8000', 7),
(5116, '2021-09-02 11:59:23', 62, '1.70', '0.1000', '0.0000', 'WildDragonAM', '0.1000', '0.0000', '0.0000', '1.0000', '13.1000', '10.6000', '10.0000', '10.0000', '10.0000', '53.7000', 7),
(5115, '2021-09-02 11:59:21', 62, '1.80', '0.1000', '0.0000', 'WildDragonAM', '0.1000', '0.0000', '0.0000', '1.0000', '13.0000', '10.6000', '10.0000', '10.0000', '10.0000', '53.6000', 7),
(5114, '2021-09-02 11:59:18', 62, '1.90', '0.1000', '0.4000', 'WildDragonAM', '0.1000', '0.0000', '0.0000', '1.0000', '12.9000', '10.6000', '10.0000', '10.0000', '10.0000', '53.5000', 7),
(5113, '2021-09-02 11:59:17', 62, '1.60', '0.1000', '0.0000', 'WildDragonAM', '0.1000', '0.0000', '0.0000', '1.0000', '13.2000', '10.6000', '10.0000', '10.0000', '10.0000', '53.8000', 7),
(5112, '2021-09-02 11:59:16', 62, '1.70', '0.1000', '0.0000', 'WildDragonAM', '0.1000', '0.0000', '0.0000', '1.0000', '13.1000', '10.6000', '10.0000', '10.0000', '10.0000', '53.7000', 7),
(5111, '2021-09-02 11:59:14', 62, '1.80', '0.1000', '0.0000', 'WildDragonAM', '0.1000', '0.0000', '0.0000', '1.0000', '13.0000', '10.6000', '10.0000', '10.0000', '10.0000', '53.6000', 7),
(5110, '2021-09-02 11:59:12', 62, '1.90', '0.1000', '0.0000', 'WildDragonAM', '0.1000', '0.0000', '0.0000', '1.0000', '12.9000', '10.6000', '10.0000', '10.0000', '10.0000', '53.5000', 7),
(5109, '2021-09-02 11:59:09', 62, '2.00', '0.1000', '0.0000', 'WildDragonAM', '0.1000', '0.0000', '0.0000', '1.0000', '12.8000', '10.6000', '10.0000', '10.0000', '10.0000', '53.4000', 7),
(5108, '2021-09-02 11:59:07', 62, '2.10', '0.1000', '0.0000', 'WildDragonAM', '0.1000', '0.0000', '0.0000', '1.0000', '12.7000', '10.6000', '10.0000', '10.0000', '10.0000', '53.3000', 7),
(5107, '2021-09-02 11:59:06', 62, '2.20', '0.1000', '0.0000', 'WildDragonAM', '0.1000', '0.0000', '0.0000', '1.0000', '12.6000', '10.6000', '10.0000', '10.0000', '10.0000', '53.2000', 7),
(5106, '2021-09-02 11:59:05', 62, '2.30', '0.1000', '0.0000', 'WildDragonAM', '0.1000', '0.0000', '0.0000', '1.0000', '12.5000', '10.6000', '10.0000', '10.0000', '10.0000', '53.1000', 7),
(5105, '2021-09-02 11:59:03', 62, '2.40', '0.1000', '0.0000', 'WildDragonAM', '0.1000', '0.0000', '0.0000', '1.0000', '12.4000', '10.6000', '10.0000', '10.0000', '10.0000', '53.0000', 7),
(5104, '2021-09-02 11:59:00', 62, '2.50', '0.1000', '0.0000', 'WildDragonAM', '0.1000', '0.0000', '0.0000', '1.0000', '12.3000', '10.6000', '10.0000', '10.0000', '10.0000', '52.9000', 7),
(5103, '2021-09-02 11:58:59', 62, '2.60', '0.1000', '0.0000', 'WildDragonAM', '0.1000', '0.0000', '0.0000', '1.0000', '12.2000', '10.6000', '10.0000', '10.0000', '10.0000', '52.8000', 7),
(5102, '2021-09-02 11:58:58', 62, '2.70', '0.1000', '0.0000', 'WildDragonAM', '0.1000', '0.0000', '0.0000', '1.0000', '12.1000', '10.6000', '10.0000', '10.0000', '10.0000', '52.7000', 7),
(5101, '2021-09-02 11:58:47', 62, '2.80', '0.1000', '1.8000', 'WildDragonAM', '0.1000', '0.0000', '0.0000', '1.0000', '12.0000', '10.6000', '10.0000', '10.0000', '10.0000', '52.6000', 7),
(5100, '2021-09-02 11:58:45', 62, '1.10', '0.1000', '0.0000', 'WildDragonAM', '0.1000', '0.0000', '0.0000', '1.0000', '13.7000', '10.6000', '10.0000', '10.0000', '10.0000', '54.3000', 7),
(5099, '2021-09-02 11:58:43', 62, '1.20', '0.1000', '0.0000', 'WildDragonAM', '0.1000', '0.0000', '0.0000', '1.0000', '13.6000', '10.6000', '10.0000', '10.0000', '10.0000', '54.2000', 7),
(5098, '2021-09-02 11:58:42', 62, '1.30', '0.1000', '0.0000', 'WildDragonAM', '0.1000', '0.0000', '0.0000', '1.0000', '13.5000', '10.6000', '10.0000', '10.0000', '10.0000', '54.1000', 7),
(5097, '2021-09-02 11:58:40', 62, '1.40', '0.1000', '0.0000', 'WildDragonAM', '0.1000', '0.0000', '0.0000', '1.0000', '13.4000', '10.6000', '10.0000', '10.0000', '10.0000', '54.0000', 7),
(5096, '2021-09-02 11:58:37', 62, '1.50', '0.1000', '0.1000', 'WildDragonAM', '0.1000', '0.0000', '0.0000', '1.0000', '13.3000', '10.6000', '10.0000', '10.0000', '10.0000', '53.9000', 7),
(5095, '2021-09-02 11:58:36', 62, '1.50', '0.1000', '0.0000', 'WildDragonAM', '0.1000', '0.0000', '0.0000', '1.0000', '13.3000', '10.6000', '10.0000', '10.0000', '10.0000', '53.9000', 7),
(5094, '2021-09-02 11:58:33', 62, '1.60', '0.1000', '0.0000', 'WildDragonAM', '0.1000', '0.0000', '0.0000', '1.0000', '13.2000', '10.6000', '10.0000', '10.0000', '10.0000', '53.8000', 7),
(5093, '2021-09-02 11:58:29', 62, '1.70', '0.2000', '0.0000', 'WildDragonAM', '0.2000', '0.0000', '0.0000', '1.0000', '13.1000', '10.6000', '10.0000', '10.0000', '10.0000', '53.7000', 7),
(5092, '2021-09-02 11:58:28', 62, '1.90', '0.2000', '0.0000', 'WildDragonAM', '0.2000', '0.0000', '0.0000', '1.0000', '12.9000', '10.6000', '10.0000', '10.0000', '10.0000', '53.5000', 7),
(5091, '2021-09-02 11:58:26', 62, '2.10', '0.2000', '0.0000', 'WildDragonAM', '0.2000', '0.0000', '0.0000', '1.0000', '12.7000', '10.6000', '10.0000', '10.0000', '10.0000', '53.3000', 7),
(5090, '2021-09-02 11:58:23', 62, '2.30', '0.2000', '0.0000', 'WildDragonAM', '0.2000', '0.0000', '0.0000', '1.0000', '12.5000', '10.6000', '10.0000', '10.0000', '10.0000', '53.1000', 7),
(5089, '2021-09-02 11:58:22', 62, '2.50', '0.2000', '0.0000', 'WildDragonAM', '0.2000', '0.0000', '0.0000', '1.0000', '12.3000', '10.6000', '10.0000', '10.0000', '10.0000', '52.9000', 7),
(5088, '2021-09-02 11:58:20', 62, '2.70', '0.2000', '0.0000', 'WildDragonAM', '0.2000', '0.0000', '0.0000', '1.0000', '12.1000', '10.6000', '10.0000', '10.0000', '10.0000', '52.7000', 7),
(5087, '2021-09-02 11:58:18', 62, '2.90', '0.2000', '0.2000', 'WildDragonAM', '0.2000', '0.0000', '0.0000', '1.0000', '11.9000', '10.6000', '10.0000', '10.0000', '10.0000', '52.5000', 7),
(5086, '2021-09-02 11:58:16', 62, '2.90', '0.2000', '0.0000', 'WildDragonAM', '0.2000', '0.0000', '0.0000', '1.0000', '11.9000', '10.6000', '10.0000', '10.0000', '10.0000', '52.5000', 7),
(5085, '2021-09-02 11:58:15', 62, '3.10', '0.2000', '0.0000', 'WildDragonAM', '0.2000', '0.0000', '0.0000', '1.0000', '11.7000', '10.6000', '10.0000', '10.0000', '10.0000', '52.3000', 7),
(5084, '2021-09-02 11:58:11', 62, '3.30', '0.2000', '1.0000', 'WildDragonAM', '0.2000', '0.0000', '0.0000', '1.0000', '11.5000', '10.6000', '10.0000', '10.0000', '10.0000', '52.1000', 7),
(5083, '2021-09-02 11:58:09', 62, '2.50', '0.2000', '0.4000', 'WildDragonAM', '0.2000', '0.0000', '0.0000', '1.0000', '12.3000', '10.6000', '10.0000', '10.0000', '10.0000', '52.9000', 7),
(5082, '2021-09-02 11:58:06', 62, '2.30', '0.2000', '0.0000', 'WildDragonAM', '0.2000', '0.0000', '0.0000', '1.0000', '12.5000', '10.6000', '10.0000', '10.0000', '10.0000', '53.1000', 7),
(5081, '2021-09-02 11:58:03', 62, '2.50', '0.2000', '0.0000', 'WildDragonAM', '0.2000', '0.0000', '0.0000', '1.0000', '12.3000', '10.6000', '10.0000', '10.0000', '10.0000', '52.9000', 7),
(5080, '2021-09-02 11:58:01', 62, '2.70', '0.2000', '0.0000', 'WildDragonAM', '0.2000', '0.0000', '0.0000', '1.0000', '12.1000', '10.6000', '10.0000', '10.0000', '10.0000', '52.7000', 7),
(5079, '2021-09-02 11:58:00', 62, '2.90', '0.2000', '0.0000', 'WildDragonAM', '0.2000', '0.0000', '0.0000', '1.0000', '11.9000', '10.6000', '10.0000', '10.0000', '10.0000', '52.5000', 7),
(5078, '2021-09-02 11:57:59', 62, '3.10', '0.2000', '0.0000', 'WildDragonAM', '0.2000', '0.0000', '0.0000', '1.0000', '11.7000', '10.6000', '10.0000', '10.0000', '10.0000', '52.3000', 7),
(5077, '2021-09-02 11:57:55', 62, '3.30', '0.2000', '0.8000', 'WildDragonAM', '0.2000', '0.0000', '0.0000', '1.0000', '11.5000', '10.6000', '10.0000', '10.0000', '10.0000', '52.1000', 7),
(5076, '2021-09-02 11:57:51', 62, '2.70', '0.2000', '0.3000', 'WildDragonAM', '0.2000', '0.0000', '0.0000', '1.0000', '12.1000', '10.6000', '10.0000', '10.0000', '10.0000', '52.7000', 7),
(5075, '2021-09-02 11:57:50', 62, '2.60', '0.2000', '0.0000', 'WildDragonAM', '0.2000', '0.0000', '0.0000', '1.0000', '12.2000', '10.6000', '10.0000', '10.0000', '10.0000', '52.8000', 7),
(5074, '2021-09-02 11:57:48', 62, '2.80', '0.2000', '0.0000', 'WildDragonAM', '0.2000', '0.0000', '0.0000', '1.0000', '12.0000', '10.6000', '10.0000', '10.0000', '10.0000', '52.6000', 7),
(5073, '2021-09-02 11:57:46', 62, '3.00', '0.2000', '0.0000', 'WildDragonAM', '0.2000', '0.0000', '0.0000', '1.0000', '11.8000', '10.6000', '10.0000', '10.0000', '10.0000', '52.4000', 7),
(5072, '2021-09-02 11:57:45', 62, '3.20', '0.2000', '0.0000', 'WildDragonAM', '0.2000', '0.0000', '0.0000', '1.0000', '11.6000', '10.6000', '10.0000', '10.0000', '10.0000', '52.2000', 7),
(5071, '2021-09-02 11:57:42', 62, '3.40', '0.2000', '0.0000', 'WildDragonAM', '0.2000', '0.0000', '0.0000', '1.0000', '11.4000', '10.6000', '10.0000', '10.0000', '10.0000', '52.0000', 7),
(5070, '2021-09-02 11:51:16', 62, '3.60', '0.2000', '0.0000', 'Ultra7AM', '0.2000', '0.0000', '0.0000', '1.0000', '11.2000', '10.6000', '10.0000', '10.0000', '10.0000', '51.8000', 7),
(5069, '2021-09-02 11:51:14', 62, '3.80', '0.2000', '0.0000', 'Ultra7AM', '0.2000', '0.0000', '0.0000', '1.0000', '11.0000', '10.6000', '10.0000', '10.0000', '10.0000', '51.6000', 7),
(5068, '2021-09-02 11:51:12', 62, '4.00', '0.2000', '0.0000', 'Ultra7AM', '0.2000', '0.0000', '0.0000', '1.0000', '10.8000', '10.6000', '10.0000', '10.0000', '10.0000', '51.4000', 7),
(5067, '2021-09-02 11:51:11', 62, '4.20', '0.2000', '0.0000', 'Ultra7AM', '0.1800', '0.0068', '0.0132', '1.0000', '10.6000', '10.6000', '10.0000', '10.0000', '10.0000', '51.2000', 7),
(5066, '2021-09-02 11:51:09', 62, '4.40', '0.2000', '0.0000', 'Ultra7AM', '0.1800', '0.0068', '0.0132', '1.0000', '10.4400', '10.5800', '10.0000', '10.0000', '10.0000', '51.0200', 7),
(5065, '2021-09-02 11:51:07', 62, '4.60', '0.2000', '0.0000', 'Ultra7AM', '0.1800', '0.0068', '0.0132', '1.0000', '10.2800', '10.5600', '10.0000', '10.0000', '10.0000', '50.8400', 7),
(5064, '2021-09-02 11:51:05', 62, '4.80', '0.2000', '0.0000', 'Ultra7AM', '0.1800', '0.0068', '0.0132', '1.0000', '10.1200', '10.5400', '10.0000', '10.0000', '10.0000', '50.6600', 7),
(5063, '2021-09-02 11:51:03', 62, '5.00', '0.2000', '0.0000', 'Ultra7AM', '0.1800', '0.0068', '0.0132', '1.0000', '9.9600', '10.5200', '10.0000', '10.0000', '10.0000', '50.4800', 7),
(5062, '2021-09-02 11:51:02', 62, '5.20', '0.2000', '0.0000', 'Ultra7AM', '0.1800', '0.0068', '0.0132', '1.0000', '9.8000', '10.5000', '10.0000', '10.0000', '10.0000', '50.3000', 7),
(5061, '2021-09-02 11:50:56', 62, '5.40', '0.2000', '0.8000', 'Ultra7AM', '0.1800', '0.0068', '0.0132', '1.0000', '9.6400', '10.4800', '10.0000', '10.0000', '10.0000', '50.1200', 7),
(5060, '2021-09-02 11:50:55', 62, '4.80', '0.2000', '0.0000', 'Ultra7AM', '0.1800', '0.0068', '0.0132', '1.0000', '10.2800', '10.4600', '10.0000', '10.0000', '10.0000', '50.7400', 7),
(5059, '2021-09-02 11:50:52', 62, '5.00', '0.2000', '0.4000', 'Ultra7AM', '0.1800', '0.0068', '0.0132', '1.0000', '10.1200', '10.4400', '10.0000', '10.0000', '10.0000', '50.5600', 7),
(5058, '2021-09-02 11:50:50', 62, '4.80', '0.2000', '0.0000', 'Ultra7AM', '0.1800', '0.0068', '0.0132', '1.0000', '10.3600', '10.4200', '10.0000', '10.0000', '10.0000', '50.7800', 7),
(5057, '2021-09-02 11:50:48', 62, '5.00', '0.2000', '0.0000', 'Ultra7AM', '0.1800', '0.0068', '0.0132', '1.0000', '10.2000', '10.4000', '10.0000', '10.0000', '10.0000', '50.6000', 7),
(5056, '2021-09-02 11:50:47', 62, '5.20', '0.2000', '0.0000', 'Ultra7AM', '0.1800', '0.0068', '0.0132', '1.0000', '10.0400', '10.3800', '10.0000', '10.0000', '10.0000', '50.4200', 7),
(5055, '2021-09-02 11:50:44', 62, '5.40', '0.2000', '0.0000', 'Ultra7AM', '0.1800', '0.0068', '0.0132', '1.0000', '9.8800', '10.3600', '10.0000', '10.0000', '10.0000', '50.2400', 7),
(5054, '2021-09-02 11:50:43', 62, '5.60', '0.2000', '0.0000', 'Ultra7AM', '0.1800', '0.0068', '0.0132', '1.0000', '9.7200', '10.3400', '10.0000', '10.0000', '10.0000', '50.0600', 7),
(5053, '2021-09-02 11:50:41', 62, '5.80', '0.2000', '0.0000', 'Ultra7AM', '0.1800', '0.0068', '0.0132', '1.0000', '9.5600', '10.3200', '10.0000', '10.0000', '10.0000', '49.8800', 7),
(5052, '2021-09-02 11:50:40', 62, '6.00', '0.2000', '0.0000', 'Ultra7AM', '0.1800', '0.0068', '0.0132', '1.0000', '9.4000', '10.3000', '10.0000', '10.0000', '10.0000', '49.7000', 7),
(5051, '2021-09-02 11:50:37', 62, '6.20', '0.2000', '0.0000', 'Ultra7AM', '0.1800', '0.0068', '0.0132', '1.0000', '9.2400', '10.2800', '10.0000', '10.0000', '10.0000', '49.5200', 7),
(5050, '2021-09-02 11:50:35', 62, '6.40', '0.2000', '0.0000', 'Ultra7AM', '0.1800', '0.0068', '0.0132', '1.0000', '9.0800', '10.2600', '10.0000', '10.0000', '10.0000', '49.3400', 7),
(5049, '2021-09-02 11:50:33', 62, '6.60', '0.2000', '0.0000', 'Ultra7AM', '0.1800', '0.0068', '0.0132', '1.0000', '8.9200', '10.2400', '10.0000', '10.0000', '10.0000', '49.1600', 7),
(5048, '2021-09-02 11:50:32', 62, '6.80', '0.2000', '0.0000', 'Ultra7AM', '0.1800', '0.0068', '0.0132', '1.0000', '8.7600', '10.2200', '10.0000', '10.0000', '10.0000', '48.9800', 7),
(5047, '2021-09-02 11:50:30', 62, '7.00', '0.2000', '0.0000', 'Ultra7AM', '0.1800', '0.0068', '0.0132', '1.0000', '8.6000', '10.2000', '10.0000', '10.0000', '10.0000', '48.8000', 7),
(5046, '2021-09-02 11:50:28', 62, '7.20', '0.2000', '0.0000', 'Ultra7AM', '0.1800', '0.0068', '0.0132', '1.0000', '8.4400', '10.1800', '10.0000', '10.0000', '10.0000', '48.6200', 7),
(5045, '2021-09-02 11:50:26', 62, '7.40', '0.2000', '0.0000', 'Ultra7AM', '0.1800', '0.0068', '0.0132', '1.0000', '8.2800', '10.1600', '10.0000', '10.0000', '10.0000', '48.4400', 7),
(5044, '2021-09-02 11:50:24', 62, '7.60', '0.2000', '0.0000', 'Ultra7AM', '0.1800', '0.0068', '0.0132', '1.0000', '8.1200', '10.1400', '10.0000', '10.0000', '10.0000', '48.2600', 7),
(5043, '2021-09-02 11:50:23', 62, '7.80', '0.2000', '0.0000', 'Ultra7AM', '0.1800', '0.0068', '0.0132', '1.0000', '7.9600', '10.1200', '10.0000', '10.0000', '10.0000', '48.0800', 7),
(5042, '2021-09-02 11:50:21', 62, '8.00', '0.2000', '0.0000', 'Ultra7AM', '0.1800', '0.0068', '0.0132', '1.0000', '7.8000', '10.1000', '10.0000', '10.0000', '10.0000', '47.9000', 7),
(5041, '2021-09-02 11:50:19', 62, '8.20', '0.2000', '0.0000', 'Ultra7AM', '0.1800', '0.0068', '0.0132', '1.0000', '7.6400', '10.0800', '10.0000', '10.0000', '10.0000', '47.7200', 7),
(5040, '2021-09-02 11:50:18', 62, '8.40', '0.2000', '0.0000', 'Ultra7AM', '0.1800', '0.0068', '0.0132', '1.0000', '7.4800', '10.0600', '10.0000', '10.0000', '10.0000', '47.5400', 7),
(5039, '2021-09-02 11:50:15', 62, '8.60', '0.2000', '3.0000', 'Ultra7AM', '0.1800', '0.0068', '0.0132', '1.0000', '7.3200', '10.0400', '10.0000', '10.0000', '10.0000', '47.3600', 7),
(5038, '2021-09-02 11:50:12', 62, '5.80', '0.2000', '0.0000', 'Ultra7AM', '0.1800', '0.0068', '0.0132', '1.0000', '10.1600', '10.0200', '10.0000', '10.0000', '10.0000', '50.1800', 7),
(5037, '2021-09-02 11:37:02', 53, '0.05', '0.5000', '0.0000', 'DiamondMonkeyAM', '0.5000', '0.0000', '0.0000', '1.0000', '193.7700', '1.3500', '10.0000', '10.0000', '10.0000', '225.1200', 6),
(5036, '2021-09-02 11:37:01', 53, '0.55', '0.5000', '0.0000', 'DiamondMonkeyAM', '0.5000', '0.0000', '0.0000', '1.0000', '193.2700', '1.3500', '10.0000', '10.0000', '10.0000', '224.6200', 6),
(5035, '2021-09-02 11:36:58', 53, '1.05', '0.5000', '0.9000', 'DiamondMonkeyAM', '0.5000', '0.0000', '0.0000', '1.0000', '192.7700', '1.3500', '10.0000', '10.0000', '10.0000', '224.1200', 6),
(5034, '2021-09-02 11:36:57', 53, '0.65', '5.0000', '0.0000', 'DiamondMonkeyAM', '5.0000', '0.0000', '0.0000', '1.0000', '193.1700', '1.3500', '10.0000', '10.0000', '10.0000', '224.5200', 6),
(5033, '2021-09-02 11:36:55', 53, '5.65', '10.0000', '0.0000', 'DiamondMonkeyAM', '10.0000', '0.0000', '0.0000', '1.0000', '188.1700', '1.3500', '10.0000', '10.0000', '10.0000', '219.5200', 6),
(5032, '2021-09-02 11:36:54', 53, '15.65', '10.0000', '0.0000', 'DiamondMonkeyAM', '10.0000', '0.0000', '0.0000', '1.0000', '178.1700', '1.3500', '10.0000', '10.0000', '10.0000', '209.5200', 6),
(5031, '2021-09-02 11:36:53', 53, '25.65', '10.0000', '0.0000', 'DiamondMonkeyAM', '10.0000', '0.0000', '0.0000', '1.0000', '168.1700', '1.3500', '10.0000', '10.0000', '10.0000', '199.5200', 6),
(5030, '2021-09-02 11:36:52', 53, '35.65', '10.0000', '0.0000', 'DiamondMonkeyAM', '10.0000', '0.0000', '0.0000', '1.0000', '158.1700', '1.3500', '10.0000', '10.0000', '10.0000', '189.5200', 6),
(5029, '2021-09-02 11:36:50', 53, '45.65', '10.0000', '44.0000', 'DiamondMonkeyAM', '10.0000', '0.0000', '0.0000', '1.0000', '148.1700', '1.3500', '10.0000', '10.0000', '10.0000', '179.5200', 6),
(5028, '2021-09-02 11:36:44', 53, '11.65', '10.0000', '0.0000', 'DiamondMonkeyAM', '10.0000', '0.0000', '0.0000', '1.0000', '182.1700', '1.3500', '10.0000', '10.0000', '10.0000', '213.5200', 6),
(5027, '2021-09-02 11:36:43', 53, '21.65', '10.0000', '0.0000', 'DiamondMonkeyAM', '10.0000', '0.0000', '0.0000', '1.0000', '172.1700', '1.3500', '10.0000', '10.0000', '10.0000', '203.5200', 6),
(5026, '2021-09-02 11:36:42', 53, '31.65', '10.0000', '0.0000', 'DiamondMonkeyAM', '10.0000', '0.0000', '0.0000', '1.0000', '162.1700', '1.3500', '10.0000', '10.0000', '10.0000', '193.5200', 6),
(5025, '2021-09-02 11:36:41', 53, '41.65', '10.0000', '0.0000', 'DiamondMonkeyAM', '10.0000', '0.0000', '0.0000', '1.0000', '152.1700', '1.3500', '10.0000', '10.0000', '10.0000', '183.5200', 6),
(5024, '2021-09-02 11:36:40', 53, '51.65', '10.0000', '0.0000', 'DiamondMonkeyAM', '10.0000', '0.0000', '0.0000', '1.0000', '142.1700', '1.3500', '10.0000', '10.0000', '10.0000', '173.5200', 6),
(5023, '2021-09-02 11:36:39', 53, '61.65', '10.0000', '0.0000', 'DiamondMonkeyAM', '10.0000', '0.0000', '0.0000', '1.0000', '132.1700', '1.3500', '10.0000', '10.0000', '10.0000', '163.5200', 6),
(5022, '2021-09-02 11:36:38', 53, '71.65', '10.0000', '0.0000', 'DiamondMonkeyAM', '10.0000', '0.0000', '0.0000', '1.0000', '122.1700', '1.3500', '10.0000', '10.0000', '10.0000', '153.5200', 6),
(5021, '2021-09-02 11:36:37', 53, '81.65', '10.0000', '0.0000', 'DiamondMonkeyAM', '10.0000', '0.0000', '0.0000', '1.0000', '112.1700', '1.3500', '10.0000', '10.0000', '10.0000', '143.5200', 6),
(5020, '2021-09-02 11:36:34', 53, '91.65', '10.0000', '44.0000', 'DiamondMonkeyAM', '10.0000', '0.0000', '0.0000', '1.0000', '102.1700', '1.3500', '10.0000', '10.0000', '10.0000', '133.5200', 6);
INSERT INTO `w_stat_game` (`id`, `date_time`, `user_id`, `balance`, `bet`, `win`, `game`, `in_game`, `in_jpg`, `in_profit`, `denomination`, `slots_bank`, `bonus_bank`, `fish_bank`, `table_bank`, `little_bank`, `total_bank`, `shop_id`) VALUES
(5019, '2021-09-02 11:36:32', 53, '57.65', '10.0000', '0.0000', 'DiamondMonkeyAM', '10.0000', '0.0000', '0.0000', '1.0000', '136.1700', '1.3500', '10.0000', '10.0000', '10.0000', '167.5200', 6),
(5018, '2021-09-02 11:36:31', 53, '67.65', '10.0000', '0.0000', 'DiamondMonkeyAM', '10.0000', '0.0000', '0.0000', '1.0000', '126.1700', '1.3500', '10.0000', '10.0000', '10.0000', '157.5200', 6),
(5017, '2021-09-02 11:36:28', 53, '77.65', '1.0000', '0.0000', 'DiamondMonkeyAM', '1.0000', '0.0000', '0.0000', '1.0000', '116.1700', '1.3500', '10.0000', '10.0000', '10.0000', '147.5200', 6),
(5016, '2021-09-02 11:36:27', 53, '78.65', '1.0000', '0.0000', 'DiamondMonkeyAM', '1.0000', '0.0000', '0.0000', '1.0000', '115.1700', '1.3500', '10.0000', '10.0000', '10.0000', '146.5200', 6),
(5015, '2021-09-02 11:36:24', 53, '79.65', '1.0000', '0.0000', 'DiamondMonkeyAM', '1.0000', '0.0000', '0.0000', '1.0000', '114.1700', '1.3500', '10.0000', '10.0000', '10.0000', '145.5200', 6),
(5014, '2021-09-02 11:36:21', 53, '80.65', '1.0000', '0.0000', 'DiamondMonkeyAM', '1.0000', '0.0000', '0.0000', '1.0000', '113.1700', '1.3500', '10.0000', '10.0000', '10.0000', '144.5200', 6),
(5013, '2021-09-02 11:36:18', 53, '81.65', '1.0000', '0.0000', 'DiamondMonkeyAM', '1.0000', '0.0000', '0.0000', '1.0000', '112.1700', '1.3500', '10.0000', '10.0000', '10.0000', '143.5200', 6),
(5012, '2021-09-02 11:36:17', 53, '82.65', '1.0000', '0.0000', 'DiamondMonkeyAM', '1.0000', '0.0000', '0.0000', '1.0000', '111.1700', '1.3500', '10.0000', '10.0000', '10.0000', '142.5200', 6),
(5011, '2021-09-02 11:36:14', 53, '83.65', '1.0000', '0.0000', 'DiamondMonkeyAM', '1.0000', '0.0000', '0.0000', '1.0000', '110.1700', '1.3500', '10.0000', '10.0000', '10.0000', '141.5200', 6),
(5010, '2021-09-02 11:36:13', 53, '84.65', '1.0000', '0.0000', 'DiamondMonkeyAM', '1.0000', '0.0000', '0.0000', '1.0000', '109.1700', '1.3500', '10.0000', '10.0000', '10.0000', '140.5200', 6),
(5009, '2021-09-02 11:36:11', 53, '85.65', '1.0000', '0.0000', 'DiamondMonkeyAM', '1.0000', '0.0000', '0.0000', '1.0000', '108.1700', '1.3500', '10.0000', '10.0000', '10.0000', '139.5200', 6),
(5008, '2021-09-02 11:36:10', 53, '86.65', '1.0000', '0.0000', 'DiamondMonkeyAM', '1.0000', '0.0000', '0.0000', '1.0000', '107.1700', '1.3500', '10.0000', '10.0000', '10.0000', '138.5200', 6),
(5007, '2021-09-02 11:36:09', 53, '87.65', '1.0000', '0.0000', 'DiamondMonkeyAM', '1.0000', '0.0000', '0.0000', '1.0000', '106.1700', '1.3500', '10.0000', '10.0000', '10.0000', '137.5200', 6),
(5006, '2021-09-02 11:36:07', 53, '88.65', '1.0000', '0.0000', 'DiamondMonkeyAM', '1.0000', '0.0000', '0.0000', '1.0000', '105.1700', '1.3500', '10.0000', '10.0000', '10.0000', '136.5200', 6),
(5005, '2021-09-02 11:36:06', 53, '89.65', '1.0000', '0.0000', 'DiamondMonkeyAM', '1.0000', '0.0000', '0.0000', '1.0000', '104.1700', '1.3500', '10.0000', '10.0000', '10.0000', '135.5200', 6),
(5004, '2021-09-02 11:36:05', 53, '90.65', '1.0000', '0.0000', 'DiamondMonkeyAM', '1.0000', '0.0000', '0.0000', '1.0000', '103.1700', '1.3500', '10.0000', '10.0000', '10.0000', '134.5200', 6),
(5003, '2021-09-02 11:36:04', 53, '91.65', '1.0000', '0.0000', 'DiamondMonkeyAM', '1.0000', '0.0000', '0.0000', '1.0000', '102.1700', '1.3500', '10.0000', '10.0000', '10.0000', '133.5200', 6),
(5002, '2021-09-02 11:36:03', 53, '92.65', '1.0000', '0.0000', 'DiamondMonkeyAM', '1.0000', '0.0000', '0.0000', '1.0000', '101.1700', '1.3500', '10.0000', '10.0000', '10.0000', '132.5200', 6),
(5001, '2021-09-02 11:36:02', 53, '93.65', '1.0000', '0.0000', 'DiamondMonkeyAM', '1.0000', '0.0000', '0.0000', '1.0000', '100.1700', '1.3500', '10.0000', '10.0000', '10.0000', '131.5200', 6),
(5000, '2021-09-02 11:36:01', 53, '94.65', '1.0000', '0.0000', 'DiamondMonkeyAM', '1.0000', '0.0000', '0.0000', '1.0000', '99.1700', '1.3500', '10.0000', '10.0000', '10.0000', '130.5200', 6),
(4999, '2021-09-02 11:35:59', 53, '95.65', '1.0000', '0.0000', 'DiamondMonkeyAM', '1.0000', '0.0000', '0.0000', '1.0000', '98.1700', '1.3500', '10.0000', '10.0000', '10.0000', '129.5200', 6),
(4998, '2021-09-02 11:35:57', 53, '96.65', '1.0000', '0.0000', 'DiamondMonkeyAM', '1.0000', '0.0000', '0.0000', '1.0000', '97.1700', '1.3500', '10.0000', '10.0000', '10.0000', '128.5200', 6),
(4997, '2021-09-02 11:35:57', 53, '97.65', '1.0000', '0.0000', 'DiamondMonkeyAM', '1.0000', '0.0000', '0.0000', '1.0000', '96.1700', '1.3500', '10.0000', '10.0000', '10.0000', '127.5200', 6),
(4996, '2021-09-02 11:35:56', 53, '98.65', '1.0000', '0.0000', 'DiamondMonkeyAM', '1.0000', '0.0000', '0.0000', '1.0000', '95.1700', '1.3500', '10.0000', '10.0000', '10.0000', '126.5200', 6),
(4995, '2021-09-02 11:35:55', 53, '99.65', '1.0000', '0.0000', 'DiamondMonkeyAM', '1.0000', '0.0000', '0.0000', '1.0000', '94.1700', '1.3500', '10.0000', '10.0000', '10.0000', '125.5200', 6),
(4994, '2021-09-02 11:35:54', 53, '100.65', '1.0000', '0.0000', 'DiamondMonkeyAM', '1.0000', '0.0000', '0.0000', '1.0000', '93.1700', '1.3500', '10.0000', '10.0000', '10.0000', '124.5200', 6),
(4993, '2021-09-02 11:35:52', 53, '101.65', '1.0000', '0.0000', 'DiamondMonkeyAM', '1.0000', '0.0000', '0.0000', '1.0000', '92.1700', '1.3500', '10.0000', '10.0000', '10.0000', '123.5200', 6),
(4992, '2021-09-02 11:35:50', 53, '102.65', '1.0000', '0.0000', 'DiamondMonkeyAM', '1.0000', '0.0000', '0.0000', '1.0000', '91.1700', '1.3500', '10.0000', '10.0000', '10.0000', '122.5200', 6),
(4991, '2021-09-02 11:34:25', 53, '103.65', '1.0000', '2.0000', 'Ultra7AM', '1.0000', '0.0000', '0.0000', '1.0000', '90.1700', '1.3500', '10.0000', '10.0000', '10.0000', '121.5200', 6),
(4990, '2021-09-02 11:34:24', 53, '102.65', '1.0000', '0.0000', 'Ultra7AM', '1.0000', '0.0000', '0.0000', '1.0000', '91.1700', '1.3500', '10.0000', '10.0000', '10.0000', '122.5200', 6),
(4989, '2021-09-02 11:34:23', 53, '103.65', '1.0000', '0.0000', 'Ultra7AM', '1.0000', '0.0000', '0.0000', '1.0000', '90.1700', '1.3500', '10.0000', '10.0000', '10.0000', '121.5200', 6),
(4988, '2021-09-02 11:34:22', 53, '104.65', '1.0000', '0.0000', 'Ultra7AM', '1.0000', '0.0000', '0.0000', '1.0000', '89.1700', '1.3500', '10.0000', '10.0000', '10.0000', '120.5200', 6),
(4987, '2021-09-02 11:34:21', 53, '105.65', '1.0000', '0.0000', 'Ultra7AM', '1.0000', '0.0000', '0.0000', '1.0000', '88.1700', '1.3500', '10.0000', '10.0000', '10.0000', '119.5200', 6),
(4986, '2021-09-02 11:34:20', 53, '106.65', '1.0000', '0.0000', 'Ultra7AM', '1.0000', '0.0000', '0.0000', '1.0000', '87.1700', '1.3500', '10.0000', '10.0000', '10.0000', '118.5200', 6),
(4985, '2021-09-02 11:34:19', 53, '107.65', '1.0000', '0.0000', 'Ultra7AM', '1.0000', '0.0000', '0.0000', '1.0000', '86.1700', '1.3500', '10.0000', '10.0000', '10.0000', '117.5200', 6),
(4984, '2021-09-02 11:34:18', 53, '108.65', '1.0000', '0.0000', 'Ultra7AM', '1.0000', '0.0000', '0.0000', '1.0000', '85.1700', '1.3500', '10.0000', '10.0000', '10.0000', '116.5200', 6),
(4983, '2021-09-02 11:34:14', 53, '109.65', '1.0000', '12.0000', 'Ultra7AM', '1.0000', '0.0000', '0.0000', '1.0000', '84.1700', '1.3500', '10.0000', '10.0000', '10.0000', '115.5200', 6),
(4982, '2021-09-02 11:34:13', 53, '98.65', '1.0000', '0.0000', 'Ultra7AM', '1.0000', '0.0000', '0.0000', '1.0000', '95.1700', '1.3500', '10.0000', '10.0000', '10.0000', '126.5200', 6),
(4981, '2021-09-02 11:34:12', 53, '99.65', '1.0000', '0.0000', 'Ultra7AM', '1.0000', '0.0000', '0.0000', '1.0000', '94.1700', '1.3500', '10.0000', '10.0000', '10.0000', '125.5200', 6),
(4980, '2021-09-02 11:34:09', 53, '100.65', '1.0000', '0.0000', 'Ultra7AM', '1.0000', '0.0000', '0.0000', '1.0000', '93.1700', '1.3500', '10.0000', '10.0000', '10.0000', '124.5200', 6),
(4979, '2021-09-02 11:34:08', 53, '101.65', '1.0000', '0.0000', 'Ultra7AM', '1.0000', '0.0000', '0.0000', '1.0000', '92.1700', '1.3500', '10.0000', '10.0000', '10.0000', '123.5200', 6),
(4978, '2021-09-02 11:34:07', 53, '102.65', '1.0000', '0.0000', 'Ultra7AM', '1.0000', '0.0000', '0.0000', '1.0000', '91.1700', '1.3500', '10.0000', '10.0000', '10.0000', '122.5200', 6),
(4977, '2021-09-02 11:34:06', 53, '103.65', '1.0000', '0.0000', 'Ultra7AM', '1.0000', '0.0000', '0.0000', '1.0000', '90.1700', '1.3500', '10.0000', '10.0000', '10.0000', '121.5200', 6),
(4976, '2021-09-02 11:34:05', 53, '104.65', '1.0000', '0.0000', 'Ultra7AM', '1.0000', '0.0000', '0.0000', '1.0000', '89.1700', '1.3500', '10.0000', '10.0000', '10.0000', '120.5200', 6),
(4975, '2021-09-02 11:34:04', 53, '105.65', '1.0000', '0.0000', 'Ultra7AM', '1.0000', '0.0000', '0.0000', '1.0000', '88.1700', '1.3500', '10.0000', '10.0000', '10.0000', '119.5200', 6),
(4974, '2021-09-02 11:34:03', 53, '106.65', '1.0000', '0.0000', 'Ultra7AM', '1.0000', '0.0000', '0.0000', '1.0000', '87.1700', '1.3500', '10.0000', '10.0000', '10.0000', '118.5200', 6),
(4973, '2021-09-02 11:34:02', 53, '107.65', '1.0000', '0.0000', 'Ultra7AM', '1.0000', '0.0000', '0.0000', '1.0000', '86.1700', '1.3500', '10.0000', '10.0000', '10.0000', '117.5200', 6),
(4972, '2021-09-02 11:34:01', 53, '108.65', '1.0000', '0.0000', 'Ultra7AM', '1.0000', '0.0000', '0.0000', '1.0000', '85.1700', '1.3500', '10.0000', '10.0000', '10.0000', '116.5200', 6),
(4971, '2021-09-02 11:33:59', 53, '109.65', '1.0000', '0.0000', 'Ultra7AM', '1.0000', '0.0000', '0.0000', '1.0000', '84.1700', '1.3500', '10.0000', '10.0000', '10.0000', '115.5200', 6),
(4970, '2021-09-02 11:33:58', 53, '110.65', '1.0000', '0.0000', 'Ultra7AM', '1.0000', '0.0000', '0.0000', '1.0000', '83.1700', '1.3500', '10.0000', '10.0000', '10.0000', '114.5200', 6),
(4969, '2021-09-02 11:33:57', 53, '111.65', '1.0000', '0.0000', 'Ultra7AM', '1.0000', '0.0000', '0.0000', '1.0000', '82.1700', '1.3500', '10.0000', '10.0000', '10.0000', '113.5200', 6),
(4968, '2021-09-02 11:33:49', 53, '112.65', '0.1000', '0.0500', 'Ultra7AM', '0.1000', '0.0000', '0.0000', '1.0000', '81.1700', '1.3500', '10.0000', '10.0000', '10.0000', '112.5200', 6),
(4967, '2021-09-02 11:33:48', 53, '112.70', '0.1000', '0.0000', 'Ultra7AM', '0.1000', '0.0000', '0.0000', '1.0000', '81.1200', '1.3500', '10.0000', '10.0000', '10.0000', '112.4700', 6),
(4966, '2021-09-02 11:33:45', 53, '112.80', '0.1000', '0.8000', 'Ultra7AM', '0.1000', '0.0000', '0.0000', '1.0000', '81.0200', '1.3500', '10.0000', '10.0000', '10.0000', '112.3700', 6),
(4965, '2021-09-02 11:33:43', 53, '112.10', '0.1000', '0.0000', 'Ultra7AM', '0.1000', '0.0000', '0.0000', '1.0000', '81.7200', '1.3500', '10.0000', '10.0000', '10.0000', '113.0700', 6),
(4964, '2021-09-02 11:33:42', 53, '112.20', '0.1000', '0.0000', 'Ultra7AM', '0.1000', '0.0000', '0.0000', '1.0000', '81.6200', '1.3500', '10.0000', '10.0000', '10.0000', '112.9700', 6),
(4963, '2021-09-02 11:33:39', 53, '112.30', '0.1000', '0.0500', 'Ultra7AM', '0.1000', '0.0000', '0.0000', '1.0000', '81.5200', '1.3500', '10.0000', '10.0000', '10.0000', '112.8700', 6),
(4962, '2021-09-02 11:33:37', 53, '112.35', '0.1000', '0.0000', 'Ultra7AM', '0.1000', '0.0000', '0.0000', '1.0000', '81.4700', '1.3500', '10.0000', '10.0000', '10.0000', '112.8200', 6),
(4961, '2021-09-02 11:33:35', 53, '112.45', '0.1000', '0.0000', 'Ultra7AM', '0.1000', '0.0000', '0.0000', '1.0000', '81.3700', '1.3500', '10.0000', '10.0000', '10.0000', '112.7200', 6),
(4960, '2021-09-02 11:33:34', 53, '112.55', '0.1000', '0.0000', 'Ultra7AM', '0.1000', '0.0000', '0.0000', '1.0000', '81.2700', '1.3500', '10.0000', '10.0000', '10.0000', '112.6200', 6),
(4959, '2021-09-02 11:33:32', 53, '112.65', '0.1000', '0.0000', 'Ultra7AM', '0.1000', '0.0000', '0.0000', '1.0000', '81.1700', '1.3500', '10.0000', '10.0000', '10.0000', '112.5200', 6),
(4958, '2021-09-02 11:33:26', 53, '112.75', '0.1000', '0.4000', 'Ultra7AM', '0.1000', '0.0000', '0.0000', '1.0000', '81.0700', '1.3500', '10.0000', '10.0000', '10.0000', '112.4200', 6),
(4957, '2021-09-02 11:33:24', 53, '112.45', '0.1000', '0.0000', 'Ultra7AM', '0.1000', '0.0000', '0.0000', '1.0000', '81.3700', '1.3500', '10.0000', '10.0000', '10.0000', '112.7200', 6),
(4956, '2021-09-02 11:33:23', 53, '112.55', '0.1000', '0.0000', 'Ultra7AM', '0.1000', '0.0000', '0.0000', '1.0000', '81.2700', '1.3500', '10.0000', '10.0000', '10.0000', '112.6200', 6),
(4955, '2021-09-02 11:33:22', 53, '112.65', '0.1000', '0.0000', 'Ultra7AM', '0.1000', '0.0000', '0.0000', '1.0000', '81.1700', '1.3500', '10.0000', '10.0000', '10.0000', '112.5200', 6),
(4954, '2021-09-02 11:33:21', 53, '112.75', '0.1000', '0.0000', 'Ultra7AM', '0.1000', '0.0000', '0.0000', '1.0000', '81.0700', '1.3500', '10.0000', '10.0000', '10.0000', '112.4200', 6),
(4953, '2021-09-02 11:33:20', 53, '112.85', '0.1000', '0.0000', 'Ultra7AM', '0.1000', '0.0000', '0.0000', '1.0000', '80.9700', '1.3500', '10.0000', '10.0000', '10.0000', '112.3200', 6),
(4952, '2021-09-02 11:33:19', 53, '112.95', '0.1000', '0.0000', 'Ultra7AM', '0.1000', '0.0000', '0.0000', '1.0000', '80.8700', '1.3500', '10.0000', '10.0000', '10.0000', '112.2200', 6),
(4951, '2021-09-02 11:33:18', 53, '113.05', '0.1000', '0.0000', 'Ultra7AM', '0.1000', '0.0000', '0.0000', '1.0000', '80.7700', '1.3500', '10.0000', '10.0000', '10.0000', '112.1200', 6),
(4950, '2021-09-02 11:33:16', 53, '113.15', '0.1000', '0.0000', 'Ultra7AM', '0.1000', '0.0000', '0.0000', '1.0000', '80.6700', '1.3500', '10.0000', '10.0000', '10.0000', '112.0200', 6),
(4949, '2021-09-02 11:33:15', 53, '113.25', '0.1000', '0.0000', 'Ultra7AM', '0.1000', '0.0000', '0.0000', '1.0000', '80.5700', '1.3500', '10.0000', '10.0000', '10.0000', '111.9200', 6),
(4948, '2021-09-02 11:33:14', 53, '113.35', '0.1000', '0.0000', 'Ultra7AM', '0.1000', '0.0000', '0.0000', '1.0000', '80.4700', '1.3500', '10.0000', '10.0000', '10.0000', '111.8200', 6),
(4947, '2021-09-02 11:33:13', 53, '113.45', '0.1000', '0.0000', 'Ultra7AM', '0.1000', '0.0000', '0.0000', '1.0000', '80.3700', '1.3500', '10.0000', '10.0000', '10.0000', '111.7200', 6),
(4946, '2021-09-02 11:33:11', 53, '113.55', '0.1000', '0.0000', 'Ultra7AM', '0.1000', '0.0000', '0.0000', '1.0000', '80.2700', '1.3500', '10.0000', '10.0000', '10.0000', '111.6200', 6),
(4945, '2021-09-02 11:33:10', 53, '113.65', '0.1000', '0.0000', 'Ultra7AM', '0.1000', '0.0000', '0.0000', '1.0000', '80.1700', '1.3500', '10.0000', '10.0000', '10.0000', '111.5200', 6),
(4944, '2021-09-02 11:33:09', 53, '113.75', '0.1000', '0.0000', 'Ultra7AM', '0.1000', '0.0000', '0.0000', '1.0000', '80.0700', '1.3500', '10.0000', '10.0000', '10.0000', '111.4200', 6),
(4943, '2021-09-02 11:33:08', 53, '113.85', '0.1000', '0.0000', 'Ultra7AM', '0.1000', '0.0000', '0.0000', '1.0000', '79.9700', '1.3500', '10.0000', '10.0000', '10.0000', '111.3200', 6),
(4942, '2021-09-02 11:33:06', 53, '113.95', '0.1000', '0.0000', 'Ultra7AM', '0.1000', '0.0000', '0.0000', '1.0000', '79.8700', '1.3500', '10.0000', '10.0000', '10.0000', '111.2200', 6),
(4941, '2021-09-02 11:33:04', 53, '114.05', '0.1000', '0.0000', 'Ultra7AM', '0.1000', '0.0000', '0.0000', '1.0000', '79.7700', '1.3500', '10.0000', '10.0000', '10.0000', '111.1200', 6),
(4940, '2021-09-02 11:33:03', 53, '114.15', '0.1000', '0.0000', 'Ultra7AM', '0.1000', '0.0000', '0.0000', '1.0000', '79.6700', '1.3500', '10.0000', '10.0000', '10.0000', '111.0200', 6),
(4939, '2021-09-02 11:33:02', 53, '114.25', '0.1000', '0.0000', 'Ultra7AM', '0.1000', '0.0000', '0.0000', '1.0000', '79.5700', '1.3500', '10.0000', '10.0000', '10.0000', '110.9200', 6),
(4938, '2021-09-02 11:32:59', 53, '114.35', '0.1000', '0.0000', 'Ultra7AM', '0.1000', '0.0000', '0.0000', '1.0000', '79.4700', '1.3500', '10.0000', '10.0000', '10.0000', '110.8200', 6),
(4937, '2021-09-02 11:32:58', 53, '114.45', '0.1000', '0.0000', 'Ultra7AM', '0.1000', '0.0000', '0.0000', '1.0000', '79.3700', '1.3500', '10.0000', '10.0000', '10.0000', '110.7200', 6),
(4936, '2021-09-02 11:32:55', 53, '114.55', '0.1000', '0.0000', 'Ultra7AM', '0.1000', '0.0000', '0.0000', '1.0000', '79.2700', '1.3500', '10.0000', '10.0000', '10.0000', '110.6200', 6),
(4935, '2021-09-02 11:32:50', 53, '114.65', '0.1000', '0.0000', 'Ultra7AM', '0.1000', '0.0000', '0.0000', '1.0000', '79.1700', '1.3500', '10.0000', '10.0000', '10.0000', '110.5200', 6),
(4934, '2021-09-02 11:32:48', 53, '114.75', '0.1000', '0.0000', 'Ultra7AM', '0.1000', '0.0000', '0.0000', '1.0000', '79.0700', '1.3500', '10.0000', '10.0000', '10.0000', '110.4200', 6),
(4933, '2021-09-02 11:32:46', 53, '114.85', '0.1000', '0.0000', 'Ultra7AM', '0.1000', '0.0000', '0.0000', '1.0000', '78.9700', '1.3500', '10.0000', '10.0000', '10.0000', '110.3200', 6),
(4932, '2021-09-02 11:32:43', 53, '114.95', '0.1000', '0.0000', 'Ultra7AM', '0.1000', '0.0000', '0.0000', '1.0000', '78.8700', '1.3500', '10.0000', '10.0000', '10.0000', '110.2200', 6),
(4931, '2021-09-02 11:32:41', 53, '115.05', '0.1000', '0.0000', 'Ultra7AM', '0.1000', '0.0000', '0.0000', '1.0000', '78.7700', '1.3500', '10.0000', '10.0000', '10.0000', '110.1200', 6),
(4930, '2021-09-02 11:32:38', 53, '115.15', '0.1000', '0.0000', 'Ultra7AM', '0.1000', '0.0000', '0.0000', '1.0000', '78.6700', '1.3500', '10.0000', '10.0000', '10.0000', '110.0200', 6),
(4929, '2021-09-02 11:32:37', 53, '115.25', '0.1000', '0.0000', 'Ultra7AM', '0.1000', '0.0000', '0.0000', '1.0000', '78.5700', '1.3500', '10.0000', '10.0000', '10.0000', '109.9200', 6),
(4928, '2021-09-02 11:32:35', 53, '115.35', '0.1000', '0.0000', 'Ultra7AM', '0.1000', '0.0000', '0.0000', '1.0000', '78.4700', '1.3500', '10.0000', '10.0000', '10.0000', '109.8200', 6),
(4927, '2021-09-02 11:32:32', 53, '115.45', '0.1000', '0.0000', 'Ultra7AM', '0.1000', '0.0000', '0.0000', '1.0000', '78.3700', '1.3500', '10.0000', '10.0000', '10.0000', '109.7200', 6),
(4926, '2021-09-02 11:32:30', 53, '115.55', '0.1000', '0.0000', 'Ultra7AM', '0.1000', '0.0000', '0.0000', '1.0000', '78.2700', '1.3500', '10.0000', '10.0000', '10.0000', '109.6200', 6),
(4925, '2021-09-02 11:32:26', 53, '115.65', '0.1000', '0.0000', 'Ultra7AM', '0.1000', '0.0000', '0.0000', '1.0000', '78.1700', '1.3500', '10.0000', '10.0000', '10.0000', '109.5200', 6),
(4924, '2021-09-02 11:32:24', 53, '115.75', '0.1000', '0.0000', 'Ultra7AM', '0.1000', '0.0000', '0.0000', '1.0000', '78.0700', '1.3500', '10.0000', '10.0000', '10.0000', '109.4200', 6),
(4923, '2021-09-02 11:21:08', 53, '115.85', '1.0000', '0.0000', 'EyeOfRaAM', '1.0000', '0.0000', '0.0000', '1.0000', '77.9700', '1.3500', '10.0000', '10.0000', '10.0000', '109.3200', 6),
(4922, '2021-09-02 11:21:05', 53, '116.85', '1.0000', '0.0000', 'EyeOfRaAM', '1.0000', '0.0000', '0.0000', '1.0000', '76.9700', '1.3500', '10.0000', '10.0000', '10.0000', '108.3200', 6),
(4921, '2021-09-02 11:21:04', 53, '117.85', '1.0000', '0.0000', 'EyeOfRaAM', '1.0000', '0.0000', '0.0000', '1.0000', '75.9700', '1.3500', '10.0000', '10.0000', '10.0000', '107.3200', 6),
(4920, '2021-09-02 11:21:03', 53, '118.85', '1.0000', '0.0000', 'EyeOfRaAM', '1.0000', '0.0000', '0.0000', '1.0000', '74.9700', '1.3500', '10.0000', '10.0000', '10.0000', '106.3200', 6),
(4919, '2021-09-02 11:21:00', 53, '119.85', '1.0000', '0.2000', 'EyeOfRaAM', '1.0000', '0.0000', '0.0000', '1.0000', '73.9700', '1.3500', '10.0000', '10.0000', '10.0000', '105.3200', 6),
(4918, '2021-09-02 11:20:58', 53, '120.65', '1.0000', '0.0000', 'EyeOfRaAM', '1.0000', '0.0000', '0.0000', '1.0000', '73.1700', '1.3500', '10.0000', '10.0000', '10.0000', '104.5200', 6),
(4917, '2021-09-02 11:20:56', 53, '121.65', '1.0000', '0.0000', 'EyeOfRaAM', '1.0000', '0.0000', '0.0000', '1.0000', '72.1700', '1.3500', '10.0000', '10.0000', '10.0000', '103.5200', 6),
(4916, '2021-09-02 11:20:54', 53, '122.65', '1.0000', '0.0000', 'EyeOfRaAM', '1.0000', '0.0000', '0.0000', '1.0000', '71.1700', '1.3500', '10.0000', '10.0000', '10.0000', '102.5200', 6),
(4915, '2021-09-02 11:20:53', 53, '123.65', '1.0000', '0.0000', 'EyeOfRaAM', '1.0000', '0.0000', '0.0000', '1.0000', '70.1700', '1.3500', '10.0000', '10.0000', '10.0000', '101.5200', 6),
(4914, '2021-09-02 11:20:50', 53, '124.65', '1.0000', '0.2000', 'EyeOfRaAM', '1.0000', '0.0000', '0.0000', '1.0000', '69.1700', '1.3500', '10.0000', '10.0000', '10.0000', '100.5200', 6),
(4913, '2021-09-02 11:20:49', 53, '125.45', '1.0000', '0.0000', 'EyeOfRaAM', '1.0000', '0.0000', '0.0000', '1.0000', '68.3700', '1.3500', '10.0000', '10.0000', '10.0000', '99.7200', 6),
(4912, '2021-09-02 11:20:46', 53, '126.45', '1.0000', '2.0000', 'EyeOfRaAM', '1.0000', '0.0000', '0.0000', '1.0000', '67.3700', '1.3500', '10.0000', '10.0000', '10.0000', '98.7200', 6),
(4911, '2021-09-02 11:20:44', 53, '125.45', '1.0000', '0.0000', 'EyeOfRaAM', '1.0000', '0.0000', '0.0000', '1.0000', '68.3700', '1.3500', '10.0000', '10.0000', '10.0000', '99.7200', 6),
(4910, '2021-09-02 11:20:43', 53, '126.45', '1.0000', '0.0000', 'EyeOfRaAM', '1.0000', '0.0000', '0.0000', '1.0000', '67.3700', '1.3500', '10.0000', '10.0000', '10.0000', '98.7200', 6),
(4909, '2021-09-02 11:20:42', 53, '127.45', '1.0000', '0.0000', 'EyeOfRaAM', '1.0000', '0.0000', '0.0000', '1.0000', '66.3700', '1.3500', '10.0000', '10.0000', '10.0000', '97.7200', 6),
(4908, '2021-09-02 11:20:41', 53, '128.45', '1.0000', '0.0000', 'EyeOfRaAM', '1.0000', '0.0000', '0.0000', '1.0000', '65.3700', '1.3500', '10.0000', '10.0000', '10.0000', '96.7200', 6),
(4907, '2021-09-02 11:20:40', 53, '129.45', '1.0000', '0.0000', 'EyeOfRaAM', '1.0000', '0.0000', '0.0000', '1.0000', '64.3700', '1.3500', '10.0000', '10.0000', '10.0000', '95.7200', 6),
(4906, '2021-09-02 11:20:37', 53, '130.45', '1.0000', '0.0000', 'EyeOfRaAM', '1.0000', '0.0000', '0.0000', '1.0000', '63.3700', '1.3500', '10.0000', '10.0000', '10.0000', '94.7200', 6),
(4905, '2021-09-02 11:20:36', 53, '131.45', '1.0000', '0.0000', 'EyeOfRaAM', '1.0000', '0.0000', '0.0000', '1.0000', '62.3700', '1.3500', '10.0000', '10.0000', '10.0000', '93.7200', 6),
(4904, '2021-09-02 11:20:35', 53, '132.45', '1.0000', '0.0000', 'EyeOfRaAM', '1.0000', '0.0000', '0.0000', '1.0000', '61.3700', '1.3500', '10.0000', '10.0000', '10.0000', '92.7200', 6),
(4903, '2021-09-02 11:20:34', 53, '133.45', '1.0000', '0.0000', 'EyeOfRaAM', '1.0000', '0.0000', '0.0000', '1.0000', '60.3700', '1.3500', '10.0000', '10.0000', '10.0000', '91.7200', 6),
(4902, '2021-09-02 11:20:32', 53, '134.45', '1.0000', '0.0000', 'EyeOfRaAM', '1.0000', '0.0000', '0.0000', '1.0000', '59.3700', '1.3500', '10.0000', '10.0000', '10.0000', '90.7200', 6),
(4901, '2021-09-02 11:20:31', 53, '135.45', '1.0000', '0.0000', 'EyeOfRaAM', '1.0000', '0.0000', '0.0000', '1.0000', '58.3700', '1.3500', '10.0000', '10.0000', '10.0000', '89.7200', 6),
(4900, '2021-09-02 11:20:30', 53, '136.45', '1.0000', '0.0000', 'EyeOfRaAM', '1.0000', '0.0000', '0.0000', '1.0000', '57.3700', '1.3500', '10.0000', '10.0000', '10.0000', '88.7200', 6),
(4899, '2021-09-02 11:20:26', 53, '137.45', '1.0000', '0.0000', 'EyeOfRaAM FG', '0.0000', '0.0000', '0.0000', '1.0000', '56.3700', '1.3500', '10.0000', '10.0000', '10.0000', '87.7200', 6),
(4898, '2021-09-02 11:20:24', 53, '134.45', '1.0000', '0.5000', 'EyeOfRaAM FG', '0.0000', '0.0000', '0.0000', '1.0000', '56.3700', '1.3500', '10.0000', '10.0000', '10.0000', '87.7200', 6),
(4897, '2021-09-02 11:20:23', 53, '134.45', '1.0000', '0.0000', 'EyeOfRaAM FG', '0.0000', '0.0000', '0.0000', '1.0000', '56.3700', '1.8500', '10.0000', '10.0000', '10.0000', '88.2200', 6),
(4896, '2021-09-02 11:20:21', 53, '134.45', '1.0000', '0.5000', 'EyeOfRaAM FG', '0.0000', '0.0000', '0.0000', '1.0000', '56.3700', '1.8500', '10.0000', '10.0000', '10.0000', '88.2200', 6),
(4895, '2021-09-02 11:20:20', 53, '134.45', '1.0000', '0.0000', 'EyeOfRaAM FG', '0.0000', '0.0000', '0.0000', '1.0000', '56.3700', '2.3500', '10.0000', '10.0000', '10.0000', '88.7200', 6),
(4894, '2021-09-02 11:20:16', 53, '134.45', '1.0000', '2.0000', 'EyeOfRaAM', '1.0000', '0.0000', '0.0000', '1.0000', '56.3700', '2.3500', '10.0000', '10.0000', '10.0000', '88.7200', 6),
(4893, '2021-09-02 11:20:15', 53, '135.45', '1.0000', '0.0000', 'EyeOfRaAM', '1.0000', '0.0000', '0.0000', '1.0000', '55.3700', '4.3500', '10.0000', '10.0000', '10.0000', '89.7200', 6),
(4892, '2021-09-02 11:20:14', 53, '136.45', '1.0000', '0.0000', 'EyeOfRaAM', '1.0000', '0.0000', '0.0000', '1.0000', '54.3700', '4.3500', '10.0000', '10.0000', '10.0000', '88.7200', 6),
(4891, '2021-09-02 11:20:13', 53, '137.45', '1.0000', '0.0000', 'EyeOfRaAM', '1.0000', '0.0000', '0.0000', '1.0000', '53.3700', '4.3500', '10.0000', '10.0000', '10.0000', '87.7200', 6),
(4890, '2021-09-02 11:20:11', 53, '138.45', '1.0000', '0.0000', 'EyeOfRaAM', '1.0000', '0.0000', '0.0000', '1.0000', '52.3700', '4.3500', '10.0000', '10.0000', '10.0000', '86.7200', 6),
(4889, '2021-09-02 11:20:07', 53, '139.45', '1.0000', '0.0000', 'EyeOfRaAM FG', '0.0000', '0.0000', '0.0000', '1.0000', '51.3700', '4.3500', '10.0000', '10.0000', '10.0000', '85.7200', 6),
(4888, '2021-09-02 11:20:06', 53, '135.05', '1.0000', '0.0000', 'EyeOfRaAM FG', '0.0000', '0.0000', '0.0000', '1.0000', '51.3700', '4.3500', '10.0000', '10.0000', '10.0000', '85.7200', 6),
(4887, '2021-09-02 11:20:04', 53, '135.05', '1.0000', '2.0000', 'EyeOfRaAM FG', '0.0000', '0.0000', '0.0000', '1.0000', '51.3700', '4.3500', '10.0000', '10.0000', '10.0000', '85.7200', 6),
(4886, '2021-09-02 11:20:02', 53, '135.05', '1.0000', '0.0000', 'EyeOfRaAM FG', '0.0000', '0.0000', '0.0000', '1.0000', '51.3700', '6.3500', '10.0000', '10.0000', '10.0000', '87.7200', 6),
(4885, '2021-09-02 11:20:00', 53, '135.05', '1.0000', '0.0000', 'EyeOfRaAM FG', '0.0000', '0.0000', '0.0000', '1.0000', '51.3700', '6.3500', '10.0000', '10.0000', '10.0000', '87.7200', 6),
(4884, '2021-09-02 11:19:56', 53, '135.05', '1.0000', '2.4000', 'EyeOfRaAM', '1.0000', '0.0000', '0.0000', '1.0000', '51.3700', '6.3500', '10.0000', '10.0000', '10.0000', '87.7200', 6),
(4883, '2021-09-02 11:19:53', 53, '136.05', '1.0000', '0.0000', 'EyeOfRaAM FG', '0.0000', '0.0000', '0.0000', '1.0000', '50.3700', '8.7500', '10.0000', '10.0000', '10.0000', '89.1200', 6),
(4882, '2021-09-02 11:19:51', 53, '134.05', '1.0000', '0.0000', 'EyeOfRaAM FG', '0.0000', '0.0000', '0.0000', '1.0000', '50.3700', '8.7500', '10.0000', '10.0000', '10.0000', '89.1200', 6),
(4881, '2021-09-02 11:19:50', 53, '134.05', '1.0000', '0.0000', 'EyeOfRaAM FG', '0.0000', '0.0000', '0.0000', '1.0000', '50.3700', '8.7500', '10.0000', '10.0000', '10.0000', '89.1200', 6),
(4880, '2021-09-02 11:19:48', 53, '134.05', '1.0000', '0.0000', 'EyeOfRaAM FG', '0.0000', '0.0000', '0.0000', '1.0000', '50.3700', '8.7500', '10.0000', '10.0000', '10.0000', '89.1200', 6),
(4879, '2021-09-02 11:19:47', 53, '134.05', '1.0000', '0.0000', 'EyeOfRaAM FG', '0.0000', '0.0000', '0.0000', '1.0000', '50.3700', '8.7500', '10.0000', '10.0000', '10.0000', '89.1200', 6),
(4878, '2021-09-02 11:19:43', 53, '134.05', '1.0000', '2.0000', 'EyeOfRaAM', '1.0000', '0.0000', '0.0000', '1.0000', '50.3700', '8.7500', '10.0000', '10.0000', '10.0000', '89.1200', 6),
(4877, '2021-09-02 11:19:41', 53, '135.05', '1.0000', '0.0000', 'EyeOfRaAM', '1.0000', '0.0000', '0.0000', '1.0000', '49.3700', '10.7500', '10.0000', '10.0000', '10.0000', '90.1200', 6),
(4876, '2021-09-02 11:19:40', 53, '136.05', '1.0000', '0.0000', 'EyeOfRaAM', '1.0000', '0.0000', '0.0000', '1.0000', '48.3700', '10.7500', '10.0000', '10.0000', '10.0000', '89.1200', 6),
(4875, '2021-09-02 11:19:38', 53, '137.05', '1.0000', '0.0000', 'EyeOfRaAM', '1.0000', '0.0000', '0.0000', '1.0000', '47.3700', '10.7500', '10.0000', '10.0000', '10.0000', '88.1200', 6),
(4874, '2021-09-02 11:19:36', 53, '138.05', '1.0000', '0.0000', 'EyeOfRaAM', '1.0000', '0.0000', '0.0000', '1.0000', '46.3700', '10.7500', '10.0000', '10.0000', '10.0000', '87.1200', 6),
(4873, '2021-09-02 11:19:34', 53, '139.05', '1.0000', '0.0000', 'EyeOfRaAM', '1.0000', '0.0000', '0.0000', '1.0000', '45.3700', '10.7500', '10.0000', '10.0000', '10.0000', '86.1200', 6),
(4872, '2021-09-02 11:19:33', 53, '140.05', '1.0000', '0.0000', 'EyeOfRaAM', '1.0000', '0.0000', '0.0000', '1.0000', '44.3700', '10.7500', '10.0000', '10.0000', '10.0000', '85.1200', 6),
(4871, '2021-09-02 11:19:32', 53, '141.05', '1.0000', '0.0000', 'EyeOfRaAM', '1.0000', '0.0000', '0.0000', '1.0000', '43.3700', '10.7500', '10.0000', '10.0000', '10.0000', '84.1200', 6),
(4870, '2021-09-02 11:19:30', 53, '142.05', '1.0000', '0.0000', 'EyeOfRaAM', '1.0000', '0.0000', '0.0000', '1.0000', '42.3700', '10.7500', '10.0000', '10.0000', '10.0000', '83.1200', 6),
(4869, '2021-09-02 11:19:26', 53, '143.05', '1.0000', '0.0000', 'EyeOfRaAM FG', '0.0000', '0.0000', '0.0000', '1.0000', '41.3700', '10.7500', '10.0000', '10.0000', '10.0000', '82.1200', 6),
(4868, '2021-09-02 11:19:24', 53, '129.05', '1.0000', '0.0000', 'EyeOfRaAM FG', '0.0000', '0.0000', '0.0000', '1.0000', '41.3700', '10.7500', '10.0000', '10.0000', '10.0000', '82.1200', 6),
(4867, '2021-09-02 11:19:22', 53, '129.05', '1.0000', '4.0000', 'EyeOfRaAM FG', '0.0000', '0.0000', '0.0000', '1.0000', '41.3700', '10.7500', '10.0000', '10.0000', '10.0000', '82.1200', 6),
(4866, '2021-09-02 11:19:21', 53, '129.05', '1.0000', '0.0000', 'EyeOfRaAM FG', '0.0000', '0.0000', '0.0000', '1.0000', '41.3700', '14.7500', '10.0000', '10.0000', '10.0000', '86.1200', 6),
(4865, '2021-09-02 11:19:19', 53, '129.05', '1.0000', '0.0000', 'EyeOfRaAM FG', '0.0000', '0.0000', '0.0000', '1.0000', '41.3700', '14.7500', '10.0000', '10.0000', '10.0000', '86.1200', 6),
(4864, '2021-09-02 11:19:15', 53, '129.05', '1.0000', '10.0000', 'EyeOfRaAM', '1.0000', '0.0000', '0.0000', '1.0000', '41.3700', '14.7500', '10.0000', '10.0000', '10.0000', '86.1200', 6),
(4863, '2021-09-02 11:19:14', 53, '130.05', '1.0000', '0.0000', 'EyeOfRaAM', '1.0000', '0.0000', '0.0000', '1.0000', '40.3700', '24.7500', '10.0000', '10.0000', '10.0000', '95.1200', 6),
(4862, '2021-09-02 11:19:11', 53, '131.05', '1.0000', '6.0000', 'EyeOfRaAM', '1.0000', '0.0000', '0.0000', '1.0000', '39.3700', '24.7500', '10.0000', '10.0000', '10.0000', '94.1200', 6),
(4861, '2021-09-02 11:19:10', 53, '126.05', '1.0000', '0.0000', 'EyeOfRaAM', '1.0000', '0.0000', '0.0000', '1.0000', '44.3700', '24.7500', '10.0000', '10.0000', '10.0000', '99.1200', 6),
(4860, '2021-09-02 11:19:09', 53, '127.05', '1.0000', '0.0000', 'EyeOfRaAM', '1.0000', '0.0000', '0.0000', '1.0000', '43.3700', '24.7500', '10.0000', '10.0000', '10.0000', '98.1200', 6),
(4859, '2021-09-02 11:19:07', 53, '128.05', '1.0000', '0.0000', 'EyeOfRaAM', '1.0000', '0.0000', '0.0000', '1.0000', '42.3700', '24.7500', '10.0000', '10.0000', '10.0000', '97.1200', 6),
(4858, '2021-09-02 11:19:06', 53, '129.05', '1.0000', '0.0000', 'EyeOfRaAM', '1.0000', '0.0000', '0.0000', '1.0000', '41.3700', '24.7500', '10.0000', '10.0000', '10.0000', '96.1200', 6),
(4857, '2021-09-02 11:19:04', 53, '130.05', '1.0000', '0.0000', 'EyeOfRaAM', '1.0000', '0.0000', '0.0000', '1.0000', '40.3700', '24.7500', '10.0000', '10.0000', '10.0000', '95.1200', 6),
(4856, '2021-09-02 11:19:03', 53, '131.05', '1.0000', '0.0000', 'EyeOfRaAM', '1.0000', '0.0000', '0.0000', '1.0000', '39.3700', '24.7500', '10.0000', '10.0000', '10.0000', '94.1200', 6),
(4855, '2021-09-02 11:19:02', 53, '132.05', '1.0000', '0.0000', 'EyeOfRaAM', '1.0000', '0.0000', '0.0000', '1.0000', '38.3700', '24.7500', '10.0000', '10.0000', '10.0000', '93.1200', 6),
(4854, '2021-09-02 11:19:01', 53, '133.05', '1.0000', '0.0000', 'EyeOfRaAM', '1.0000', '0.0000', '0.0000', '1.0000', '37.3700', '24.7500', '10.0000', '10.0000', '10.0000', '92.1200', 6),
(4853, '2021-09-02 11:18:59', 53, '134.05', '1.0000', '0.0000', 'EyeOfRaAM', '1.0000', '0.0000', '0.0000', '1.0000', '36.3700', '24.7500', '10.0000', '10.0000', '10.0000', '91.1200', 6),
(4852, '2021-09-02 11:18:58', 53, '135.05', '1.0000', '0.0000', 'EyeOfRaAM', '1.0000', '0.0000', '0.0000', '1.0000', '35.3700', '24.7500', '10.0000', '10.0000', '10.0000', '90.1200', 6),
(4851, '2021-09-02 11:18:56', 53, '136.05', '1.0000', '0.0000', 'EyeOfRaAM', '1.0000', '0.0000', '0.0000', '1.0000', '34.3700', '24.7500', '10.0000', '10.0000', '10.0000', '89.1200', 6),
(4850, '2021-09-02 11:18:55', 53, '137.05', '1.0000', '0.0000', 'EyeOfRaAM', '1.0000', '0.0000', '0.0000', '1.0000', '33.3700', '24.7500', '10.0000', '10.0000', '10.0000', '88.1200', 6),
(4849, '2021-09-02 11:15:54', 53, '138.05', '0.4000', '0.0000', 'WildBuffaloNG', '0.4000', '0.0000', '0.0000', '1.0000', '32.3700', '24.7500', '10.0000', '10.0000', '10.0000', '87.1200', 6),
(4848, '2021-09-02 11:15:52', 53, '138.45', '0.4000', '0.5000', 'WildBuffaloNG', '0.4000', '0.0000', '0.0000', '1.0000', '31.9700', '24.7500', '10.0000', '10.0000', '10.0000', '86.7200', 6),
(4847, '2021-09-02 11:15:51', 53, '138.35', '0.4000', '0.0000', 'WildBuffaloNG', '0.4000', '0.0000', '0.0000', '1.0000', '32.0700', '24.7500', '10.0000', '10.0000', '10.0000', '86.8200', 6),
(4846, '2021-09-02 11:15:50', 53, '138.75', '0.4000', '0.0000', 'WildBuffaloNG', '0.4000', '0.0000', '0.0000', '1.0000', '31.6700', '24.7500', '10.0000', '10.0000', '10.0000', '86.4200', 6),
(4845, '2021-09-02 11:15:48', 53, '139.15', '0.4000', '0.0000', 'WildBuffaloNG', '0.4000', '0.0000', '0.0000', '1.0000', '31.2700', '24.7500', '10.0000', '10.0000', '10.0000', '86.0200', 6),
(4844, '2021-09-02 11:15:46', 53, '139.55', '0.4000', '0.0000', 'WildBuffaloNG', '0.4000', '0.0000', '0.0000', '1.0000', '30.8700', '24.7500', '10.0000', '10.0000', '10.0000', '85.6200', 6),
(4843, '2021-09-02 11:15:45', 53, '139.95', '0.4000', '0.0000', 'WildBuffaloNG', '0.4000', '0.0000', '0.0000', '1.0000', '30.4700', '24.7500', '10.0000', '10.0000', '10.0000', '85.2200', 6),
(4842, '2021-09-02 11:15:41', 53, '140.35', '0.4000', '0.0000', 'WildBuffaloNG', '0.4000', '0.0000', '0.0000', '1.0000', '30.0700', '24.7500', '10.0000', '10.0000', '10.0000', '84.8200', 6),
(4841, '2021-09-02 11:15:40', 53, '140.75', '0.4000', '0.0000', 'WildBuffaloNG', '0.4000', '0.0000', '0.0000', '1.0000', '29.6700', '24.7500', '10.0000', '10.0000', '10.0000', '84.4200', 6),
(4840, '2021-09-02 11:15:39', 53, '141.15', '0.4000', '0.0000', 'WildBuffaloNG', '0.4000', '0.0000', '0.0000', '1.0000', '29.2700', '24.7500', '10.0000', '10.0000', '10.0000', '84.0200', 6),
(4839, '2021-09-02 11:15:37', 53, '141.55', '0.4000', '0.0000', 'WildBuffaloNG', '0.4000', '0.0000', '0.0000', '1.0000', '28.8700', '24.7500', '10.0000', '10.0000', '10.0000', '83.6200', 6),
(4838, '2021-09-02 11:15:34', 53, '141.95', '0.4000', '0.0000', 'WildBuffaloNG', '0.4000', '0.0000', '0.0000', '1.0000', '28.4700', '24.7500', '10.0000', '10.0000', '10.0000', '83.2200', 6),
(4837, '2021-09-02 11:15:28', 53, '142.35', '0.4000', '2.0000', 'WildBuffaloNG', '0.4000', '0.0000', '0.0000', '1.0000', '28.0700', '24.7500', '10.0000', '10.0000', '10.0000', '82.8200', 6),
(4836, '2021-09-02 11:15:26', 53, '140.75', '0.4000', '0.0000', 'WildBuffaloNG', '0.4000', '0.0000', '0.0000', '1.0000', '29.6700', '24.7500', '10.0000', '10.0000', '10.0000', '84.4200', 6),
(4835, '2021-09-02 11:15:20', 53, '141.15', '0.4000', '0.0000', 'WildBuffaloNG', '0.4000', '0.0000', '0.0000', '1.0000', '29.2700', '24.7500', '10.0000', '10.0000', '10.0000', '84.0200', 6),
(4834, '2021-09-02 11:15:18', 53, '141.55', '0.4000', '0.0000', 'WildBuffaloNG', '0.4000', '0.0000', '0.0000', '1.0000', '28.8700', '24.7500', '10.0000', '10.0000', '10.0000', '83.6200', 6),
(4833, '2021-09-02 11:15:16', 53, '141.95', '0.4000', '0.0000', 'WildBuffaloNG', '0.4000', '0.0000', '0.0000', '1.0000', '28.4700', '24.7500', '10.0000', '10.0000', '10.0000', '83.2200', 6),
(4832, '2021-09-02 11:15:13', 53, '142.35', '0.4000', '0.5000', 'WildBuffaloNG', '0.4000', '0.0000', '0.0000', '1.0000', '28.0700', '24.7500', '10.0000', '10.0000', '10.0000', '82.8200', 6),
(4831, '2021-09-02 11:15:11', 53, '142.25', '0.4000', '0.0000', 'WildBuffaloNG', '0.4000', '0.0000', '0.0000', '1.0000', '28.1700', '24.7500', '10.0000', '10.0000', '10.0000', '82.9200', 6),
(4830, '2021-09-02 11:15:10', 53, '142.65', '0.4000', '0.0000', 'WildBuffaloNG', '0.4000', '0.0000', '0.0000', '1.0000', '27.7700', '24.7500', '10.0000', '10.0000', '10.0000', '82.5200', 6),
(4829, '2021-09-02 11:15:07', 53, '143.05', '0.4000', '0.0000', 'WildBuffaloNG', '0.4000', '0.0000', '0.0000', '1.0000', '27.3700', '24.7500', '10.0000', '10.0000', '10.0000', '82.1200', 6),
(4828, '2021-09-02 11:15:04', 53, '143.45', '0.4000', '0.0000', 'WildBuffaloNG', '0.4000', '0.0000', '0.0000', '1.0000', '26.9700', '24.7500', '10.0000', '10.0000', '10.0000', '81.7200', 6),
(4827, '2021-09-02 11:15:03', 53, '143.85', '0.4000', '0.0000', 'WildBuffaloNG', '0.4000', '0.0000', '0.0000', '1.0000', '26.5700', '24.7500', '10.0000', '10.0000', '10.0000', '81.3200', 6),
(4826, '2021-09-02 11:15:01', 53, '144.25', '0.4000', '0.0000', 'WildBuffaloNG', '0.4000', '0.0000', '0.0000', '1.0000', '26.1700', '24.7500', '10.0000', '10.0000', '10.0000', '80.9200', 6),
(4825, '2021-09-02 11:14:59', 53, '144.65', '0.4000', '0.0000', 'WildBuffaloNG', '0.4000', '0.0000', '0.0000', '1.0000', '25.7700', '24.7500', '10.0000', '10.0000', '10.0000', '80.5200', 6),
(4824, '2021-09-02 11:14:56', 53, '145.05', '0.4000', '0.0000', 'WildBuffaloNG', '0.4000', '0.0000', '0.0000', '1.0000', '25.3700', '24.7500', '10.0000', '10.0000', '10.0000', '80.1200', 6),
(4823, '2021-09-02 11:14:55', 53, '145.45', '0.4000', '0.0000', 'WildBuffaloNG', '0.4000', '0.0000', '0.0000', '1.0000', '24.9700', '24.7500', '10.0000', '10.0000', '10.0000', '79.7200', 6),
(4822, '2021-09-02 11:14:54', 53, '145.85', '0.4000', '0.0000', 'WildBuffaloNG', '0.4000', '0.0000', '0.0000', '1.0000', '24.5700', '24.7500', '10.0000', '10.0000', '10.0000', '79.3200', 6),
(4821, '2021-09-02 11:14:51', 53, '146.25', '0.4000', '0.0000', 'WildBuffaloNG', '0.4000', '0.0000', '0.0000', '1.0000', '24.1700', '24.7500', '10.0000', '10.0000', '10.0000', '78.9200', 6),
(4820, '2021-09-02 11:14:50', 53, '146.65', '0.4000', '0.0000', 'WildBuffaloNG', '0.4000', '0.0000', '0.0000', '1.0000', '23.7700', '24.7500', '10.0000', '10.0000', '10.0000', '78.5200', 6),
(4819, '2021-09-02 11:14:48', 53, '147.05', '0.4000', '0.0000', 'WildBuffaloNG', '0.4000', '0.0000', '0.0000', '1.0000', '23.3700', '24.7500', '10.0000', '10.0000', '10.0000', '78.1200', 6),
(4818, '2021-09-02 11:14:46', 53, '147.45', '0.4000', '0.0000', 'WildBuffaloNG', '0.4000', '0.0000', '0.0000', '1.0000', '22.9700', '24.7500', '10.0000', '10.0000', '10.0000', '77.7200', 6),
(4817, '2021-09-02 11:14:43', 53, '147.85', '0.4000', '0.0000', 'WildBuffaloNG', '0.4000', '0.0000', '0.0000', '1.0000', '22.5700', '24.7500', '10.0000', '10.0000', '10.0000', '77.3200', 6),
(4816, '2021-09-02 11:14:42', 53, '148.25', '0.4000', '0.0000', 'WildBuffaloNG', '0.4000', '0.0000', '0.0000', '1.0000', '22.1700', '24.7500', '10.0000', '10.0000', '10.0000', '76.9200', 6),
(4815, '2021-09-02 11:14:29', 53, '148.65', '0.4000', '6.4000', 'WildBuffaloNG', '0.4000', '0.0000', '0.0000', '1.0000', '21.7700', '24.7500', '10.0000', '10.0000', '10.0000', '76.5200', 6),
(4814, '2021-09-02 11:14:19', 53, '142.65', '0.4000', '1.0000', 'WildBuffaloNG FG', '0.0000', '0.0000', '0.0000', '1.0000', '27.7700', '24.7500', '10.0000', '10.0000', '10.0000', '82.5200', 6),
(4813, '2021-09-02 11:14:16', 53, '141.65', '0.4000', '0.0000', 'WildBuffaloNG FG', '0.0000', '0.0000', '0.0000', '1.0000', '27.7700', '25.7500', '10.0000', '10.0000', '10.0000', '83.5200', 6),
(4812, '2021-09-02 11:14:13', 53, '141.65', '0.4000', '0.0000', 'WildBuffaloNG FG', '0.0000', '0.0000', '0.0000', '1.0000', '27.7700', '25.7500', '10.0000', '10.0000', '10.0000', '83.5200', 6),
(4811, '2021-09-02 11:14:09', 53, '141.65', '0.4000', '0.0000', 'WildBuffaloNG FG', '0.0000', '0.0000', '0.0000', '1.0000', '27.7700', '25.7500', '10.0000', '10.0000', '10.0000', '83.5200', 6),
(4810, '2021-09-02 11:14:08', 53, '141.65', '0.4000', '0.0000', 'WildBuffaloNG FG', '0.0000', '0.0000', '0.0000', '1.0000', '27.7700', '25.7500', '10.0000', '10.0000', '10.0000', '83.5200', 6),
(4809, '2021-09-02 11:14:01', 53, '141.65', '0.4000', '1.3000', 'WildBuffaloNG FG', '0.0000', '0.0000', '0.0000', '1.0000', '27.7700', '25.7500', '10.0000', '10.0000', '10.0000', '83.5200', 6),
(4808, '2021-09-02 11:14:00', 53, '140.35', '0.4000', '0.0000', 'WildBuffaloNG FG', '0.0000', '0.0000', '0.0000', '1.0000', '27.7700', '27.0500', '10.0000', '10.0000', '10.0000', '84.8200', 6),
(4807, '2021-09-02 11:13:58', 53, '140.35', '0.4000', '0.0000', 'WildBuffaloNG FG', '0.0000', '0.0000', '0.0000', '1.0000', '27.7700', '27.0500', '10.0000', '10.0000', '10.0000', '84.8200', 6),
(4806, '2021-09-02 11:13:55', 53, '140.35', '0.4000', '0.0000', 'WildBuffaloNG FG', '0.0000', '0.0000', '0.0000', '1.0000', '27.7700', '27.0500', '10.0000', '10.0000', '10.0000', '84.8200', 6),
(4805, '2021-09-02 11:13:51', 53, '140.35', '0.4000', '0.0000', 'WildBuffaloNG FG', '0.0000', '0.0000', '0.0000', '1.0000', '27.7700', '27.0500', '10.0000', '10.0000', '10.0000', '84.8200', 6),
(4804, '2021-09-02 11:13:49', 53, '140.35', '0.4000', '0.0000', 'WildBuffaloNG FG', '0.0000', '0.0000', '0.0000', '1.0000', '27.7700', '27.0500', '10.0000', '10.0000', '10.0000', '84.8200', 6),
(4803, '2021-09-02 11:13:45', 53, '140.35', '0.4000', '0.0000', 'WildBuffaloNG FG', '0.0000', '0.0000', '0.0000', '1.0000', '27.7700', '27.0500', '10.0000', '10.0000', '10.0000', '84.8200', 6),
(4802, '2021-09-02 11:13:00', 53, '140.35', '0.4000', '0.8000', 'WildBuffaloNG', '0.4000', '0.0000', '0.0000', '1.0000', '27.7700', '27.0500', '10.0000', '10.0000', '10.0000', '84.8200', 6),
(4801, '2021-09-02 11:12:57', 53, '139.95', '0.4000', '0.0000', 'WildBuffaloNG', '0.4000', '0.0000', '0.0000', '1.0000', '27.3700', '27.8500', '10.0000', '10.0000', '10.0000', '85.2200', 6),
(4800, '2021-09-02 11:03:56', 53, '140.35', '10.0000', '10.0000', 'HotChoiceAM', '10.0000', '0.0000', '0.0000', '1.0000', '26.9700', '27.8500', '10.0000', '10.0000', '10.0000', '84.8200', 6),
(4799, '2021-09-02 11:03:53', 53, '140.35', '10.0000', '15.0000', 'HotChoiceAM', '10.0000', '0.0000', '0.0000', '1.0000', '26.9700', '27.8500', '10.0000', '10.0000', '10.0000', '84.8200', 6),
(4798, '2021-09-02 11:03:52', 53, '135.35', '10.0000', '0.0000', 'HotChoiceAM', '10.0000', '0.0000', '0.0000', '1.0000', '31.9700', '27.8500', '10.0000', '10.0000', '10.0000', '89.8200', 6),
(4797, '2021-09-02 11:03:51', 53, '145.35', '10.0000', '0.0000', 'HotChoiceAM', '10.0000', '0.0000', '0.0000', '1.0000', '21.9700', '27.8500', '10.0000', '10.0000', '10.0000', '79.8200', 6),
(4796, '2021-09-02 11:03:48', 53, '155.35', '10.0000', '15.0000', 'HotChoiceAM', '10.0000', '0.0000', '0.0000', '1.0000', '11.9700', '27.8500', '10.0000', '10.0000', '10.0000', '69.8200', 6),
(4795, '2021-09-02 11:03:40', 53, '150.35', '2.0000', '0.0000', 'HotChoiceAM', '2.0000', '0.0000', '0.0000', '1.0000', '16.9700', '27.8500', '10.0000', '10.0000', '10.0000', '74.8200', 6),
(4794, '2021-09-02 11:03:39', 53, '152.35', '2.0000', '0.0000', 'HotChoiceAM', '2.0000', '0.0000', '0.0000', '1.0000', '14.9700', '27.8500', '10.0000', '10.0000', '10.0000', '72.8200', 6),
(4793, '2021-09-02 11:03:38', 53, '154.35', '2.0000', '0.0000', 'HotChoiceAM', '2.0000', '0.0000', '0.0000', '1.0000', '12.9700', '27.8500', '10.0000', '10.0000', '10.0000', '70.8200', 6),
(4792, '2021-09-02 11:03:35', 53, '156.35', '2.0000', '23.0000', 'HotChoiceAM', '2.0000', '0.0000', '0.0000', '1.0000', '10.9700', '27.8500', '10.0000', '10.0000', '10.0000', '68.8200', 6),
(4791, '2021-09-02 11:03:34', 53, '135.35', '2.0000', '0.0000', 'HotChoiceAM', '2.0000', '0.0000', '0.0000', '1.0000', '31.9700', '27.8500', '10.0000', '10.0000', '10.0000', '89.8200', 6),
(4790, '2021-09-02 11:03:33', 53, '137.35', '2.0000', '0.0000', 'HotChoiceAM', '2.0000', '0.0000', '0.0000', '1.0000', '29.9700', '27.8500', '10.0000', '10.0000', '10.0000', '87.8200', 6),
(4789, '2021-09-02 11:03:32', 53, '139.35', '2.0000', '0.0000', 'HotChoiceAM', '2.0000', '0.0000', '0.0000', '1.0000', '27.9700', '27.8500', '10.0000', '10.0000', '10.0000', '85.8200', 6),
(4788, '2021-09-02 11:03:31', 53, '141.35', '2.0000', '0.0000', 'HotChoiceAM', '2.0000', '0.0000', '0.0000', '1.0000', '25.9700', '27.8500', '10.0000', '10.0000', '10.0000', '83.8200', 6),
(4787, '2021-09-02 11:03:30', 53, '143.35', '2.0000', '0.0000', 'HotChoiceAM', '2.0000', '0.0000', '0.0000', '1.0000', '23.9700', '27.8500', '10.0000', '10.0000', '10.0000', '81.8200', 6),
(4786, '2021-09-02 11:03:29', 53, '145.35', '2.0000', '0.0000', 'HotChoiceAM', '2.0000', '0.0000', '0.0000', '1.0000', '21.9700', '27.8500', '10.0000', '10.0000', '10.0000', '79.8200', 6),
(4785, '2021-09-02 11:03:28', 53, '147.35', '2.0000', '0.0000', 'HotChoiceAM', '2.0000', '0.0000', '0.0000', '1.0000', '19.9700', '27.8500', '10.0000', '10.0000', '10.0000', '77.8200', 6),
(4784, '2021-09-02 11:03:27', 53, '149.35', '2.0000', '0.0000', 'HotChoiceAM', '2.0000', '0.0000', '0.0000', '1.0000', '17.9700', '27.8500', '10.0000', '10.0000', '10.0000', '75.8200', 6),
(4783, '2021-09-02 11:03:26', 53, '151.35', '2.0000', '0.0000', 'HotChoiceAM', '2.0000', '0.0000', '0.0000', '1.0000', '15.9700', '27.8500', '10.0000', '10.0000', '10.0000', '73.8200', 6),
(4782, '2021-09-02 11:03:25', 53, '153.35', '2.0000', '0.0000', 'HotChoiceAM', '2.0000', '0.0000', '0.0000', '1.0000', '13.9700', '27.8500', '10.0000', '10.0000', '10.0000', '71.8200', 6),
(4781, '2021-09-02 11:03:24', 53, '155.35', '2.0000', '0.0000', 'HotChoiceAM', '2.0000', '0.0000', '0.0000', '1.0000', '11.9700', '27.8500', '10.0000', '10.0000', '10.0000', '69.8200', 6),
(4780, '2021-09-02 11:03:23', 53, '157.35', '2.0000', '0.0000', 'HotChoiceAM', '2.0000', '0.0000', '0.0000', '1.0000', '9.9700', '27.8500', '10.0000', '10.0000', '10.0000', '67.8200', 6),
(4779, '2021-09-02 11:03:22', 53, '159.35', '2.0000', '0.0000', 'HotChoiceAM', '2.0000', '0.0000', '0.0000', '1.0000', '7.9700', '27.8500', '10.0000', '10.0000', '10.0000', '65.8200', 6),
(4778, '2021-09-02 11:03:21', 53, '161.35', '2.0000', '0.0000', 'HotChoiceAM', '2.0000', '0.0000', '0.0000', '1.0000', '5.9700', '27.8500', '10.0000', '10.0000', '10.0000', '63.8200', 6),
(4777, '2021-09-02 11:03:19', 53, '163.35', '2.0000', '0.0000', 'HotChoiceAM', '2.0000', '0.0000', '0.0000', '1.0000', '3.9700', '27.8500', '10.0000', '10.0000', '10.0000', '61.8200', 6),
(4776, '2021-09-02 11:03:13', 53, '165.35', '2.0000', '60.0000', 'HotChoiceAM', '2.0000', '0.0000', '0.0000', '1.0000', '1.9700', '27.8500', '10.0000', '10.0000', '10.0000', '59.8200', 6),
(4775, '2021-09-02 11:03:12', 53, '107.35', '2.0000', '0.0000', 'HotChoiceAM', '2.0000', '0.0000', '0.0000', '1.0000', '59.9700', '27.8500', '10.0000', '10.0000', '10.0000', '117.8200', 6),
(4774, '2021-09-02 11:03:09', 53, '109.35', '2.0000', '4.0000', 'HotChoiceAM', '2.0000', '0.0000', '0.0000', '1.0000', '57.9700', '27.8500', '10.0000', '10.0000', '10.0000', '115.8200', 6),
(4773, '2021-09-02 11:03:06', 53, '107.35', '2.0000', '3.0000', 'HotChoiceAM', '2.0000', '0.0000', '0.0000', '1.0000', '59.9700', '27.8500', '10.0000', '10.0000', '10.0000', '117.8200', 6),
(4772, '2021-09-02 11:03:05', 53, '106.35', '2.0000', '0.0000', 'HotChoiceAM', '2.0000', '0.0000', '0.0000', '1.0000', '60.9700', '27.8500', '10.0000', '10.0000', '10.0000', '118.8200', 6),
(4771, '2021-09-02 11:03:02', 53, '108.35', '2.0000', '24.0000', 'HotChoiceAM', '2.0000', '0.0000', '0.0000', '1.0000', '58.9700', '27.8500', '10.0000', '10.0000', '10.0000', '116.8200', 6),
(4770, '2021-09-02 11:03:01', 53, '86.35', '2.0000', '0.0000', 'HotChoiceAM', '2.0000', '0.0000', '0.0000', '1.0000', '80.9700', '27.8500', '10.0000', '10.0000', '10.0000', '138.8200', 6),
(4769, '2021-09-02 11:03:00', 53, '88.35', '2.0000', '0.0000', 'HotChoiceAM', '2.0000', '0.0000', '0.0000', '1.0000', '78.9700', '27.8500', '10.0000', '10.0000', '10.0000', '136.8200', 6),
(4768, '2021-09-02 11:02:59', 53, '90.35', '2.0000', '0.0000', 'HotChoiceAM', '2.0000', '0.0000', '0.0000', '1.0000', '76.9700', '27.8500', '10.0000', '10.0000', '10.0000', '134.8200', 6),
(4767, '2021-09-02 11:02:58', 53, '92.35', '2.0000', '0.0000', 'HotChoiceAM', '2.0000', '0.0000', '0.0000', '1.0000', '74.9700', '27.8500', '10.0000', '10.0000', '10.0000', '132.8200', 6),
(4766, '2021-09-02 11:02:57', 53, '94.35', '2.0000', '0.0000', 'HotChoiceAM', '2.0000', '0.0000', '0.0000', '1.0000', '72.9700', '27.8500', '10.0000', '10.0000', '10.0000', '130.8200', 6),
(4765, '2021-09-02 11:02:55', 53, '96.35', '2.0000', '0.0000', 'HotChoiceAM', '2.0000', '0.0000', '0.0000', '1.0000', '70.9700', '27.8500', '10.0000', '10.0000', '10.0000', '128.8200', 6),
(4764, '2021-09-02 11:02:50', 53, '98.35', '2.0000', '2.0000', 'HotChoiceAM', '2.0000', '0.0000', '0.0000', '1.0000', '68.9700', '27.8500', '10.0000', '10.0000', '10.0000', '126.8200', 6),
(4763, '2021-09-02 11:02:48', 53, '98.35', '2.0000', '3.0000', 'HotChoiceAM', '2.0000', '0.0000', '0.0000', '1.0000', '68.9700', '27.8500', '10.0000', '10.0000', '10.0000', '126.8200', 6),
(4762, '2021-09-02 11:02:47', 53, '97.35', '2.0000', '0.0000', 'HotChoiceAM', '2.0000', '0.0000', '0.0000', '1.0000', '69.9700', '27.8500', '10.0000', '10.0000', '10.0000', '127.8200', 6),
(4761, '2021-09-02 11:02:46', 53, '99.35', '2.0000', '0.0000', 'HotChoiceAM', '2.0000', '0.0000', '0.0000', '1.0000', '67.9700', '27.8500', '10.0000', '10.0000', '10.0000', '125.8200', 6),
(4760, '2021-09-02 11:02:45', 53, '101.35', '2.0000', '0.0000', 'HotChoiceAM', '2.0000', '0.0000', '0.0000', '1.0000', '65.9700', '27.8500', '10.0000', '10.0000', '10.0000', '123.8200', 6),
(4759, '2021-09-02 11:02:44', 53, '103.35', '2.0000', '0.0000', 'HotChoiceAM', '2.0000', '0.0000', '0.0000', '1.0000', '63.9700', '27.8500', '10.0000', '10.0000', '10.0000', '121.8200', 6),
(4758, '2021-09-02 11:02:43', 53, '105.35', '2.0000', '0.0000', 'HotChoiceAM', '2.0000', '0.0000', '0.0000', '1.0000', '61.9700', '27.8500', '10.0000', '10.0000', '10.0000', '119.8200', 6),
(4757, '2021-09-02 11:02:42', 53, '107.35', '2.0000', '0.0000', 'HotChoiceAM', '2.0000', '0.0000', '0.0000', '1.0000', '59.9700', '27.8500', '10.0000', '10.0000', '10.0000', '117.8200', 6),
(4756, '2021-09-02 11:02:41', 53, '109.35', '2.0000', '0.0000', 'HotChoiceAM', '2.0000', '0.0000', '0.0000', '1.0000', '57.9700', '27.8500', '10.0000', '10.0000', '10.0000', '115.8200', 6),
(4755, '2021-09-02 11:02:38', 53, '111.35', '2.0000', '4.0000', 'HotChoiceAM', '2.0000', '0.0000', '0.0000', '1.0000', '55.9700', '27.8500', '10.0000', '10.0000', '10.0000', '113.8200', 6),
(4754, '2021-09-02 11:02:36', 53, '109.35', '2.0000', '0.0000', 'HotChoiceAM', '2.0000', '0.0000', '0.0000', '1.0000', '57.9700', '27.8500', '10.0000', '10.0000', '10.0000', '115.8200', 6);
INSERT INTO `w_stat_game` (`id`, `date_time`, `user_id`, `balance`, `bet`, `win`, `game`, `in_game`, `in_jpg`, `in_profit`, `denomination`, `slots_bank`, `bonus_bank`, `fish_bank`, `table_bank`, `little_bank`, `total_bank`, `shop_id`) VALUES
(4753, '2021-09-02 11:02:35', 53, '111.35', '2.0000', '0.0000', 'HotChoiceAM', '2.0000', '0.0000', '0.0000', '1.0000', '55.9700', '27.8500', '10.0000', '10.0000', '10.0000', '113.8200', 6),
(4752, '2021-09-02 11:02:32', 53, '113.35', '2.0000', '6.0000', 'HotChoiceAM', '2.0000', '0.0000', '0.0000', '1.0000', '53.9700', '27.8500', '10.0000', '10.0000', '10.0000', '111.8200', 6),
(4751, '2021-09-02 11:02:31', 53, '109.35', '2.0000', '0.0000', 'HotChoiceAM', '2.0000', '0.0000', '0.0000', '1.0000', '57.9700', '27.8500', '10.0000', '10.0000', '10.0000', '115.8200', 6),
(4750, '2021-09-02 11:02:30', 53, '111.35', '2.0000', '0.0000', 'HotChoiceAM', '2.0000', '0.0000', '0.0000', '1.0000', '55.9700', '27.8500', '10.0000', '10.0000', '10.0000', '113.8200', 6),
(4749, '2021-09-02 11:02:29', 53, '113.35', '2.0000', '0.0000', 'HotChoiceAM', '2.0000', '0.0000', '0.0000', '1.0000', '53.9700', '27.8500', '10.0000', '10.0000', '10.0000', '111.8200', 6),
(4748, '2021-09-02 11:02:27', 53, '115.35', '2.0000', '2.0000', 'HotChoiceAM', '2.0000', '0.0000', '0.0000', '1.0000', '51.9700', '27.8500', '10.0000', '10.0000', '10.0000', '109.8200', 6),
(4747, '2021-09-02 11:02:26', 53, '115.35', '2.0000', '0.0000', 'HotChoiceAM', '2.0000', '0.0000', '0.0000', '1.0000', '51.9700', '27.8500', '10.0000', '10.0000', '10.0000', '109.8200', 6),
(4746, '2021-09-02 11:02:25', 53, '117.35', '2.0000', '0.0000', 'HotChoiceAM', '2.0000', '0.0000', '0.0000', '1.0000', '49.9700', '27.8500', '10.0000', '10.0000', '10.0000', '107.8200', 6),
(4745, '2021-09-02 11:02:24', 53, '119.35', '2.0000', '0.0000', 'HotChoiceAM', '2.0000', '0.0000', '0.0000', '1.0000', '47.9700', '27.8500', '10.0000', '10.0000', '10.0000', '105.8200', 6),
(4744, '2021-09-02 11:02:23', 53, '121.35', '2.0000', '0.0000', 'HotChoiceAM', '2.0000', '0.0000', '0.0000', '1.0000', '45.9700', '27.8500', '10.0000', '10.0000', '10.0000', '103.8200', 6),
(4743, '2021-09-02 11:02:22', 53, '123.35', '2.0000', '0.0000', 'HotChoiceAM', '2.0000', '0.0000', '0.0000', '1.0000', '43.9700', '27.8500', '10.0000', '10.0000', '10.0000', '101.8200', 6),
(4742, '2021-09-02 11:02:21', 53, '125.35', '2.0000', '0.0000', 'HotChoiceAM', '2.0000', '0.0000', '0.0000', '1.0000', '41.9700', '27.8500', '10.0000', '10.0000', '10.0000', '99.8200', 6),
(4741, '2021-09-02 11:02:20', 53, '127.35', '2.0000', '0.0000', 'HotChoiceAM', '2.0000', '0.0000', '0.0000', '1.0000', '39.9700', '27.8500', '10.0000', '10.0000', '10.0000', '97.8200', 6),
(4740, '2021-09-02 11:02:19', 53, '129.35', '2.0000', '0.0000', 'HotChoiceAM', '2.0000', '0.0000', '0.0000', '1.0000', '37.9700', '27.8500', '10.0000', '10.0000', '10.0000', '95.8200', 6),
(4739, '2021-09-02 11:02:18', 53, '131.35', '2.0000', '0.0000', 'HotChoiceAM', '2.0000', '0.0000', '0.0000', '1.0000', '35.9700', '27.8500', '10.0000', '10.0000', '10.0000', '93.8200', 6),
(4738, '2021-09-02 11:02:17', 53, '133.35', '2.0000', '0.0000', 'HotChoiceAM', '2.0000', '0.0000', '0.0000', '1.0000', '33.9700', '27.8500', '10.0000', '10.0000', '10.0000', '91.8200', 6),
(4737, '2021-09-02 11:02:14', 53, '135.35', '2.0000', '2.0000', 'HotChoiceAM', '2.0000', '0.0000', '0.0000', '1.0000', '31.9700', '27.8500', '10.0000', '10.0000', '10.0000', '89.8200', 6),
(4736, '2021-09-02 11:02:11', 53, '135.35', '2.0000', '8.0000', 'HotChoiceAM', '2.0000', '0.0000', '0.0000', '1.0000', '31.9700', '27.8500', '10.0000', '10.0000', '10.0000', '89.8200', 6),
(4735, '2021-09-02 11:02:11', 53, '129.35', '2.0000', '0.0000', 'HotChoiceAM', '2.0000', '0.0000', '0.0000', '1.0000', '37.9700', '27.8500', '10.0000', '10.0000', '10.0000', '95.8200', 6),
(4734, '2021-09-02 11:02:09', 53, '131.35', '2.0000', '0.0000', 'HotChoiceAM', '2.0000', '0.0000', '0.0000', '1.0000', '35.9700', '27.8500', '10.0000', '10.0000', '10.0000', '93.8200', 6),
(4733, '2021-09-02 11:02:08', 53, '133.35', '2.0000', '0.0000', 'HotChoiceAM', '2.0000', '0.0000', '0.0000', '1.0000', '33.9700', '27.8500', '10.0000', '10.0000', '10.0000', '91.8200', 6),
(4732, '2021-09-02 11:02:07', 53, '135.35', '2.0000', '0.0000', 'HotChoiceAM', '2.0000', '0.0000', '0.0000', '1.0000', '31.9700', '27.8500', '10.0000', '10.0000', '10.0000', '89.8200', 6),
(4731, '2021-09-02 11:02:06', 53, '137.35', '2.0000', '0.0000', 'HotChoiceAM', '2.0000', '0.0000', '0.0000', '1.0000', '29.9700', '27.8500', '10.0000', '10.0000', '10.0000', '87.8200', 6),
(4730, '2021-09-02 11:02:05', 53, '139.35', '2.0000', '0.0000', 'HotChoiceAM', '2.0000', '0.0000', '0.0000', '1.0000', '27.9700', '27.8500', '10.0000', '10.0000', '10.0000', '85.8200', 6),
(4729, '2021-09-02 11:02:04', 53, '141.35', '2.0000', '0.0000', 'HotChoiceAM', '2.0000', '0.0000', '0.0000', '1.0000', '25.9700', '27.8500', '10.0000', '10.0000', '10.0000', '83.8200', 6),
(4728, '2021-09-02 11:02:01', 53, '143.35', '2.0000', '2.0000', 'HotChoiceAM', '2.0000', '0.0000', '0.0000', '1.0000', '23.9700', '27.8500', '10.0000', '10.0000', '10.0000', '81.8200', 6),
(4727, '2021-09-02 11:02:00', 53, '143.35', '2.0000', '0.0000', 'HotChoiceAM', '2.0000', '0.0000', '0.0000', '1.0000', '23.9700', '27.8500', '10.0000', '10.0000', '10.0000', '81.8200', 6),
(4726, '2021-09-02 11:01:58', 53, '145.35', '2.0000', '4.0000', 'HotChoiceAM', '2.0000', '0.0000', '0.0000', '1.0000', '21.9700', '27.8500', '10.0000', '10.0000', '10.0000', '79.8200', 6),
(4725, '2021-09-02 11:01:57', 53, '143.35', '2.0000', '0.0000', 'HotChoiceAM', '2.0000', '0.0000', '0.0000', '1.0000', '23.9700', '27.8500', '10.0000', '10.0000', '10.0000', '81.8200', 6),
(4724, '2021-09-02 11:01:56', 53, '145.35', '2.0000', '0.0000', 'HotChoiceAM', '2.0000', '0.0000', '0.0000', '1.0000', '21.9700', '27.8500', '10.0000', '10.0000', '10.0000', '79.8200', 6),
(4723, '2021-09-02 11:01:55', 53, '147.35', '2.0000', '0.0000', 'HotChoiceAM', '2.0000', '0.0000', '0.0000', '1.0000', '19.9700', '27.8500', '10.0000', '10.0000', '10.0000', '77.8200', 6),
(4722, '2021-09-02 11:01:52', 53, '149.35', '2.0000', '2.0000', 'HotChoiceAM', '2.0000', '0.0000', '0.0000', '1.0000', '17.9700', '27.8500', '10.0000', '10.0000', '10.0000', '75.8200', 6),
(4721, '2021-09-02 11:01:51', 53, '149.35', '2.0000', '0.0000', 'HotChoiceAM', '2.0000', '0.0000', '0.0000', '1.0000', '17.9700', '27.8500', '10.0000', '10.0000', '10.0000', '75.8200', 6),
(4720, '2021-09-02 11:01:50', 53, '151.35', '2.0000', '0.0000', 'HotChoiceAM', '2.0000', '0.0000', '0.0000', '1.0000', '15.9700', '27.8500', '10.0000', '10.0000', '10.0000', '73.8200', 6),
(4719, '2021-09-02 11:01:48', 53, '153.35', '2.0000', '2.0000', 'HotChoiceAM', '2.0000', '0.0000', '0.0000', '1.0000', '13.9700', '27.8500', '10.0000', '10.0000', '10.0000', '71.8200', 6),
(4718, '2021-09-02 11:01:44', 53, '153.35', '2.0000', '16.0000', 'HotChoiceAM', '2.0000', '0.0000', '0.0000', '1.0000', '13.9700', '27.8500', '10.0000', '10.0000', '10.0000', '71.8200', 6),
(4717, '2021-09-02 11:01:42', 53, '139.35', '2.0000', '0.0000', 'HotChoiceAM', '2.0000', '0.0000', '0.0000', '1.0000', '27.9700', '27.8500', '10.0000', '10.0000', '10.0000', '85.8200', 6),
(4716, '2021-09-02 11:01:41', 53, '141.35', '2.0000', '0.0000', 'HotChoiceAM', '2.0000', '0.0000', '0.0000', '1.0000', '25.9700', '27.8500', '10.0000', '10.0000', '10.0000', '83.8200', 6),
(4715, '2021-09-02 11:01:40', 53, '143.35', '2.0000', '0.0000', 'HotChoiceAM', '2.0000', '0.0000', '0.0000', '1.0000', '23.9700', '27.8500', '10.0000', '10.0000', '10.0000', '81.8200', 6),
(4714, '2021-09-02 11:01:39', 53, '145.35', '2.0000', '0.0000', 'HotChoiceAM', '2.0000', '0.0000', '0.0000', '1.0000', '21.9700', '27.8500', '10.0000', '10.0000', '10.0000', '79.8200', 6),
(4713, '2021-09-02 11:01:38', 53, '147.35', '2.0000', '0.0000', 'HotChoiceAM', '2.0000', '0.0000', '0.0000', '1.0000', '19.9700', '27.8500', '10.0000', '10.0000', '10.0000', '77.8200', 6),
(4712, '2021-09-02 11:01:37', 53, '149.35', '2.0000', '0.0000', 'HotChoiceAM', '2.0000', '0.0000', '0.0000', '1.0000', '17.9700', '27.8500', '10.0000', '10.0000', '10.0000', '75.8200', 6),
(4711, '2021-09-02 11:01:25', 53, '151.35', '2.0000', '4.0000', 'HotChoiceAM', '2.0000', '0.0000', '0.0000', '1.0000', '15.9700', '27.8500', '10.0000', '10.0000', '10.0000', '73.8200', 6),
(4710, '2021-09-02 11:01:24', 53, '149.35', '2.0000', '0.0000', 'HotChoiceAM', '2.0000', '0.0000', '0.0000', '1.0000', '17.9700', '27.8500', '10.0000', '10.0000', '10.0000', '75.8200', 6),
(4709, '2021-09-02 11:01:23', 53, '151.35', '2.0000', '0.0000', 'HotChoiceAM', '2.0000', '0.0000', '0.0000', '1.0000', '15.9700', '27.8500', '10.0000', '10.0000', '10.0000', '73.8200', 6),
(4708, '2021-09-02 11:01:22', 53, '153.35', '2.0000', '0.0000', 'HotChoiceAM', '2.0000', '0.0000', '0.0000', '1.0000', '13.9700', '27.8500', '10.0000', '10.0000', '10.0000', '71.8200', 6),
(4707, '2021-09-02 11:01:21', 53, '155.35', '2.0000', '0.0000', 'HotChoiceAM', '2.0000', '0.0000', '0.0000', '1.0000', '11.9700', '27.8500', '10.0000', '10.0000', '10.0000', '69.8200', 6),
(4706, '2021-09-02 11:01:20', 53, '157.35', '2.0000', '0.0000', 'HotChoiceAM', '2.0000', '0.0000', '0.0000', '1.0000', '9.9700', '27.8500', '10.0000', '10.0000', '10.0000', '67.8200', 6),
(4705, '2021-09-02 11:01:19', 53, '159.35', '2.0000', '0.0000', 'HotChoiceAM', '2.0000', '0.0000', '0.0000', '1.0000', '7.9700', '27.8500', '10.0000', '10.0000', '10.0000', '65.8200', 6),
(4704, '2021-09-02 11:01:18', 53, '161.35', '2.0000', '0.0000', 'HotChoiceAM', '2.0000', '0.0000', '0.0000', '1.0000', '5.9700', '27.8500', '10.0000', '10.0000', '10.0000', '63.8200', 6),
(4703, '2021-09-02 11:01:16', 53, '163.35', '2.0000', '1.0000', 'HotChoiceAM', '0.0000', '0.0000', '0.0000', '1.0000', '3.9700', '27.8500', '10.0000', '10.0000', '10.0000', '61.8200', 6),
(4702, '2021-09-02 11:01:13', 53, '164.35', '2.0000', '8.0000', 'HotChoiceAM', '0.0000', '0.0000', '0.0000', '1.0000', '4.9700', '27.8500', '10.0000', '10.0000', '10.0000', '62.8200', 6),
(4701, '2021-09-02 11:01:12', 53, '158.35', '2.0000', '0.0000', 'HotChoiceAM', '0.0000', '0.0000', '0.0000', '1.0000', '12.9700', '27.8500', '10.0000', '10.0000', '10.0000', '70.8200', 6),
(4700, '2021-09-02 11:01:09', 53, '160.35', '2.0000', '4.0000', 'HotChoiceAM', '0.0000', '0.0000', '0.0000', '1.0000', '12.9700', '27.8500', '10.0000', '10.0000', '10.0000', '70.8200', 6),
(4699, '2021-09-02 11:01:08', 53, '158.35', '2.0000', '0.0000', 'HotChoiceAM', '0.0000', '0.0000', '0.0000', '1.0000', '16.9700', '27.8500', '10.0000', '10.0000', '10.0000', '74.8200', 6),
(4698, '2021-09-02 11:01:07', 53, '150.35', '2.0000', '0.0000', 'HotChoiceAM', '2.0000', '0.0000', '0.0000', '1.0000', '16.9700', '27.8500', '10.0000', '10.0000', '10.0000', '74.8200', 6),
(4697, '2021-09-02 11:01:04', 53, '152.35', '2.0000', '36.0000', 'HotChoiceAM', '2.0000', '0.0000', '0.0000', '1.0000', '14.9700', '27.8500', '10.0000', '10.0000', '10.0000', '72.8200', 6),
(4696, '2021-09-02 11:01:02', 53, '118.35', '2.0000', '2.0000', 'HotChoiceAM', '2.0000', '0.0000', '0.0000', '1.0000', '48.9700', '27.8500', '10.0000', '10.0000', '10.0000', '106.8200', 6),
(4695, '2021-09-02 11:01:01', 53, '118.35', '2.0000', '0.0000', 'HotChoiceAM', '2.0000', '0.0000', '0.0000', '1.0000', '48.9700', '27.8500', '10.0000', '10.0000', '10.0000', '106.8200', 6),
(4694, '2021-09-02 11:00:57', 53, '120.35', '0.1000', '0.0000', 'HotChoiceAM', '0.1000', '0.0000', '0.0000', '1.0000', '46.9700', '27.8500', '10.0000', '10.0000', '10.0000', '104.8200', 6),
(4693, '2021-09-02 11:00:56', 53, '120.45', '0.1000', '0.0000', 'HotChoiceAM', '0.1000', '0.0000', '0.0000', '1.0000', '46.8700', '27.8500', '10.0000', '10.0000', '10.0000', '104.7200', 6),
(4692, '2021-09-02 11:00:53', 53, '120.55', '0.1000', '0.0000', 'HotChoiceAM', '0.1000', '0.0000', '0.0000', '1.0000', '46.7700', '27.8500', '10.0000', '10.0000', '10.0000', '104.6200', 6),
(4691, '2021-09-02 11:00:51', 53, '120.65', '0.1000', '0.1500', 'HotChoiceAM', '0.1000', '0.0000', '0.0000', '1.0000', '46.6700', '27.8500', '10.0000', '10.0000', '10.0000', '104.5200', 6),
(4690, '2021-09-02 11:00:50', 53, '120.60', '0.1000', '0.0000', 'HotChoiceAM', '0.1000', '0.0000', '0.0000', '1.0000', '46.7200', '27.8500', '10.0000', '10.0000', '10.0000', '104.5700', 6),
(4689, '2021-09-02 11:00:49', 53, '120.70', '0.1000', '0.0000', 'HotChoiceAM', '0.1000', '0.0000', '0.0000', '1.0000', '46.6200', '27.8500', '10.0000', '10.0000', '10.0000', '104.4700', 6),
(4688, '2021-09-02 10:59:23', 53, '120.80', '2.0000', '0.0000', 'WildDragonAM', '2.0000', '0.0000', '0.0000', '1.0000', '46.5200', '27.8500', '10.0000', '10.0000', '10.0000', '104.3700', 6),
(4687, '2021-09-02 10:59:20', 53, '122.80', '2.0000', '10.0000', 'WildDragonAM', '2.0000', '0.0000', '0.0000', '1.0000', '44.5200', '27.8500', '10.0000', '10.0000', '10.0000', '102.3700', 6),
(4686, '2021-09-02 10:59:19', 53, '114.80', '2.0000', '0.0000', 'WildDragonAM', '2.0000', '0.0000', '0.0000', '1.0000', '52.5200', '27.8500', '10.0000', '10.0000', '10.0000', '110.3700', 6),
(4685, '2021-09-02 10:59:18', 53, '116.80', '2.0000', '0.0000', 'WildDragonAM', '2.0000', '0.0000', '0.0000', '1.0000', '50.5200', '27.8500', '10.0000', '10.0000', '10.0000', '108.3700', 6),
(4684, '2021-09-02 10:59:17', 53, '118.80', '2.0000', '0.0000', 'WildDragonAM', '2.0000', '0.0000', '0.0000', '1.0000', '48.5200', '27.8500', '10.0000', '10.0000', '10.0000', '106.3700', 6),
(4683, '2021-09-02 10:59:16', 53, '120.80', '2.0000', '0.0000', 'WildDragonAM', '2.0000', '0.0000', '0.0000', '1.0000', '46.5200', '27.8500', '10.0000', '10.0000', '10.0000', '104.3700', 6),
(4682, '2021-09-02 10:59:13', 53, '122.80', '2.0000', '2.0000', 'WildDragonAM', '2.0000', '0.0000', '0.0000', '1.0000', '44.5200', '27.8500', '10.0000', '10.0000', '10.0000', '102.3700', 6),
(4681, '2021-09-02 10:59:11', 53, '122.80', '2.0000', '16.0000', 'WildDragonAM', '2.0000', '0.0000', '0.0000', '1.0000', '44.5200', '27.8500', '10.0000', '10.0000', '10.0000', '102.3700', 6),
(4680, '2021-09-02 10:59:09', 53, '108.80', '2.0000', '0.0000', 'WildDragonAM', '2.0000', '0.0000', '0.0000', '1.0000', '58.5200', '27.8500', '10.0000', '10.0000', '10.0000', '116.3700', 6),
(4679, '2021-09-02 10:59:08', 53, '110.80', '2.0000', '0.0000', 'WildDragonAM', '2.0000', '0.0000', '0.0000', '1.0000', '56.5200', '27.8500', '10.0000', '10.0000', '10.0000', '114.3700', 6),
(4678, '2021-09-02 10:59:07', 53, '112.80', '2.0000', '0.0000', 'WildDragonAM', '2.0000', '0.0000', '0.0000', '1.0000', '54.5200', '27.8500', '10.0000', '10.0000', '10.0000', '112.3700', 6),
(4677, '2021-09-02 10:59:06', 53, '114.80', '2.0000', '0.0000', 'WildDragonAM', '2.0000', '0.0000', '0.0000', '1.0000', '52.5200', '27.8500', '10.0000', '10.0000', '10.0000', '110.3700', 6),
(4676, '2021-09-02 10:59:05', 53, '116.80', '2.0000', '0.0000', 'WildDragonAM', '2.0000', '0.0000', '0.0000', '1.0000', '50.5200', '27.8500', '10.0000', '10.0000', '10.0000', '108.3700', 6),
(4675, '2021-09-02 10:59:04', 53, '118.80', '2.0000', '0.0000', 'WildDragonAM', '2.0000', '0.0000', '0.0000', '1.0000', '48.5200', '27.8500', '10.0000', '10.0000', '10.0000', '106.3700', 6),
(4674, '2021-09-02 10:59:02', 53, '120.80', '2.0000', '0.0000', 'WildDragonAM', '2.0000', '0.0000', '0.0000', '1.0000', '46.5200', '27.8500', '10.0000', '10.0000', '10.0000', '104.3700', 6),
(4673, '2021-09-02 10:59:01', 53, '122.80', '2.0000', '0.0000', 'WildDragonAM', '2.0000', '0.0000', '0.0000', '1.0000', '44.5200', '27.8500', '10.0000', '10.0000', '10.0000', '102.3700', 6),
(4672, '2021-09-02 10:59:00', 53, '124.80', '2.0000', '0.0000', 'WildDragonAM', '2.0000', '0.0000', '0.0000', '1.0000', '42.5200', '27.8500', '10.0000', '10.0000', '10.0000', '100.3700', 6),
(4671, '2021-09-02 10:58:59', 53, '126.80', '2.0000', '0.0000', 'WildDragonAM', '2.0000', '0.0000', '0.0000', '1.0000', '40.5200', '27.8500', '10.0000', '10.0000', '10.0000', '98.3700', 6),
(4670, '2021-09-02 10:58:58', 53, '128.80', '2.0000', '0.0000', 'WildDragonAM', '2.0000', '0.0000', '0.0000', '1.0000', '38.5200', '27.8500', '10.0000', '10.0000', '10.0000', '96.3700', 6),
(4669, '2021-09-02 10:58:57', 53, '130.80', '2.0000', '0.0000', 'WildDragonAM', '2.0000', '0.0000', '0.0000', '1.0000', '36.5200', '27.8500', '10.0000', '10.0000', '10.0000', '94.3700', 6),
(4668, '2021-09-02 10:58:54', 53, '132.80', '2.0000', '12.0000', 'WildDragonAM', '2.0000', '0.0000', '0.0000', '1.0000', '34.5200', '27.8500', '10.0000', '10.0000', '10.0000', '92.3700', 6),
(4667, '2021-09-02 10:58:49', 53, '122.80', '2.0000', '32.0000', 'WildDragonAM', '2.0000', '0.0000', '0.0000', '1.0000', '44.5200', '27.8500', '10.0000', '10.0000', '10.0000', '102.3700', 6),
(4666, '2021-09-02 10:58:47', 53, '92.80', '2.0000', '12.0000', 'WildDragonAM', '2.0000', '0.0000', '0.0000', '1.0000', '74.5200', '27.8500', '10.0000', '10.0000', '10.0000', '132.3700', 6),
(4665, '2021-09-02 10:58:44', 53, '82.80', '2.0000', '2.0000', 'WildDragonAM', '2.0000', '0.0000', '0.0000', '1.0000', '84.5200', '27.8500', '10.0000', '10.0000', '10.0000', '142.3700', 6),
(4664, '2021-09-02 10:58:43', 53, '82.80', '2.0000', '0.0000', 'WildDragonAM', '2.0000', '0.0000', '0.0000', '1.0000', '84.5200', '27.8500', '10.0000', '10.0000', '10.0000', '142.3700', 6),
(4663, '2021-09-02 10:58:42', 53, '84.80', '2.0000', '0.0000', 'WildDragonAM', '2.0000', '0.0000', '0.0000', '1.0000', '82.5200', '27.8500', '10.0000', '10.0000', '10.0000', '140.3700', 6),
(4662, '2021-09-02 10:58:41', 53, '86.80', '2.0000', '0.0000', 'WildDragonAM', '0.0000', '0.0000', '0.0000', '1.0000', '80.5200', '27.8500', '10.0000', '10.0000', '10.0000', '138.3700', 6),
(4661, '2021-09-02 10:58:39', 53, '88.80', '2.0000', '0.0000', 'WildDragonAM', '0.0000', '0.0000', '0.0000', '1.0000', '80.5200', '27.8500', '10.0000', '10.0000', '10.0000', '138.3700', 6),
(4660, '2021-09-02 10:58:38', 53, '90.80', '2.0000', '0.0000', 'WildDragonAM', '0.0000', '0.0000', '0.0000', '1.0000', '80.5200', '27.8500', '10.0000', '10.0000', '10.0000', '138.3700', 6),
(4659, '2021-09-02 10:58:35', 53, '92.80', '2.0000', '4.0000', 'WildDragonAM', '0.0000', '0.0000', '0.0000', '1.0000', '80.5200', '27.8500', '10.0000', '10.0000', '10.0000', '138.3700', 6),
(4658, '2021-09-02 10:58:34', 53, '90.80', '2.0000', '0.0000', 'WildDragonAM', '0.0000', '0.0000', '0.0000', '1.0000', '84.5200', '27.8500', '10.0000', '10.0000', '10.0000', '142.3700', 6),
(4657, '2021-09-02 10:58:32', 53, '92.80', '2.0000', '8.0000', 'WildDragonAM', '1.8100', '0.1045', '0.0855', '1.0000', '84.5200', '27.8500', '10.0000', '10.0000', '10.0000', '142.3700', 6),
(4656, '2021-09-02 10:58:31', 53, '86.80', '2.0000', '0.0000', 'WildDragonAM', '1.8000', '0.1100', '0.0900', '1.0000', '90.9000', '27.6600', '10.0000', '10.0000', '10.0000', '148.5600', 6),
(4655, '2021-09-02 10:58:30', 53, '88.80', '2.0000', '0.0000', 'WildDragonAM', '1.8000', '0.1100', '0.0900', '1.0000', '89.3000', '27.4600', '10.0000', '10.0000', '10.0000', '146.7600', 6),
(4654, '2021-09-02 10:58:28', 53, '90.80', '2.0000', '0.0000', 'WildDragonAM', '1.8000', '0.1100', '0.0900', '1.0000', '87.7000', '27.2600', '10.0000', '10.0000', '10.0000', '144.9600', 6),
(4653, '2021-09-02 10:58:27', 53, '92.80', '2.0000', '0.0000', 'WildDragonAM', '1.8000', '0.1100', '0.0900', '1.0000', '86.1000', '27.0600', '10.0000', '10.0000', '10.0000', '143.1600', 6),
(4652, '2021-09-02 10:58:26', 53, '94.80', '2.0000', '0.0000', 'WildDragonAM', '1.8000', '0.1100', '0.0900', '1.0000', '84.5000', '26.8600', '10.0000', '10.0000', '10.0000', '141.3600', 6),
(4651, '2021-09-02 10:58:25', 53, '96.80', '2.0000', '0.0000', 'WildDragonAM', '1.8000', '0.1100', '0.0900', '1.0000', '82.9000', '26.6600', '10.0000', '10.0000', '10.0000', '139.5600', 6),
(4650, '2021-09-02 10:58:24', 53, '98.80', '2.0000', '0.0000', 'WildDragonAM', '1.8000', '0.1100', '0.0900', '1.0000', '81.3000', '26.4600', '10.0000', '10.0000', '10.0000', '137.7600', 6),
(4649, '2021-09-02 10:58:23', 53, '100.80', '2.0000', '0.0000', 'WildDragonAM', '1.8000', '0.1100', '0.0900', '1.0000', '79.7000', '26.2600', '10.0000', '10.0000', '10.0000', '135.9600', 6),
(4648, '2021-09-02 10:58:22', 53, '102.80', '2.0000', '0.0000', 'WildDragonAM', '1.8000', '0.1100', '0.0900', '1.0000', '78.1000', '26.0600', '10.0000', '10.0000', '10.0000', '134.1600', 6),
(4647, '2021-09-02 10:58:18', 53, '104.80', '2.0000', '0.0000', 'WildDragonAM', '1.8000', '0.1100', '0.0900', '1.0000', '76.5000', '25.8600', '10.0000', '10.0000', '10.0000', '132.3600', 6),
(4646, '2021-09-02 10:58:17', 53, '106.80', '2.0000', '0.0000', 'WildDragonAM', '1.8000', '0.1100', '0.0900', '1.0000', '74.9000', '25.6600', '10.0000', '10.0000', '10.0000', '130.5600', 6),
(4645, '2021-09-02 10:58:15', 53, '108.80', '2.0000', '1.0000', 'WildDragonAM', '1.8000', '0.1100', '0.0900', '1.0000', '73.3000', '25.4600', '10.0000', '10.0000', '10.0000', '128.7600', 6),
(4644, '2021-09-02 10:58:14', 53, '109.80', '2.0000', '0.0000', 'WildDragonAM', '1.8000', '0.1100', '0.0900', '1.0000', '72.7000', '25.2600', '10.0000', '10.0000', '10.0000', '127.9600', 6),
(4643, '2021-09-02 10:58:09', 53, '111.80', '2.0000', '0.0000', 'WildDragonAM', '1.8000', '0.1100', '0.0900', '1.0000', '71.1000', '25.0600', '10.0000', '10.0000', '10.0000', '126.1600', 6),
(4642, '2021-09-02 10:58:08', 53, '113.80', '2.0000', '0.0000', 'WildDragonAM', '1.8000', '0.1100', '0.0900', '1.0000', '69.5000', '24.8600', '10.0000', '10.0000', '10.0000', '124.3600', 6),
(4641, '2021-09-02 10:58:06', 53, '115.80', '2.0000', '32.0000', 'WildDragonAM', '1.8000', '0.1100', '0.0900', '1.0000', '67.9000', '24.6600', '10.0000', '10.0000', '10.0000', '122.5600', 6),
(4640, '2021-09-02 10:58:03', 53, '85.80', '2.0000', '2.0000', 'WildDragonAM', '1.8000', '0.1100', '0.0900', '1.0000', '98.3000', '24.4600', '10.0000', '10.0000', '10.0000', '152.7600', 6),
(4639, '2021-09-02 10:58:02', 53, '85.80', '2.0000', '0.0000', 'WildDragonAM', '1.8000', '0.1100', '0.0900', '1.0000', '98.7000', '24.2600', '10.0000', '10.0000', '10.0000', '152.9600', 6),
(4638, '2021-09-02 10:58:01', 53, '87.80', '2.0000', '0.0000', 'WildDragonAM', '1.8000', '0.1100', '0.0900', '1.0000', '97.1000', '24.0600', '10.0000', '10.0000', '10.0000', '151.1600', 6),
(4637, '2021-09-02 10:57:59', 53, '89.80', '2.0000', '0.0000', 'WildDragonAM', '1.8000', '0.1100', '0.0900', '1.0000', '95.5000', '23.8600', '10.0000', '10.0000', '10.0000', '149.3600', 6),
(4636, '2021-09-02 10:57:58', 53, '91.80', '2.0000', '0.0000', 'WildDragonAM', '1.8000', '0.1100', '0.0900', '1.0000', '93.9000', '23.6600', '10.0000', '10.0000', '10.0000', '147.5600', 6),
(4635, '2021-09-02 10:57:57', 53, '93.80', '2.0000', '0.0000', 'WildDragonAM', '1.8000', '0.1100', '0.0900', '1.0000', '92.3000', '23.4600', '10.0000', '10.0000', '10.0000', '145.7600', 6),
(4634, '2021-09-02 10:57:56', 53, '95.80', '2.0000', '0.0000', 'WildDragonAM', '1.8000', '0.1100', '0.0900', '1.0000', '90.7000', '23.2600', '10.0000', '10.0000', '10.0000', '143.9600', 6),
(4633, '2021-09-02 10:57:55', 53, '97.80', '2.0000', '0.0000', 'WildDragonAM', '1.8000', '0.1100', '0.0900', '1.0000', '89.1000', '23.0600', '10.0000', '10.0000', '10.0000', '142.1600', 6),
(4632, '2021-09-02 10:57:52', 53, '99.80', '2.0000', '2.0000', 'WildDragonAM', '1.8000', '0.1100', '0.0900', '1.0000', '87.5000', '22.8600', '10.0000', '10.0000', '10.0000', '140.3600', 6),
(4631, '2021-09-02 10:57:49', 53, '99.80', '2.0000', '0.0000', 'WildDragonAM', '1.8000', '0.1100', '0.0900', '1.0000', '87.9000', '22.6600', '10.0000', '10.0000', '10.0000', '140.5600', 6),
(4630, '2021-09-02 10:57:48', 53, '101.80', '2.0000', '0.0000', 'WildDragonAM', '1.8000', '0.1100', '0.0900', '1.0000', '86.3000', '22.4600', '10.0000', '10.0000', '10.0000', '138.7600', 6),
(4629, '2021-09-02 10:57:44', 53, '103.80', '2.0000', '0.0000', 'WildDragonAM', '1.8000', '0.1100', '0.0900', '1.0000', '84.7000', '22.2600', '10.0000', '10.0000', '10.0000', '136.9600', 6),
(4628, '2021-09-02 10:57:43', 53, '105.80', '2.0000', '0.0000', 'WildDragonAM', '1.8000', '0.1100', '0.0900', '1.0000', '83.1000', '22.0600', '10.0000', '10.0000', '10.0000', '135.1600', 6),
(4627, '2021-09-02 10:57:42', 53, '107.80', '2.0000', '0.0000', 'WildDragonAM', '1.8000', '0.1100', '0.0900', '1.0000', '81.5000', '21.8600', '10.0000', '10.0000', '10.0000', '133.3600', 6),
(4626, '2021-09-02 10:57:41', 53, '109.80', '2.0000', '0.0000', 'WildDragonAM', '1.8000', '0.1100', '0.0900', '1.0000', '79.9000', '21.6600', '10.0000', '10.0000', '10.0000', '131.5600', 6),
(4625, '2021-09-02 10:57:40', 53, '111.80', '2.0000', '0.0000', 'WildDragonAM', '1.8000', '0.1100', '0.0900', '1.0000', '78.3000', '21.4600', '10.0000', '10.0000', '10.0000', '129.7600', 6),
(4624, '2021-09-02 10:57:37', 53, '113.80', '2.0000', '3.0000', 'WildDragonAM', '1.8000', '0.1100', '0.0900', '1.0000', '76.7000', '21.2600', '10.0000', '10.0000', '10.0000', '127.9600', 6),
(4623, '2021-09-02 10:57:36', 53, '112.80', '2.0000', '0.0000', 'WildDragonAM', '1.8000', '0.1100', '0.0900', '1.0000', '78.1000', '21.0600', '10.0000', '10.0000', '10.0000', '129.1600', 6),
(4622, '2021-09-02 10:57:16', 53, '114.80', '2.0000', '1.0000', 'WildDragonAM', '1.8000', '0.1100', '0.0900', '1.0000', '76.5000', '20.8600', '10.0000', '10.0000', '10.0000', '127.3600', 6),
(4621, '2021-09-02 10:57:15', 53, '115.80', '2.0000', '0.0000', 'WildDragonAM', '1.8000', '0.1100', '0.0900', '1.0000', '75.9000', '20.6600', '10.0000', '10.0000', '10.0000', '126.5600', 6),
(4620, '2021-09-02 10:57:12', 53, '117.80', '2.0000', '2.0000', 'WildDragonAM', '1.8000', '0.1100', '0.0900', '1.0000', '74.3000', '20.4600', '10.0000', '10.0000', '10.0000', '124.7600', 6),
(4619, '2021-09-02 10:57:11', 53, '117.80', '2.0000', '0.0000', 'WildDragonAM', '1.8000', '0.1100', '0.0900', '1.0000', '74.7000', '20.2600', '10.0000', '10.0000', '10.0000', '124.9600', 6),
(4618, '2021-09-02 10:57:10', 53, '119.80', '2.0000', '0.0000', 'WildDragonAM', '1.8000', '0.1100', '0.0900', '1.0000', '73.1000', '20.0600', '10.0000', '10.0000', '10.0000', '123.1600', 6),
(4617, '2021-09-02 10:57:09', 53, '121.80', '2.0000', '0.0000', 'WildDragonAM', '1.8000', '0.1100', '0.0900', '1.0000', '71.5000', '19.8600', '10.0000', '10.0000', '10.0000', '121.3600', 6),
(4616, '2021-09-02 10:57:07', 53, '123.80', '2.0000', '0.0000', 'WildDragonAM', '1.8000', '0.1100', '0.0900', '1.0000', '69.9000', '19.6600', '10.0000', '10.0000', '10.0000', '119.5600', 6),
(4615, '2021-09-02 10:57:03', 53, '125.80', '2.0000', '0.0000', 'WildDragonAM', '1.8000', '0.1100', '0.0900', '1.0000', '68.3000', '19.4600', '10.0000', '10.0000', '10.0000', '117.7600', 6),
(4614, '2021-09-02 10:56:58', 53, '127.80', '1.0000', '1.5000', 'WildDragonAM', '0.9000', '0.0550', '0.0450', '1.0000', '66.7000', '19.2600', '10.0000', '10.0000', '10.0000', '115.9600', 6),
(4613, '2021-09-02 10:56:57', 53, '127.30', '1.0000', '0.0000', 'WildDragonAM', '0.9000', '0.0550', '0.0450', '1.0000', '67.4000', '19.1600', '10.0000', '10.0000', '10.0000', '116.5600', 6),
(4612, '2021-09-02 10:56:55', 53, '128.30', '1.0000', '1.0000', 'WildDragonAM', '0.9000', '0.0550', '0.0450', '1.0000', '66.6000', '19.0600', '10.0000', '10.0000', '10.0000', '115.6600', 6),
(4611, '2021-09-02 10:56:50', 53, '128.30', '1.0000', '10.0000', 'WildDragonAM', '0.9000', '0.0550', '0.0450', '1.0000', '66.8000', '18.9600', '10.0000', '10.0000', '10.0000', '115.7600', 6),
(4610, '2021-09-02 10:56:49', 53, '119.30', '1.0000', '0.0000', 'WildDragonAM', '0.9000', '0.0550', '0.0450', '1.0000', '76.0000', '18.8600', '10.0000', '10.0000', '10.0000', '124.8600', 6),
(4609, '2021-09-02 10:56:48', 53, '120.30', '1.0000', '0.0000', 'WildDragonAM', '0.9000', '0.0550', '0.0450', '1.0000', '75.2000', '18.7600', '10.0000', '10.0000', '10.0000', '123.9600', 6),
(4608, '2021-09-02 10:56:40', 53, '121.30', '0.5000', '8.0000', 'WildDragonAM', '0.4500', '0.0275', '0.0225', '1.0000', '74.4000', '18.6600', '10.0000', '10.0000', '10.0000', '123.0600', 6),
(4607, '2021-09-02 10:56:39', 53, '113.80', '0.5000', '0.0000', 'WildDragonAM', '0.4500', '0.0275', '0.0225', '1.0000', '82.0000', '18.6100', '10.0000', '10.0000', '10.0000', '130.6100', 6),
(4606, '2021-09-02 10:56:38', 53, '114.30', '0.5000', '0.0000', 'WildDragonAM', '0.4500', '0.0275', '0.0225', '1.0000', '81.6000', '18.5600', '10.0000', '10.0000', '10.0000', '130.1600', 6),
(4605, '2021-09-02 10:56:37', 53, '114.80', '0.5000', '0.0000', 'WildDragonAM', '0.4500', '0.0275', '0.0225', '1.0000', '81.2000', '18.5100', '10.0000', '10.0000', '10.0000', '129.7100', 6),
(4604, '2021-09-02 10:56:36', 53, '115.30', '0.5000', '0.0000', 'WildDragonAM', '0.4500', '0.0275', '0.0225', '1.0000', '80.8000', '18.4600', '10.0000', '10.0000', '10.0000', '129.2600', 6),
(4603, '2021-09-02 10:56:32', 53, '115.80', '0.5000', '0.5000', 'WildDragonAM', '0.4500', '0.0275', '0.0225', '1.0000', '80.4000', '18.4100', '10.0000', '10.0000', '10.0000', '128.8100', 6),
(4602, '2021-09-02 10:56:30', 53, '115.80', '0.5000', '0.2500', 'WildDragonAM', '0.4500', '0.0275', '0.0225', '1.0000', '80.5000', '18.3600', '10.0000', '10.0000', '10.0000', '128.8600', 6),
(4601, '2021-09-02 10:56:29', 53, '116.05', '0.5000', '0.0000', 'WildDragonAM', '0.4500', '0.0275', '0.0225', '1.0000', '80.3500', '18.3100', '10.0000', '10.0000', '10.0000', '128.6600', 6),
(4600, '2021-09-02 10:56:27', 53, '116.55', '0.5000', '0.0000', 'WildDragonAM', '0.4500', '0.0275', '0.0225', '1.0000', '79.9500', '18.2600', '10.0000', '10.0000', '10.0000', '128.2100', 6),
(4599, '2021-09-02 10:56:23', 53, '117.05', '0.5000', '3.7500', 'WildDragonAM', '0.4500', '0.0275', '0.0225', '1.0000', '79.5500', '18.2100', '10.0000', '10.0000', '10.0000', '127.7600', 6),
(4598, '2021-09-02 10:56:22', 53, '113.80', '0.5000', '0.0000', 'WildDragonAM', '0.4500', '0.0275', '0.0225', '1.0000', '82.9000', '18.1600', '10.0000', '10.0000', '10.0000', '131.0600', 6),
(4597, '2021-09-02 10:56:21', 53, '114.30', '0.5000', '0.0000', 'WildDragonAM', '0.4500', '0.0275', '0.0225', '1.0000', '82.5000', '18.1100', '10.0000', '10.0000', '10.0000', '130.6100', 6),
(4596, '2021-09-02 10:56:20', 53, '114.80', '0.5000', '0.0000', 'WildDragonAM', '0.4500', '0.0275', '0.0225', '1.0000', '82.1000', '18.0600', '10.0000', '10.0000', '10.0000', '130.1600', 6),
(4595, '2021-09-02 10:56:18', 53, '115.30', '0.5000', '0.0000', 'WildDragonAM', '0.4500', '0.0275', '0.0225', '1.0000', '81.7000', '18.0100', '10.0000', '10.0000', '10.0000', '129.7100', 6),
(4594, '2021-09-02 10:56:13', 53, '115.80', '0.5000', '5.0000', 'WildDragonAM', '0.4500', '0.0275', '0.0225', '1.0000', '81.3000', '17.9600', '10.0000', '10.0000', '10.0000', '129.2600', 6),
(4593, '2021-09-02 10:56:11', 53, '111.30', '0.5000', '0.0000', 'WildDragonAM', '0.4500', '0.0275', '0.0225', '1.0000', '85.9000', '17.9100', '10.0000', '10.0000', '10.0000', '133.8100', 6),
(4592, '2021-09-02 10:56:01', 53, '111.80', '0.1000', '1.9000', 'WildDragonAM', '0.0900', '0.0055', '0.0045', '1.0000', '85.5000', '17.8600', '10.0000', '10.0000', '10.0000', '133.3600', 6),
(4591, '2021-09-02 09:44:11', 57, '0.00', '0.1000', '0.0000', 'WildDragonAM', '0.1000', '0.0000', '0.0000', '1.0000', '97.3200', '17.8500', '10.0000', '10.0000', '10.0000', '145.1700', 6),
(4590, '2021-09-02 09:44:09', 57, '0.10', '2.0000', '0.0000', 'WildDragonAM', '2.0000', '0.0000', '0.0000', '1.0000', '97.2200', '17.8500', '10.0000', '10.0000', '10.0000', '145.0700', 6),
(4589, '2021-09-02 09:44:07', 57, '2.10', '2.0000', '0.0000', 'WildDragonAM', '2.0000', '0.0000', '0.0000', '1.0000', '95.2200', '17.8500', '10.0000', '10.0000', '10.0000', '143.0700', 6),
(4588, '2021-09-02 09:44:06', 57, '4.10', '2.0000', '0.0000', 'WildDragonAM', '2.0000', '0.0000', '0.0000', '1.0000', '93.2200', '17.8500', '10.0000', '10.0000', '10.0000', '141.0700', 6),
(4587, '2021-09-02 09:44:04', 57, '6.10', '2.0000', '0.0000', 'WildDragonAM', '2.0000', '0.0000', '0.0000', '1.0000', '91.2200', '17.8500', '10.0000', '10.0000', '10.0000', '139.0700', 6),
(4586, '2021-09-02 09:44:02', 57, '8.10', '2.0000', '0.0000', 'WildDragonAM', '2.0000', '0.0000', '0.0000', '1.0000', '89.2200', '17.8500', '10.0000', '10.0000', '10.0000', '137.0700', 6),
(4585, '2021-09-02 09:43:59', 57, '10.10', '2.0000', '1.0000', 'WildDragonAM', '2.0000', '0.0000', '0.0000', '1.0000', '87.2200', '17.8500', '10.0000', '10.0000', '10.0000', '135.0700', 6),
(4584, '2021-09-02 09:43:58', 57, '11.10', '2.0000', '0.0000', 'WildDragonAM', '2.0000', '0.0000', '0.0000', '1.0000', '86.2200', '17.8500', '10.0000', '10.0000', '10.0000', '134.0700', 6),
(4583, '2021-09-02 09:43:54', 57, '13.10', '2.0000', '1.0000', 'WildDragonAM', '2.0000', '0.0000', '0.0000', '1.0000', '84.2200', '17.8500', '10.0000', '10.0000', '10.0000', '132.0700', 6),
(4582, '2021-09-02 09:43:53', 57, '14.10', '2.0000', '0.0000', 'WildDragonAM', '2.0000', '0.0000', '0.0000', '1.0000', '83.2200', '17.8500', '10.0000', '10.0000', '10.0000', '131.0700', 6),
(4581, '2021-09-02 09:43:50', 57, '16.10', '2.0000', '0.0000', 'WildDragonAM', '2.0000', '0.0000', '0.0000', '1.0000', '81.2200', '17.8500', '10.0000', '10.0000', '10.0000', '129.0700', 6),
(4580, '2021-09-02 09:43:46', 57, '18.10', '2.0000', '2.0000', 'WildDragonAM', '2.0000', '0.0000', '0.0000', '1.0000', '79.2200', '17.8500', '10.0000', '10.0000', '10.0000', '127.0700', 6),
(4579, '2021-09-02 09:43:45', 57, '18.10', '2.0000', '0.0000', 'WildDragonAM', '2.0000', '0.0000', '0.0000', '1.0000', '79.2200', '17.8500', '10.0000', '10.0000', '10.0000', '127.0700', 6),
(4578, '2021-09-02 09:43:42', 57, '20.10', '2.0000', '6.0000', 'WildDragonAM', '2.0000', '0.0000', '0.0000', '1.0000', '77.2200', '17.8500', '10.0000', '10.0000', '10.0000', '125.0700', 6),
(4577, '2021-09-02 09:43:40', 57, '16.10', '2.0000', '0.0000', 'WildDragonAM', '2.0000', '0.0000', '0.0000', '1.0000', '81.2200', '17.8500', '10.0000', '10.0000', '10.0000', '129.0700', 6),
(4576, '2021-09-02 09:43:37', 57, '18.10', '2.0000', '0.0000', 'WildDragonAM', '2.0000', '0.0000', '0.0000', '1.0000', '79.2200', '17.8500', '10.0000', '10.0000', '10.0000', '127.0700', 6),
(4575, '2021-09-02 09:43:36', 57, '20.10', '2.0000', '0.0000', 'WildDragonAM', '2.0000', '0.0000', '0.0000', '1.0000', '77.2200', '17.8500', '10.0000', '10.0000', '10.0000', '125.0700', 6),
(4574, '2021-09-02 09:43:34', 57, '22.10', '2.0000', '0.0000', 'WildDragonAM', '2.0000', '0.0000', '0.0000', '1.0000', '75.2200', '17.8500', '10.0000', '10.0000', '10.0000', '123.0700', 6),
(4573, '2021-09-02 09:43:24', 57, '24.10', '2.0000', '0.0000', 'WildDragonAM', '2.0000', '0.0000', '0.0000', '1.0000', '73.2200', '17.8500', '10.0000', '10.0000', '10.0000', '121.0700', 6),
(4572, '2021-09-02 09:42:56', 57, '26.10', '2.0000', '0.0000', 'WildDragonAM', '2.0000', '0.0000', '0.0000', '1.0000', '71.2200', '17.8500', '10.0000', '10.0000', '10.0000', '119.0700', 6),
(4571, '2021-09-02 09:42:54', 57, '28.10', '2.0000', '0.0000', 'WildDragonAM', '2.0000', '0.0000', '0.0000', '1.0000', '69.2200', '17.8500', '10.0000', '10.0000', '10.0000', '117.0700', 6),
(4570, '2021-09-02 09:42:51', 57, '30.10', '2.0000', '0.0000', 'WildDragonAM', '2.0000', '0.0000', '0.0000', '1.0000', '67.2200', '17.8500', '10.0000', '10.0000', '10.0000', '115.0700', 6),
(4569, '2021-09-02 09:42:50', 57, '32.10', '2.0000', '0.0000', 'WildDragonAM', '2.0000', '0.0000', '0.0000', '1.0000', '65.2200', '17.8500', '10.0000', '10.0000', '10.0000', '113.0700', 6),
(4568, '2021-09-02 09:42:25', 57, '34.10', '2.0000', '0.0000', 'WildDragonAM', '2.0000', '0.0000', '0.0000', '1.0000', '63.2200', '17.8500', '10.0000', '10.0000', '10.0000', '111.0700', 6),
(4567, '2021-09-02 09:42:24', 57, '36.10', '2.0000', '0.0000', 'WildDragonAM', '2.0000', '0.0000', '0.0000', '1.0000', '61.2200', '17.8500', '10.0000', '10.0000', '10.0000', '109.0700', 6),
(4566, '2021-09-02 09:42:22', 57, '38.10', '2.0000', '0.0000', 'WildDragonAM', '2.0000', '0.0000', '0.0000', '1.0000', '59.2200', '17.8500', '10.0000', '10.0000', '10.0000', '107.0700', 6),
(4565, '2021-09-02 09:42:20', 57, '40.10', '2.0000', '0.0000', 'WildDragonAM', '2.0000', '0.0000', '0.0000', '1.0000', '57.2200', '17.8500', '10.0000', '10.0000', '10.0000', '105.0700', 6),
(4564, '2021-09-02 09:42:18', 57, '42.10', '2.0000', '0.0000', 'WildDragonAM', '2.0000', '0.0000', '0.0000', '1.0000', '55.2200', '17.8500', '10.0000', '10.0000', '10.0000', '103.0700', 6),
(4563, '2021-09-02 09:42:14', 57, '44.10', '2.0000', '0.0000', 'WildDragonAM', '2.0000', '0.0000', '0.0000', '1.0000', '53.2200', '17.8500', '10.0000', '10.0000', '10.0000', '101.0700', 6),
(4562, '2021-09-02 09:42:12', 57, '46.10', '2.0000', '0.0000', 'WildDragonAM', '2.0000', '0.0000', '0.0000', '1.0000', '51.2200', '17.8500', '10.0000', '10.0000', '10.0000', '99.0700', 6),
(4561, '2021-09-02 09:42:10', 57, '48.10', '2.0000', '0.0000', 'WildDragonAM', '2.0000', '0.0000', '0.0000', '1.0000', '49.2200', '17.8500', '10.0000', '10.0000', '10.0000', '97.0700', 6),
(4560, '2021-09-02 09:42:09', 57, '50.10', '2.0000', '0.0000', 'WildDragonAM', '2.0000', '0.0000', '0.0000', '1.0000', '47.2200', '17.8500', '10.0000', '10.0000', '10.0000', '95.0700', 6),
(4559, '2021-09-02 09:42:07', 57, '52.10', '2.0000', '0.0000', 'WildDragonAM', '2.0000', '0.0000', '0.0000', '1.0000', '45.2200', '17.8500', '10.0000', '10.0000', '10.0000', '93.0700', 6),
(4558, '2021-09-02 09:42:05', 57, '54.10', '2.0000', '0.0000', 'WildDragonAM', '2.0000', '0.0000', '0.0000', '1.0000', '43.2200', '17.8500', '10.0000', '10.0000', '10.0000', '91.0700', 6),
(4557, '2021-09-02 09:42:03', 57, '56.10', '2.0000', '0.0000', 'WildDragonAM', '2.0000', '0.0000', '0.0000', '1.0000', '41.2200', '17.8500', '10.0000', '10.0000', '10.0000', '89.0700', 6),
(4556, '2021-09-02 09:41:59', 57, '58.10', '2.0000', '4.0000', 'WildDragonAM', '2.0000', '0.0000', '0.0000', '1.0000', '39.2200', '17.8500', '10.0000', '10.0000', '10.0000', '87.0700', 6),
(4555, '2021-09-02 09:41:58', 57, '56.10', '2.0000', '0.0000', 'WildDragonAM', '2.0000', '0.0000', '0.0000', '1.0000', '41.2200', '17.8500', '10.0000', '10.0000', '10.0000', '89.0700', 6),
(4554, '2021-09-02 09:41:57', 57, '58.10', '2.0000', '0.0000', 'WildDragonAM', '2.0000', '0.0000', '0.0000', '1.0000', '39.2200', '17.8500', '10.0000', '10.0000', '10.0000', '87.0700', 6),
(4553, '2021-09-02 09:41:54', 57, '60.10', '2.0000', '0.0000', 'WildDragonAM', '2.0000', '0.0000', '0.0000', '1.0000', '37.2200', '17.8500', '10.0000', '10.0000', '10.0000', '85.0700', 6),
(4552, '2021-09-02 09:41:51', 57, '62.10', '2.0000', '0.0000', 'WildDragonAM', '2.0000', '0.0000', '0.0000', '1.0000', '35.2200', '17.8500', '10.0000', '10.0000', '10.0000', '83.0700', 6),
(4551, '2021-09-02 09:41:48', 57, '64.10', '2.0000', '0.0000', 'WildDragonAM', '2.0000', '0.0000', '0.0000', '1.0000', '33.2200', '17.8500', '10.0000', '10.0000', '10.0000', '81.0700', 6),
(4550, '2021-09-02 09:41:46', 57, '66.10', '2.0000', '0.0000', 'WildDragonAM', '2.0000', '0.0000', '0.0000', '1.0000', '31.2200', '17.8500', '10.0000', '10.0000', '10.0000', '79.0700', 6),
(4549, '2021-09-02 09:41:44', 57, '68.10', '2.0000', '0.0000', 'WildDragonAM', '2.0000', '0.0000', '0.0000', '1.0000', '29.2200', '17.8500', '10.0000', '10.0000', '10.0000', '77.0700', 6),
(4548, '2021-09-02 09:41:43', 57, '70.10', '2.0000', '0.0000', 'WildDragonAM', '2.0000', '0.0000', '0.0000', '1.0000', '27.2200', '17.8500', '10.0000', '10.0000', '10.0000', '75.0700', 6),
(4547, '2021-09-02 09:41:40', 57, '72.10', '2.0000', '0.0000', 'WildDragonAM', '2.0000', '0.0000', '0.0000', '1.0000', '25.2200', '17.8500', '10.0000', '10.0000', '10.0000', '73.0700', 6),
(4546, '2021-09-02 09:41:38', 57, '74.10', '2.0000', '0.0000', 'WildDragonAM', '2.0000', '0.0000', '0.0000', '1.0000', '23.2200', '17.8500', '10.0000', '10.0000', '10.0000', '71.0700', 6),
(4545, '2021-09-02 09:41:37', 57, '76.10', '2.0000', '0.0000', 'WildDragonAM', '2.0000', '0.0000', '0.0000', '1.0000', '21.2200', '17.8500', '10.0000', '10.0000', '10.0000', '69.0700', 6),
(4544, '2021-09-02 09:41:33', 57, '78.10', '2.0000', '22.0000', 'WildDragonAM', '2.0000', '0.0000', '0.0000', '1.0000', '19.2200', '17.8500', '10.0000', '10.0000', '10.0000', '67.0700', 6),
(4543, '2021-09-02 09:41:31', 57, '58.10', '2.0000', '0.0000', 'WildDragonAM', '2.0000', '0.0000', '0.0000', '1.0000', '39.2200', '17.8500', '10.0000', '10.0000', '10.0000', '87.0700', 6),
(4542, '2021-09-02 09:41:30', 57, '60.10', '2.0000', '0.0000', 'WildDragonAM', '2.0000', '0.0000', '0.0000', '1.0000', '37.2200', '17.8500', '10.0000', '10.0000', '10.0000', '85.0700', 6),
(4541, '2021-09-02 09:41:19', 57, '62.10', '1.0000', '2.5000', 'WildDragonAM', '1.0000', '0.0000', '0.0000', '1.0000', '35.2200', '17.8500', '10.0000', '10.0000', '10.0000', '83.0700', 6),
(4540, '2021-09-02 09:41:18', 57, '60.60', '1.0000', '0.0000', 'WildDragonAM', '1.0000', '0.0000', '0.0000', '1.0000', '36.7200', '17.8500', '10.0000', '10.0000', '10.0000', '84.5700', 6),
(4539, '2021-09-02 09:41:16', 57, '61.60', '1.0000', '0.0000', 'WildDragonAM', '1.0000', '0.0000', '0.0000', '1.0000', '35.7200', '17.8500', '10.0000', '10.0000', '10.0000', '83.5700', 6),
(4538, '2021-09-02 09:41:13', 57, '62.60', '1.0000', '2.5000', 'WildDragonAM', '1.0000', '0.0000', '0.0000', '1.0000', '34.7200', '17.8500', '10.0000', '10.0000', '10.0000', '82.5700', 6),
(4537, '2021-09-02 09:41:11', 57, '61.10', '1.0000', '0.0000', 'WildDragonAM', '1.0000', '0.0000', '0.0000', '1.0000', '36.2200', '17.8500', '10.0000', '10.0000', '10.0000', '84.0700', 6),
(4536, '2021-09-02 09:41:09', 57, '62.10', '1.0000', '0.0000', 'WildDragonAM', '1.0000', '0.0000', '0.0000', '1.0000', '35.2200', '17.8500', '10.0000', '10.0000', '10.0000', '83.0700', 6),
(4535, '2021-09-02 09:41:08', 57, '63.10', '1.0000', '0.0000', 'WildDragonAM', '1.0000', '0.0000', '0.0000', '1.0000', '34.2200', '17.8500', '10.0000', '10.0000', '10.0000', '82.0700', 6),
(4534, '2021-09-02 09:41:06', 57, '64.10', '1.0000', '0.0000', 'WildDragonAM', '1.0000', '0.0000', '0.0000', '1.0000', '33.2200', '17.8500', '10.0000', '10.0000', '10.0000', '81.0700', 6),
(4533, '2021-09-02 09:41:04', 57, '65.10', '1.0000', '0.0000', 'WildDragonAM', '1.0000', '0.0000', '0.0000', '1.0000', '32.2200', '17.8500', '10.0000', '10.0000', '10.0000', '80.0700', 6),
(4532, '2021-09-02 09:41:02', 57, '66.10', '1.0000', '0.0000', 'WildDragonAM', '1.0000', '0.0000', '0.0000', '1.0000', '31.2200', '17.8500', '10.0000', '10.0000', '10.0000', '79.0700', 6),
(4531, '2021-09-02 09:41:00', 57, '67.10', '1.0000', '0.0000', 'WildDragonAM', '1.0000', '0.0000', '0.0000', '1.0000', '30.2200', '17.8500', '10.0000', '10.0000', '10.0000', '78.0700', 6),
(4530, '2021-09-02 09:40:57', 57, '68.10', '1.0000', '0.0000', 'WildDragonAM', '1.0000', '0.0000', '0.0000', '1.0000', '29.2200', '17.8500', '10.0000', '10.0000', '10.0000', '77.0700', 6),
(4529, '2021-09-02 09:40:56', 57, '69.10', '1.0000', '0.0000', 'WildDragonAM', '1.0000', '0.0000', '0.0000', '1.0000', '28.2200', '17.8500', '10.0000', '10.0000', '10.0000', '76.0700', 6),
(4528, '2021-09-02 09:40:54', 57, '70.10', '1.0000', '0.0000', 'WildDragonAM', '1.0000', '0.0000', '0.0000', '1.0000', '27.2200', '17.8500', '10.0000', '10.0000', '10.0000', '75.0700', 6),
(4527, '2021-09-02 09:40:53', 57, '71.10', '1.0000', '0.0000', 'WildDragonAM', '1.0000', '0.0000', '0.0000', '1.0000', '26.2200', '17.8500', '10.0000', '10.0000', '10.0000', '74.0700', 6),
(4526, '2021-09-02 09:40:51', 57, '72.10', '1.0000', '0.0000', 'WildDragonAM', '1.0000', '0.0000', '0.0000', '1.0000', '25.2200', '17.8500', '10.0000', '10.0000', '10.0000', '73.0700', 6),
(4525, '2021-09-02 09:40:49', 57, '73.10', '1.0000', '0.0000', 'WildDragonAM', '1.0000', '0.0000', '0.0000', '1.0000', '24.2200', '17.8500', '10.0000', '10.0000', '10.0000', '72.0700', 6),
(4524, '2021-09-02 09:40:47', 57, '74.10', '1.0000', '0.0000', 'WildDragonAM', '1.0000', '0.0000', '0.0000', '1.0000', '23.2200', '17.8500', '10.0000', '10.0000', '10.0000', '71.0700', 6),
(4523, '2021-09-02 09:40:45', 57, '75.10', '1.0000', '0.0000', 'WildDragonAM', '1.0000', '0.0000', '0.0000', '1.0000', '22.2200', '17.8500', '10.0000', '10.0000', '10.0000', '70.0700', 6),
(4522, '2021-09-02 09:40:42', 57, '76.10', '1.0000', '0.0000', 'WildDragonAM', '1.0000', '0.0000', '0.0000', '1.0000', '21.2200', '17.8500', '10.0000', '10.0000', '10.0000', '69.0700', 6),
(4521, '2021-09-02 09:40:40', 57, '77.10', '1.0000', '0.0000', 'WildDragonAM', '1.0000', '0.0000', '0.0000', '1.0000', '20.2200', '17.8500', '10.0000', '10.0000', '10.0000', '68.0700', 6),
(4520, '2021-09-02 09:40:37', 57, '78.10', '1.0000', '0.0000', 'WildDragonAM', '1.0000', '0.0000', '0.0000', '1.0000', '19.2200', '17.8500', '10.0000', '10.0000', '10.0000', '67.0700', 6),
(4519, '2021-09-02 09:40:36', 57, '79.10', '1.0000', '0.0000', 'WildDragonAM', '1.0000', '0.0000', '0.0000', '1.0000', '18.2200', '17.8500', '10.0000', '10.0000', '10.0000', '66.0700', 6),
(4518, '2021-09-02 09:40:34', 57, '80.10', '1.0000', '0.0000', 'WildDragonAM', '1.0000', '0.0000', '0.0000', '1.0000', '17.2200', '17.8500', '10.0000', '10.0000', '10.0000', '65.0700', 6),
(4517, '2021-09-02 09:40:33', 57, '81.10', '1.0000', '0.0000', 'WildDragonAM', '1.0000', '0.0000', '0.0000', '1.0000', '16.2200', '17.8500', '10.0000', '10.0000', '10.0000', '64.0700', 6),
(4516, '2021-09-02 09:40:31', 57, '82.10', '1.0000', '0.0000', 'WildDragonAM', '1.0000', '0.0000', '0.0000', '1.0000', '15.2200', '17.8500', '10.0000', '10.0000', '10.0000', '63.0700', 6),
(4515, '2021-09-02 09:40:29', 57, '83.10', '1.0000', '0.0000', 'WildDragonAM', '1.0000', '0.0000', '0.0000', '1.0000', '14.2200', '17.8500', '10.0000', '10.0000', '10.0000', '62.0700', 6),
(4514, '2021-09-02 09:40:26', 57, '84.10', '1.0000', '8.0000', 'WildDragonAM', '1.0000', '0.0000', '0.0000', '1.0000', '13.2200', '17.8500', '10.0000', '10.0000', '10.0000', '61.0700', 6),
(4513, '2021-09-02 09:40:24', 57, '77.10', '1.0000', '0.0000', 'WildDragonAM', '1.0000', '0.0000', '0.0000', '1.0000', '20.2200', '17.8500', '10.0000', '10.0000', '10.0000', '68.0700', 6),
(4512, '2021-09-02 09:40:23', 57, '78.10', '1.0000', '0.0000', 'WildDragonAM', '1.0000', '0.0000', '0.0000', '1.0000', '19.2200', '17.8500', '10.0000', '10.0000', '10.0000', '67.0700', 6),
(4511, '2021-09-02 09:40:20', 57, '79.10', '1.0000', '0.0000', 'WildDragonAM', '1.0000', '0.0000', '0.0000', '1.0000', '18.2200', '17.8500', '10.0000', '10.0000', '10.0000', '66.0700', 6),
(4510, '2021-09-02 09:40:19', 57, '80.10', '1.0000', '0.0000', 'WildDragonAM', '1.0000', '0.0000', '0.0000', '1.0000', '17.2200', '17.8500', '10.0000', '10.0000', '10.0000', '65.0700', 6),
(4509, '2021-09-02 09:40:17', 57, '81.10', '1.0000', '0.0000', 'WildDragonAM', '1.0000', '0.0000', '0.0000', '1.0000', '16.2200', '17.8500', '10.0000', '10.0000', '10.0000', '64.0700', 6),
(4508, '2021-09-02 09:40:14', 57, '82.10', '1.0000', '0.0000', 'WildDragonAM', '1.0000', '0.0000', '0.0000', '1.0000', '15.2200', '17.8500', '10.0000', '10.0000', '10.0000', '63.0700', 6),
(4507, '2021-09-02 09:40:13', 57, '83.10', '1.0000', '0.0000', 'WildDragonAM', '1.0000', '0.0000', '0.0000', '1.0000', '14.2200', '17.8500', '10.0000', '10.0000', '10.0000', '62.0700', 6),
(4506, '2021-09-02 09:40:09', 57, '84.10', '1.0000', '2.0000', 'WildDragonAM', '1.0000', '0.0000', '0.0000', '1.0000', '13.2200', '17.8500', '10.0000', '10.0000', '10.0000', '61.0700', 6),
(4505, '2021-09-02 09:40:08', 57, '83.10', '1.0000', '0.0000', 'WildDragonAM', '1.0000', '0.0000', '0.0000', '1.0000', '14.2200', '17.8500', '10.0000', '10.0000', '10.0000', '62.0700', 6),
(4504, '2021-09-02 09:40:06', 57, '84.10', '1.0000', '0.0000', 'WildDragonAM', '1.0000', '0.0000', '0.0000', '1.0000', '13.2200', '17.8500', '10.0000', '10.0000', '10.0000', '61.0700', 6),
(4503, '2021-09-02 09:40:04', 57, '85.10', '1.0000', '0.0000', 'WildDragonAM', '1.0000', '0.0000', '0.0000', '1.0000', '12.2200', '17.8500', '10.0000', '10.0000', '10.0000', '60.0700', 6),
(4502, '2021-09-02 09:40:02', 57, '86.10', '1.0000', '0.0000', 'WildDragonAM', '1.0000', '0.0000', '0.0000', '1.0000', '11.2200', '17.8500', '10.0000', '10.0000', '10.0000', '59.0700', 6),
(4501, '2021-09-02 09:39:59', 57, '87.10', '1.0000', '0.0000', 'WildDragonAM', '1.0000', '0.0000', '0.0000', '1.0000', '10.2200', '17.8500', '10.0000', '10.0000', '10.0000', '58.0700', 6),
(4500, '2021-09-02 09:39:56', 57, '88.10', '1.0000', '2.0000', 'WildDragonAM', '1.0000', '0.0000', '0.0000', '1.0000', '9.2200', '17.8500', '10.0000', '10.0000', '10.0000', '57.0700', 6),
(4499, '2021-09-02 09:39:52', 57, '87.10', '1.0000', '4.5000', 'WildDragonAM', '1.0000', '0.0000', '0.0000', '1.0000', '10.2200', '17.8500', '10.0000', '10.0000', '10.0000', '58.0700', 6),
(4498, '2021-09-02 09:39:50', 57, '83.60', '1.0000', '0.0000', 'WildDragonAM', '1.0000', '0.0000', '0.0000', '1.0000', '13.7200', '17.8500', '10.0000', '10.0000', '10.0000', '61.5700', 6),
(4497, '2021-09-02 09:39:48', 57, '84.60', '1.0000', '0.0000', 'WildDragonAM', '1.0000', '0.0000', '0.0000', '1.0000', '12.7200', '17.8500', '10.0000', '10.0000', '10.0000', '60.5700', 6),
(4496, '2021-09-02 09:39:47', 57, '85.60', '1.0000', '0.0000', 'WildDragonAM', '1.0000', '0.0000', '0.0000', '1.0000', '11.7200', '17.8500', '10.0000', '10.0000', '10.0000', '59.5700', 6),
(4495, '2021-09-02 09:39:45', 57, '86.60', '1.0000', '0.0000', 'WildDragonAM', '1.0000', '0.0000', '0.0000', '1.0000', '10.7200', '17.8500', '10.0000', '10.0000', '10.0000', '58.5700', 6),
(4494, '2021-09-02 09:39:43', 57, '87.60', '1.0000', '0.0000', 'WildDragonAM', '1.0000', '0.0000', '0.0000', '1.0000', '9.7200', '17.8500', '10.0000', '10.0000', '10.0000', '57.5700', 6),
(4493, '2021-09-02 09:39:42', 57, '88.60', '1.0000', '0.0000', 'WildDragonAM', '1.0000', '0.0000', '0.0000', '1.0000', '8.7200', '17.8500', '10.0000', '10.0000', '10.0000', '56.5700', 6),
(4492, '2021-09-02 09:39:39', 57, '89.60', '1.0000', '2.0000', 'WildDragonAM', '1.0000', '0.0000', '0.0000', '1.0000', '7.7200', '17.8500', '10.0000', '10.0000', '10.0000', '55.5700', 6),
(4491, '2021-09-02 09:39:36', 57, '88.60', '1.0000', '0.0000', 'WildDragonAM', '1.0000', '0.0000', '0.0000', '1.0000', '8.7200', '17.8500', '10.0000', '10.0000', '10.0000', '56.5700', 6),
(4490, '2021-09-02 09:39:35', 57, '89.60', '1.0000', '0.0000', 'WildDragonAM', '1.0000', '0.0000', '0.0000', '1.0000', '7.7200', '17.8500', '10.0000', '10.0000', '10.0000', '55.5700', 6);
INSERT INTO `w_stat_game` (`id`, `date_time`, `user_id`, `balance`, `bet`, `win`, `game`, `in_game`, `in_jpg`, `in_profit`, `denomination`, `slots_bank`, `bonus_bank`, `fish_bank`, `table_bank`, `little_bank`, `total_bank`, `shop_id`) VALUES
(4489, '2021-09-02 09:39:32', 57, '90.60', '1.0000', '10.0000', 'WildDragonAM', '1.0000', '0.0000', '0.0000', '1.0000', '6.7200', '17.8500', '10.0000', '10.0000', '10.0000', '54.5700', 6),
(4488, '2021-09-02 09:39:31', 57, '81.60', '1.0000', '0.0000', 'WildDragonAM', '1.0000', '0.0000', '0.0000', '1.0000', '15.7200', '17.8500', '10.0000', '10.0000', '10.0000', '63.5700', 6),
(4487, '2021-09-02 09:39:28', 57, '82.60', '1.0000', '0.0000', 'WildDragonAM', '1.0000', '0.0000', '0.0000', '1.0000', '14.7200', '17.8500', '10.0000', '10.0000', '10.0000', '62.5700', 6),
(4486, '2021-09-02 09:39:25', 57, '83.60', '1.0000', '0.0000', 'WildDragonAM', '1.0000', '0.0000', '0.0000', '1.0000', '13.7200', '17.8500', '10.0000', '10.0000', '10.0000', '61.5700', 6),
(4485, '2021-09-02 09:39:23', 57, '84.60', '1.0000', '0.0000', 'WildDragonAM', '1.0000', '0.0000', '0.0000', '1.0000', '12.7200', '17.8500', '10.0000', '10.0000', '10.0000', '60.5700', 6),
(4484, '2021-09-02 09:39:19', 57, '85.60', '1.0000', '0.0000', 'WildDragonAM', '1.0000', '0.0000', '0.0000', '1.0000', '11.7200', '17.8500', '10.0000', '10.0000', '10.0000', '59.5700', 6),
(4483, '2021-09-02 09:39:17', 57, '86.60', '1.0000', '0.0000', 'WildDragonAM', '1.0000', '0.0000', '0.0000', '1.0000', '10.7200', '17.8500', '10.0000', '10.0000', '10.0000', '58.5700', 6),
(4482, '2021-09-02 09:39:14', 57, '87.60', '1.0000', '0.0000', 'WildDragonAM', '1.0000', '0.0000', '0.0000', '1.0000', '9.7200', '17.8500', '10.0000', '10.0000', '10.0000', '57.5700', 6),
(4481, '2021-09-02 09:39:09', 57, '88.60', '1.0000', '2.0000', 'WildDragonAM', '1.0000', '0.0000', '0.0000', '1.0000', '8.7200', '17.8500', '10.0000', '10.0000', '10.0000', '56.5700', 6),
(4480, '2021-09-02 09:39:08', 57, '87.60', '1.0000', '0.0000', 'WildDragonAM', '1.0000', '0.0000', '0.0000', '1.0000', '9.7200', '17.8500', '10.0000', '10.0000', '10.0000', '57.5700', 6),
(4479, '2021-09-02 09:39:06', 57, '88.60', '1.0000', '0.0000', 'WildDragonAM', '1.0000', '0.0000', '0.0000', '1.0000', '8.7200', '17.8500', '10.0000', '10.0000', '10.0000', '56.5700', 6),
(4478, '2021-09-02 09:39:04', 57, '89.60', '1.0000', '0.0000', 'WildDragonAM', '1.0000', '0.0000', '0.0000', '1.0000', '7.7200', '17.8500', '10.0000', '10.0000', '10.0000', '55.5700', 6),
(4477, '2021-09-02 09:39:02', 57, '90.60', '1.0000', '0.0000', 'WildDragonAM', '1.0000', '0.0000', '0.0000', '1.0000', '6.7200', '17.8500', '10.0000', '10.0000', '10.0000', '54.5700', 6),
(4476, '2021-09-02 09:39:00', 57, '91.60', '1.0000', '0.0000', 'WildDragonAM', '1.0000', '0.0000', '0.0000', '1.0000', '5.7200', '17.8500', '10.0000', '10.0000', '10.0000', '53.5700', 6),
(4475, '2021-09-02 09:38:58', 57, '92.60', '1.0000', '0.0000', 'WildDragonAM', '1.0000', '0.0000', '0.0000', '1.0000', '4.7200', '17.8500', '10.0000', '10.0000', '10.0000', '52.5700', 6),
(4474, '2021-09-02 09:38:57', 57, '93.60', '1.0000', '0.0000', 'WildDragonAM', '1.0000', '0.0000', '0.0000', '1.0000', '3.7200', '17.8500', '10.0000', '10.0000', '10.0000', '51.5700', 6),
(4473, '2021-09-02 09:38:54', 57, '94.60', '1.0000', '5.0000', 'WildDragonAM', '1.0000', '0.0000', '0.0000', '1.0000', '2.7200', '17.8500', '10.0000', '10.0000', '10.0000', '50.5700', 6),
(4472, '2021-09-02 09:38:50', 57, '90.60', '1.0000', '1.0000', 'WildDragonAM', '1.0000', '0.0000', '0.0000', '1.0000', '6.7200', '17.8500', '10.0000', '10.0000', '10.0000', '54.5700', 6),
(4471, '2021-09-02 09:38:47', 57, '90.60', '1.0000', '0.5000', 'WildDragonAM', '1.0000', '0.0000', '0.0000', '1.0000', '6.7200', '17.8500', '10.0000', '10.0000', '10.0000', '54.5700', 6),
(4470, '2021-09-02 09:38:44', 57, '91.10', '1.0000', '6.0000', 'WildDragonAM', '1.0000', '0.0000', '0.0000', '1.0000', '6.2200', '17.8500', '10.0000', '10.0000', '10.0000', '54.0700', 6),
(4469, '2021-09-02 09:38:42', 57, '86.10', '1.0000', '0.0000', 'WildDragonAM', '1.0000', '0.0000', '0.0000', '1.0000', '11.2200', '17.8500', '10.0000', '10.0000', '10.0000', '59.0700', 6),
(4468, '2021-09-02 09:38:41', 57, '87.10', '1.0000', '0.0000', 'WildDragonAM', '1.0000', '0.0000', '0.0000', '1.0000', '10.2200', '17.8500', '10.0000', '10.0000', '10.0000', '58.0700', 6),
(4467, '2021-09-02 09:38:37', 57, '88.10', '1.0000', '4.0000', 'WildDragonAM', '1.0000', '0.0000', '0.0000', '1.0000', '9.2200', '17.8500', '10.0000', '10.0000', '10.0000', '57.0700', 6),
(4466, '2021-09-02 09:38:36', 57, '85.10', '1.0000', '0.0000', 'WildDragonAM', '1.0000', '0.0000', '0.0000', '1.0000', '12.2200', '17.8500', '10.0000', '10.0000', '10.0000', '60.0700', 6),
(4465, '2021-09-02 09:38:33', 57, '86.10', '1.0000', '0.0000', 'WildDragonAM', '1.0000', '0.0000', '0.0000', '1.0000', '11.2200', '17.8500', '10.0000', '10.0000', '10.0000', '59.0700', 6),
(4464, '2021-09-02 09:38:29', 57, '87.10', '1.0000', '2.0000', 'WildDragonAM', '1.0000', '0.0000', '0.0000', '1.0000', '10.2200', '17.8500', '10.0000', '10.0000', '10.0000', '58.0700', 6),
(4463, '2021-09-02 09:38:28', 57, '86.10', '1.0000', '0.0000', 'WildDragonAM', '1.0000', '0.0000', '0.0000', '1.0000', '11.2200', '17.8500', '10.0000', '10.0000', '10.0000', '59.0700', 6),
(4462, '2021-09-02 09:38:26', 57, '87.10', '1.0000', '0.0000', 'WildDragonAM', '1.0000', '0.0000', '0.0000', '1.0000', '10.2200', '17.8500', '10.0000', '10.0000', '10.0000', '58.0700', 6),
(4461, '2021-09-02 09:38:23', 57, '88.10', '1.0000', '1.0000', 'WildDragonAM', '1.0000', '0.0000', '0.0000', '1.0000', '9.2200', '17.8500', '10.0000', '10.0000', '10.0000', '57.0700', 6),
(4460, '2021-09-02 09:38:21', 57, '88.10', '1.0000', '0.0000', 'WildDragonAM', '1.0000', '0.0000', '0.0000', '1.0000', '9.2200', '17.8500', '10.0000', '10.0000', '10.0000', '57.0700', 6),
(4459, '2021-09-02 09:38:18', 57, '89.10', '1.0000', '0.0000', 'WildDragonAM', '1.0000', '0.0000', '0.0000', '1.0000', '8.2200', '17.8500', '10.0000', '10.0000', '10.0000', '56.0700', 6),
(4458, '2021-09-02 09:38:14', 57, '90.10', '1.0000', '7.0000', 'WildDragonAM', '1.0000', '0.0000', '0.0000', '1.0000', '7.2200', '17.8500', '10.0000', '10.0000', '10.0000', '55.0700', 6),
(4457, '2021-09-02 09:38:11', 57, '84.10', '1.0000', '0.0000', 'WildDragonAM', '1.0000', '0.0000', '0.0000', '1.0000', '13.2200', '17.8500', '10.0000', '10.0000', '10.0000', '61.0700', 6),
(4456, '2021-09-02 09:38:09', 57, '85.10', '1.0000', '0.0000', 'WildDragonAM', '1.0000', '0.0000', '0.0000', '1.0000', '12.2200', '17.8500', '10.0000', '10.0000', '10.0000', '60.0700', 6),
(4455, '2021-09-02 09:38:06', 57, '86.10', '1.0000', '0.0000', 'WildDragonAM', '1.0000', '0.0000', '0.0000', '1.0000', '11.2200', '17.8500', '10.0000', '10.0000', '10.0000', '59.0700', 6),
(4454, '2021-09-02 09:38:05', 57, '87.10', '1.0000', '0.0000', 'WildDragonAM', '1.0000', '0.0000', '0.0000', '1.0000', '10.2200', '17.8500', '10.0000', '10.0000', '10.0000', '58.0700', 6),
(4453, '2021-09-02 09:38:04', 57, '88.10', '1.0000', '0.0000', 'WildDragonAM', '1.0000', '0.0000', '0.0000', '1.0000', '9.2200', '17.8500', '10.0000', '10.0000', '10.0000', '57.0700', 6),
(4452, '2021-09-02 09:38:02', 57, '89.10', '1.0000', '0.0000', 'WildDragonAM', '1.0000', '0.0000', '0.0000', '1.0000', '8.2200', '17.8500', '10.0000', '10.0000', '10.0000', '56.0700', 6),
(4451, '2021-09-02 09:37:56', 57, '90.10', '1.0000', '1.0000', 'WildDragonAM', '0.0000', '0.0000', '0.0000', '1.0000', '7.2200', '17.8500', '10.0000', '10.0000', '10.0000', '55.0700', 6),
(4450, '2021-09-02 09:37:55', 57, '90.10', '1.0000', '0.0000', 'WildDragonAM', '0.0000', '0.0000', '0.0000', '1.0000', '8.2200', '17.8500', '10.0000', '10.0000', '10.0000', '56.0700', 6),
(4449, '2021-09-02 09:37:52', 57, '91.10', '1.0000', '0.0000', 'WildDragonAM', '0.0000', '0.0000', '0.0000', '1.0000', '8.2200', '17.8500', '10.0000', '10.0000', '10.0000', '56.0700', 6),
(4448, '2021-09-02 09:37:50', 57, '92.10', '1.0000', '0.0000', 'WildDragonAM', '0.0000', '0.0000', '0.0000', '1.0000', '8.2200', '17.8500', '10.0000', '10.0000', '10.0000', '56.0700', 6),
(4447, '2021-09-02 09:37:49', 57, '93.10', '1.0000', '0.0000', 'WildDragonAM', '0.0000', '0.0000', '0.0000', '1.0000', '8.2200', '17.8500', '10.0000', '10.0000', '10.0000', '56.0700', 6),
(4446, '2021-09-02 09:37:46', 57, '94.10', '1.0000', '0.0000', 'WildDragonAM', '0.0000', '0.0000', '0.0000', '1.0000', '8.2200', '17.8500', '10.0000', '10.0000', '10.0000', '56.0700', 6),
(4445, '2021-09-02 09:37:45', 57, '95.10', '1.0000', '0.0000', 'WildDragonAM', '0.0000', '0.0000', '0.0000', '1.0000', '8.2200', '17.8500', '10.0000', '10.0000', '10.0000', '56.0700', 6),
(4444, '2021-09-02 09:37:44', 57, '96.10', '1.0000', '0.0000', 'WildDragonAM', '0.0000', '0.0000', '0.0000', '1.0000', '8.2200', '17.8500', '10.0000', '10.0000', '10.0000', '56.0700', 6),
(4443, '2021-09-02 09:37:41', 57, '97.10', '1.0000', '0.0000', 'WildDragonAM', '0.0000', '0.0000', '0.0000', '1.0000', '8.2200', '17.8500', '10.0000', '10.0000', '10.0000', '56.0700', 6),
(4442, '2021-09-02 09:37:38', 57, '98.10', '1.0000', '0.0000', 'WildDragonAM', '0.0000', '0.0000', '0.0000', '1.0000', '8.2200', '17.8500', '10.0000', '10.0000', '10.0000', '56.0700', 6),
(4441, '2021-09-02 09:37:35', 57, '99.10', '1.0000', '0.0000', 'WildDragonAM', '0.0000', '0.0000', '0.0000', '1.0000', '8.2200', '17.8500', '10.0000', '10.0000', '10.0000', '56.0700', 6),
(4440, '2021-09-02 09:37:33', 57, '100.10', '1.0000', '0.0000', 'WildDragonAM', '0.0000', '0.0000', '0.0000', '1.0000', '8.2200', '17.8500', '10.0000', '10.0000', '10.0000', '56.0700', 6),
(4439, '2021-09-02 09:37:30', 57, '101.10', '1.0000', '4.0000', 'WildDragonAM', '0.0000', '0.0000', '0.0000', '1.0000', '8.2200', '17.8500', '10.0000', '10.0000', '10.0000', '56.0700', 6),
(4438, '2021-09-02 09:37:26', 57, '98.10', '1.0000', '1.0000', 'WildDragonAM', '0.0000', '0.0000', '0.0000', '1.0000', '12.2200', '17.8500', '10.0000', '10.0000', '10.0000', '60.0700', 6),
(4437, '2021-09-02 09:37:24', 57, '98.10', '1.0000', '0.0000', 'WildDragonAM', '0.0000', '0.0000', '0.0000', '1.0000', '13.2200', '17.8500', '10.0000', '10.0000', '10.0000', '61.0700', 6),
(4436, '2021-09-02 09:37:22', 57, '99.10', '1.0000', '0.0000', 'WildDragonAM', '0.0000', '0.0000', '0.0000', '1.0000', '13.2200', '17.8500', '10.0000', '10.0000', '10.0000', '61.0700', 6),
(4435, '2021-09-02 09:37:18', 57, '100.10', '1.0000', '2.0000', 'WildDragonAM', '0.0000', '0.0000', '0.0000', '1.0000', '13.2200', '17.8500', '10.0000', '10.0000', '10.0000', '61.0700', 6),
(4434, '2021-09-02 09:37:16', 57, '99.10', '1.0000', '0.0000', 'WildDragonAM', '0.0000', '0.0000', '0.0000', '1.0000', '15.2200', '17.8500', '10.0000', '10.0000', '10.0000', '63.0700', 6),
(4433, '2021-09-02 09:37:14', 57, '100.10', '1.0000', '0.0000', 'WildDragonAM', '0.0000', '0.0000', '0.0000', '1.0000', '15.2200', '17.8500', '10.0000', '10.0000', '10.0000', '63.0700', 6),
(4432, '2021-09-02 09:37:13', 57, '101.10', '1.0000', '0.0000', 'WildDragonAM', '0.0000', '0.0000', '0.0000', '1.0000', '15.2200', '17.8500', '10.0000', '10.0000', '10.0000', '63.0700', 6),
(4431, '2021-09-02 09:37:11', 57, '102.10', '1.0000', '0.0000', 'WildDragonAM', '0.9500', '0.0275', '0.0225', '1.0000', '15.2200', '17.8500', '10.0000', '10.0000', '10.0000', '63.0700', 6),
(4430, '2021-09-02 09:37:09', 57, '103.10', '1.0000', '0.0000', 'WildDragonAM', '0.9000', '0.0550', '0.0450', '1.0000', '14.3200', '17.8000', '10.0000', '10.0000', '10.0000', '62.1200', 6),
(4429, '2021-09-02 09:37:08', 57, '104.10', '1.0000', '0.0000', 'WildDragonAM', '0.9000', '0.0550', '0.0450', '1.0000', '13.5200', '17.7000', '10.0000', '10.0000', '10.0000', '61.2200', 6),
(4428, '2021-09-02 09:37:05', 57, '105.10', '1.0000', '3.0000', 'WildDragonAM', '0.9000', '0.0550', '0.0450', '1.0000', '12.7200', '17.6000', '10.0000', '10.0000', '10.0000', '60.3200', 6),
(4427, '2021-09-02 09:37:01', 57, '103.10', '1.0000', '5.0000', 'WildDragonAM', '0.9000', '0.0550', '0.0450', '1.0000', '14.9200', '17.5000', '10.0000', '10.0000', '10.0000', '62.4200', 6),
(4426, '2021-09-02 09:36:58', 57, '99.10', '1.0000', '0.0000', 'WildDragonAM', '0.9000', '0.0550', '0.0450', '1.0000', '19.1200', '17.4000', '10.0000', '10.0000', '10.0000', '66.5200', 6),
(4425, '2021-09-02 09:36:56', 57, '100.10', '1.0000', '0.0000', 'WildDragonAM', '0.9000', '0.0550', '0.0450', '1.0000', '18.3200', '17.3000', '10.0000', '10.0000', '10.0000', '65.6200', 6),
(4424, '2021-09-02 09:36:55', 57, '101.10', '1.0000', '0.0000', 'WildDragonAM', '0.9000', '0.0550', '0.0450', '1.0000', '17.5200', '17.2000', '10.0000', '10.0000', '10.0000', '64.7200', 6),
(4423, '2021-09-02 09:36:53', 57, '102.10', '1.0000', '0.0000', 'WildDragonAM', '0.9000', '0.0550', '0.0450', '1.0000', '16.7200', '17.1000', '10.0000', '10.0000', '10.0000', '63.8200', 6),
(4422, '2021-09-02 09:36:51', 57, '103.10', '1.0000', '0.0000', 'WildDragonAM', '0.9000', '0.0550', '0.0450', '1.0000', '15.9200', '17.0000', '10.0000', '10.0000', '10.0000', '62.9200', 6),
(4421, '2021-09-02 09:36:47', 57, '104.10', '1.0000', '10.0000', 'WildDragonAM', '0.9000', '0.0550', '0.0450', '1.0000', '15.1200', '16.9000', '10.0000', '10.0000', '10.0000', '62.0200', 6),
(4420, '2021-09-02 09:36:44', 57, '95.10', '1.0000', '0.0000', 'WildDragonAM', '0.9000', '0.0550', '0.0450', '1.0000', '24.3200', '16.8000', '10.0000', '10.0000', '10.0000', '71.1200', 6),
(4419, '2021-09-02 09:36:42', 57, '96.10', '1.0000', '0.0000', 'WildDragonAM', '0.9000', '0.0550', '0.0450', '1.0000', '23.5200', '16.7000', '10.0000', '10.0000', '10.0000', '70.2200', 6),
(4418, '2021-09-02 09:36:37', 57, '97.10', '1.0000', '7.0000', 'WildDragonAM', '0.9000', '0.0550', '0.0450', '1.0000', '22.7200', '16.6000', '10.0000', '10.0000', '10.0000', '69.3200', 6),
(4417, '2021-09-02 09:36:35', 57, '91.10', '1.0000', '0.0000', 'WildDragonAM', '0.9000', '0.0550', '0.0450', '1.0000', '28.9200', '16.5000', '10.0000', '10.0000', '10.0000', '75.4200', 6),
(4416, '2021-09-02 09:36:32', 57, '92.10', '1.0000', '0.0000', 'WildDragonAM', '0.9000', '0.0550', '0.0450', '1.0000', '28.1200', '16.4000', '10.0000', '10.0000', '10.0000', '74.5200', 6),
(4415, '2021-09-02 09:36:31', 57, '93.10', '1.0000', '0.0000', 'WildDragonAM', '0.9000', '0.0550', '0.0450', '1.0000', '27.3200', '16.3000', '10.0000', '10.0000', '10.0000', '73.6200', 6),
(4414, '2021-09-02 09:36:29', 57, '94.10', '1.0000', '0.0000', 'WildDragonAM', '0.9000', '0.0550', '0.0450', '1.0000', '26.5200', '16.2000', '10.0000', '10.0000', '10.0000', '72.7200', 6),
(4413, '2021-09-02 09:36:25', 57, '95.10', '1.0000', '1.0000', 'WildDragonAM', '0.9000', '0.0550', '0.0450', '1.0000', '25.7200', '16.1000', '10.0000', '10.0000', '10.0000', '71.8200', 6),
(4412, '2021-09-02 09:36:24', 57, '95.10', '1.0000', '0.0000', 'WildDragonAM', '0.9000', '0.0550', '0.0450', '1.0000', '25.9200', '16.0000', '10.0000', '10.0000', '10.0000', '71.9200', 6),
(4411, '2021-09-02 09:36:20', 57, '96.10', '1.0000', '5.0000', 'WildDragonAM', '0.9000', '0.0550', '0.0450', '1.0000', '25.1200', '15.9000', '10.0000', '10.0000', '10.0000', '71.0200', 6),
(4410, '2021-09-02 09:36:16', 57, '92.10', '1.0000', '14.0000', 'WildDragonAM', '0.9000', '0.0550', '0.0450', '1.0000', '29.3200', '15.8000', '10.0000', '10.0000', '10.0000', '75.1200', 6),
(4409, '2021-09-02 09:36:14', 57, '79.10', '1.0000', '0.0000', 'WildDragonAM', '0.9000', '0.0550', '0.0450', '1.0000', '42.5200', '15.7000', '10.0000', '10.0000', '10.0000', '88.2200', 6),
(4408, '2021-09-02 09:36:13', 57, '80.10', '1.0000', '0.0000', 'WildDragonAM', '0.9000', '0.0550', '0.0450', '1.0000', '41.7200', '15.6000', '10.0000', '10.0000', '10.0000', '87.3200', 6),
(4407, '2021-09-02 09:36:10', 57, '81.10', '1.0000', '0.0000', 'WildDragonAM', '0.9000', '0.0550', '0.0450', '1.0000', '40.9200', '15.5000', '10.0000', '10.0000', '10.0000', '86.4200', 6),
(4406, '2021-09-02 09:36:06', 57, '82.10', '1.0000', '5.0000', 'WildDragonAM', '0.9000', '0.0550', '0.0450', '1.0000', '40.1200', '15.4000', '10.0000', '10.0000', '10.0000', '85.5200', 6),
(4405, '2021-09-02 09:36:01', 57, '78.10', '1.0000', '6.0000', 'WildDragonAM', '0.9000', '0.0550', '0.0450', '1.0000', '44.3200', '15.3000', '10.0000', '10.0000', '10.0000', '89.6200', 6),
(4404, '2021-09-02 09:35:59', 57, '73.10', '1.0000', '0.0000', 'WildDragonAM', '0.9000', '0.0550', '0.0450', '1.0000', '49.5200', '15.2000', '10.0000', '10.0000', '10.0000', '94.7200', 6),
(4403, '2021-09-02 09:35:58', 57, '74.10', '1.0000', '0.0000', 'WildDragonAM', '0.9000', '0.0550', '0.0450', '1.0000', '48.7200', '15.1000', '10.0000', '10.0000', '10.0000', '93.8200', 6),
(4402, '2021-09-02 09:35:56', 57, '75.10', '1.0000', '0.0000', 'WildDragonAM', '0.9000', '0.0550', '0.0450', '1.0000', '47.9200', '15.0000', '10.0000', '10.0000', '10.0000', '92.9200', 6),
(4401, '2021-09-02 09:35:48', 57, '76.10', '1.0000', '0.0000', 'WildDragonAM', '0.9000', '0.0550', '0.0450', '1.0000', '47.1200', '14.9000', '10.0000', '10.0000', '10.0000', '92.0200', 6),
(4400, '2021-09-02 09:35:45', 57, '77.10', '1.0000', '0.0000', 'WildDragonAM', '0.9000', '0.0550', '0.0450', '1.0000', '46.3200', '14.8000', '10.0000', '10.0000', '10.0000', '91.1200', 6),
(4399, '2021-09-02 09:35:44', 57, '78.10', '1.0000', '0.0000', 'WildDragonAM', '0.9000', '0.0550', '0.0450', '1.0000', '45.5200', '14.7000', '10.0000', '10.0000', '10.0000', '90.2200', 6),
(4398, '2021-09-02 09:35:29', 57, '79.10', '1.0000', '0.5000', 'WildDragonAM', '0.9000', '0.0550', '0.0450', '1.0000', '44.7200', '14.6000', '10.0000', '10.0000', '10.0000', '89.3200', 6),
(4397, '2021-09-02 09:35:27', 57, '79.60', '1.0000', '0.0000', 'WildDragonAM', '0.9000', '0.0550', '0.0450', '1.0000', '44.4200', '14.5000', '10.0000', '10.0000', '10.0000', '88.9200', 6),
(4396, '2021-09-02 09:35:25', 57, '80.60', '1.0000', '0.0000', 'WildDragonAM', '0.9000', '0.0550', '0.0450', '1.0000', '43.6200', '14.4000', '10.0000', '10.0000', '10.0000', '88.0200', 6),
(4395, '2021-09-02 09:35:23', 57, '71.60', '1.0000', '0.0000', 'WildDragonAM', '0.9000', '0.0550', '0.0450', '1.0000', '42.8200', '14.3000', '10.0000', '10.0000', '10.0000', '87.1200', 6),
(4394, '2021-09-02 09:35:20', 57, '72.60', '1.0000', '0.0000', 'WildDragonAM', '0.9000', '0.0550', '0.0450', '1.0000', '42.0200', '14.2000', '10.0000', '10.0000', '10.0000', '86.2200', 6),
(4393, '2021-09-02 09:35:16', 57, '73.60', '1.0000', '0.0000', 'WildDragonAM', '0.9000', '0.0550', '0.0450', '1.0000', '41.2200', '14.1000', '10.0000', '10.0000', '10.0000', '85.3200', 6),
(4392, '2021-09-02 09:35:10', 57, '74.60', '1.0000', '3.0000', 'WildDragonAM', '0.9000', '0.0550', '0.0450', '1.0000', '40.4200', '14.0000', '10.0000', '10.0000', '10.0000', '84.4200', 6),
(4391, '2021-09-02 09:35:07', 57, '72.60', '1.0000', '0.0000', 'WildDragonAM', '0.9000', '0.0550', '0.0450', '1.0000', '42.6200', '13.9000', '10.0000', '10.0000', '10.0000', '86.5200', 6),
(4390, '2021-09-02 09:35:05', 57, '73.60', '1.0000', '0.0000', 'WildDragonAM', '0.9000', '0.0550', '0.0450', '1.0000', '41.8200', '13.8000', '10.0000', '10.0000', '10.0000', '85.6200', 6),
(4389, '2021-09-02 09:35:00', 57, '74.60', '1.0000', '7.0000', 'WildDragonAM', '0.9000', '0.0550', '0.0450', '1.0000', '41.0200', '13.7000', '10.0000', '10.0000', '10.0000', '84.7200', 6),
(4388, '2021-09-02 09:34:58', 57, '68.60', '1.0000', '0.0000', 'WildDragonAM', '0.9000', '0.0550', '0.0450', '1.0000', '47.2200', '13.6000', '10.0000', '10.0000', '10.0000', '90.8200', 6),
(4387, '2021-09-02 09:34:57', 57, '69.60', '1.0000', '0.0000', 'WildDragonAM', '0.9000', '0.0550', '0.0450', '1.0000', '46.4200', '13.5000', '10.0000', '10.0000', '10.0000', '89.9200', 6),
(4386, '2021-09-02 09:34:53', 57, '70.60', '1.0000', '0.0000', 'WildDragonAM', '0.9000', '0.0550', '0.0450', '1.0000', '45.6200', '13.4000', '10.0000', '10.0000', '10.0000', '89.0200', 6),
(4385, '2021-09-02 09:34:51', 57, '71.60', '1.0000', '0.0000', 'WildDragonAM', '0.9000', '0.0550', '0.0450', '1.0000', '44.8200', '13.3000', '10.0000', '10.0000', '10.0000', '88.1200', 6),
(4384, '2021-09-02 09:34:49', 57, '72.60', '1.0000', '0.0000', 'WildDragonAM', '0.9000', '0.0550', '0.0450', '1.0000', '44.0200', '13.2000', '10.0000', '10.0000', '10.0000', '87.2200', 6),
(4383, '2021-09-02 09:34:46', 57, '73.60', '1.0000', '0.0000', 'WildDragonAM', '0.9000', '0.0550', '0.0450', '1.0000', '43.2200', '13.1000', '10.0000', '10.0000', '10.0000', '86.3200', 6),
(4382, '2021-09-02 09:34:44', 57, '74.60', '1.0000', '0.0000', 'WildDragonAM', '0.9000', '0.0550', '0.0450', '1.0000', '42.4200', '13.0000', '10.0000', '10.0000', '10.0000', '85.4200', 6),
(4381, '2021-09-02 09:34:40', 57, '75.60', '1.0000', '0.0000', 'WildDragonAM', '0.9000', '0.0550', '0.0450', '1.0000', '41.6200', '12.9000', '10.0000', '10.0000', '10.0000', '84.5200', 6),
(4380, '2021-09-02 09:34:36', 57, '76.60', '1.0000', '0.0000', 'WildDragonAM', '0.9000', '0.0550', '0.0450', '1.0000', '40.8200', '12.8000', '10.0000', '10.0000', '10.0000', '83.6200', 6),
(4379, '2021-09-02 09:34:32', 57, '77.60', '1.0000', '0.0000', 'WildDragonAM', '0.9000', '0.0550', '0.0450', '1.0000', '40.0200', '12.7000', '10.0000', '10.0000', '10.0000', '82.7200', 6),
(4378, '2021-09-02 09:34:28', 57, '78.60', '1.0000', '5.0000', 'WildDragonAM', '0.9000', '0.0550', '0.0450', '1.0000', '39.2200', '12.6000', '10.0000', '10.0000', '10.0000', '81.8200', 6),
(4377, '2021-09-02 09:34:26', 57, '74.60', '1.0000', '0.0000', 'WildDragonAM', '0.9000', '0.0550', '0.0450', '1.0000', '43.4200', '12.5000', '10.0000', '10.0000', '10.0000', '85.9200', 6),
(4376, '2021-09-02 09:34:24', 57, '75.60', '1.0000', '0.0000', 'WildDragonAM', '0.9000', '0.0550', '0.0450', '1.0000', '42.6200', '12.4000', '10.0000', '10.0000', '10.0000', '85.0200', 6),
(4375, '2021-09-02 09:34:22', 57, '76.60', '1.0000', '0.0000', 'WildDragonAM', '0.9000', '0.0550', '0.0450', '1.0000', '41.8200', '12.3000', '10.0000', '10.0000', '10.0000', '84.1200', 6),
(4374, '2021-09-02 09:34:21', 57, '77.60', '1.0000', '0.0000', 'WildDragonAM', '0.9000', '0.0550', '0.0450', '1.0000', '41.0200', '12.2000', '10.0000', '10.0000', '10.0000', '83.2200', 6),
(4373, '2021-09-02 09:34:18', 57, '78.60', '1.0000', '0.0000', 'WildDragonAM', '0.9000', '0.0550', '0.0450', '1.0000', '40.2200', '12.1000', '10.0000', '10.0000', '10.0000', '82.3200', 6),
(4372, '2021-09-02 09:34:16', 57, '79.60', '1.0000', '0.0000', 'WildDragonAM', '0.9000', '0.0550', '0.0450', '1.0000', '39.4200', '12.0000', '10.0000', '10.0000', '10.0000', '81.4200', 6),
(4371, '2021-09-02 09:34:15', 57, '80.60', '1.0000', '0.0000', 'WildDragonAM', '0.9000', '0.0550', '0.0450', '1.0000', '38.6200', '11.9000', '10.0000', '10.0000', '10.0000', '80.5200', 6),
(4370, '2021-09-02 09:34:13', 57, '81.60', '1.0000', '0.0000', 'WildDragonAM', '0.9000', '0.0550', '0.0450', '1.0000', '37.8200', '11.8000', '10.0000', '10.0000', '10.0000', '79.6200', 6),
(4369, '2021-09-02 09:34:11', 57, '82.60', '1.0000', '0.0000', 'WildDragonAM', '0.9000', '0.0550', '0.0450', '1.0000', '37.0200', '11.7000', '10.0000', '10.0000', '10.0000', '78.7200', 6),
(4368, '2021-09-02 09:34:08', 57, '83.60', '1.0000', '0.0000', 'WildDragonAM', '0.9000', '0.0550', '0.0450', '1.0000', '36.2200', '11.6000', '10.0000', '10.0000', '10.0000', '77.8200', 6),
(4367, '2021-09-02 09:33:42', 57, '84.60', '1.0000', '0.0000', 'WildDragonAM', '0.9000', '0.0550', '0.0450', '1.0000', '35.4200', '11.5000', '10.0000', '10.0000', '10.0000', '76.9200', 6),
(4366, '2021-09-02 09:28:34', 57, '85.60', '0.5000', '2.0000', 'DragonsPearlAM', '0.4500', '0.0275', '0.0225', '1.0000', '34.6200', '11.4000', '10.0000', '10.0000', '10.0000', '76.0200', 6),
(4365, '2021-09-02 09:28:33', 57, '84.10', '0.5000', '0.0000', 'DragonsPearlAM', '0.4500', '0.0275', '0.0225', '1.0000', '36.2200', '11.3500', '10.0000', '10.0000', '10.0000', '77.5700', 6),
(4364, '2021-09-02 09:28:31', 57, '84.60', '0.5000', '0.0000', 'DragonsPearlAM', '0.4500', '0.0275', '0.0225', '1.0000', '35.8200', '11.3000', '10.0000', '10.0000', '10.0000', '77.1200', 6),
(4363, '2021-09-02 09:28:29', 57, '85.10', '0.5000', '0.0000', 'DragonsPearlAM', '0.4500', '0.0275', '0.0225', '1.0000', '35.4200', '11.2500', '10.0000', '10.0000', '10.0000', '76.6700', 6),
(4362, '2021-09-02 09:28:28', 57, '85.60', '0.5000', '0.0000', 'DragonsPearlAM', '0.4500', '0.0275', '0.0225', '1.0000', '35.0200', '11.2000', '10.0000', '10.0000', '10.0000', '76.2200', 6),
(4361, '2021-09-02 09:28:25', 57, '86.10', '0.5000', '0.2000', 'DragonsPearlAM', '0.4500', '0.0275', '0.0225', '1.0000', '34.6200', '11.1500', '10.0000', '10.0000', '10.0000', '75.7700', 6),
(4360, '2021-09-02 09:28:23', 57, '86.40', '0.5000', '0.0000', 'DragonsPearlAM', '0.4500', '0.0275', '0.0225', '1.0000', '34.4200', '11.1000', '10.0000', '10.0000', '10.0000', '75.5200', 6),
(4359, '2021-09-02 09:28:22', 57, '86.90', '0.5000', '0.0000', 'DragonsPearlAM', '0.4500', '0.0275', '0.0225', '1.0000', '34.0200', '11.0500', '10.0000', '10.0000', '10.0000', '75.0700', 6),
(4358, '2021-09-02 09:28:19', 57, '87.40', '0.5000', '0.0000', 'DragonsPearlAM', '0.4500', '0.0275', '0.0225', '1.0000', '33.6200', '11.0000', '10.0000', '10.0000', '10.0000', '74.6200', 6),
(4357, '2021-09-02 09:28:18', 57, '87.90', '0.5000', '0.0000', 'DragonsPearlAM', '0.4500', '0.0275', '0.0225', '1.0000', '33.2200', '10.9500', '10.0000', '10.0000', '10.0000', '74.1700', 6),
(4356, '2021-09-02 09:28:16', 57, '88.40', '0.5000', '0.0000', 'DragonsPearlAM', '0.4500', '0.0275', '0.0225', '1.0000', '32.8200', '10.9000', '10.0000', '10.0000', '10.0000', '73.7200', 6),
(4355, '2021-09-02 09:28:13', 57, '88.90', '0.5000', '0.5000', 'DragonsPearlAM', '0.4500', '0.0275', '0.0225', '1.0000', '32.4200', '10.8500', '10.0000', '10.0000', '10.0000', '73.2700', 6),
(4354, '2021-09-02 09:28:11', 57, '88.90', '0.5000', '0.0000', 'DragonsPearlAM', '0.4500', '0.0275', '0.0225', '1.0000', '32.5200', '10.8000', '10.0000', '10.0000', '10.0000', '73.3200', 6),
(4353, '2021-09-02 09:28:08', 57, '89.40', '0.5000', '0.5000', 'DragonsPearlAM', '0.4500', '0.0275', '0.0225', '1.0000', '32.1200', '10.7500', '10.0000', '10.0000', '10.0000', '72.8700', 6),
(4352, '2021-09-02 09:28:06', 57, '89.40', '0.5000', '0.0000', 'DragonsPearlAM', '0.4500', '0.0275', '0.0225', '1.0000', '32.2200', '10.7000', '10.0000', '10.0000', '10.0000', '72.9200', 6),
(4351, '2021-09-02 09:28:03', 57, '89.90', '0.5000', '0.0000', 'DragonsPearlAM', '0.4500', '0.0275', '0.0225', '1.0000', '31.8200', '10.6500', '10.0000', '10.0000', '10.0000', '72.4700', 6),
(4350, '2021-09-02 09:28:01', 57, '90.40', '0.5000', '0.0000', 'DragonsPearlAM', '0.4500', '0.0275', '0.0225', '1.0000', '31.4200', '10.6000', '10.0000', '10.0000', '10.0000', '72.0200', 6),
(4349, '2021-09-02 09:27:58', 57, '90.90', '0.5000', '0.0000', 'DragonsPearlAM', '0.4500', '0.0275', '0.0225', '1.0000', '31.0200', '10.5500', '10.0000', '10.0000', '10.0000', '71.5700', 6),
(4348, '2021-09-02 09:27:54', 57, '91.40', '0.5000', '0.4000', 'DragonsPearlAM', '0.4500', '0.0275', '0.0225', '1.0000', '30.6200', '10.5000', '10.0000', '10.0000', '10.0000', '71.1200', 6),
(4347, '2021-09-02 09:27:51', 57, '91.50', '0.5000', '0.0000', 'DragonsPearlAM', '0.4500', '0.0275', '0.0225', '1.0000', '30.6200', '10.4500', '10.0000', '10.0000', '10.0000', '71.0700', 6),
(4346, '2021-09-02 09:27:47', 57, '92.00', '0.5000', '0.4000', 'DragonsPearlAM', '0.4500', '0.0275', '0.0225', '1.0000', '30.2200', '10.4000', '10.0000', '10.0000', '10.0000', '70.6200', 6),
(4345, '2021-09-02 09:27:46', 57, '92.10', '0.5000', '0.0000', 'DragonsPearlAM', '0.4500', '0.0275', '0.0225', '1.0000', '30.2200', '10.3500', '10.0000', '10.0000', '10.0000', '70.5700', 6),
(4344, '2021-09-02 09:27:45', 57, '92.60', '0.5000', '0.0000', 'DragonsPearlAM', '0.4500', '0.0275', '0.0225', '1.0000', '29.8200', '10.3000', '10.0000', '10.0000', '10.0000', '70.1200', 6),
(4343, '2021-09-02 09:27:40', 57, '93.10', '0.5000', '0.3000', 'DragonsPearlAM', '0.4500', '0.0275', '0.0225', '1.0000', '29.4200', '10.2500', '10.0000', '10.0000', '10.0000', '69.6700', 6),
(4342, '2021-09-02 09:27:39', 57, '93.30', '0.5000', '0.0000', 'DragonsPearlAM', '0.4500', '0.0275', '0.0225', '1.0000', '29.3200', '10.2000', '10.0000', '10.0000', '10.0000', '69.5200', 6),
(4341, '2021-09-02 09:27:37', 57, '93.80', '0.5000', '0.0000', 'DragonsPearlAM', '0.4500', '0.0275', '0.0225', '1.0000', '28.9200', '10.1500', '10.0000', '10.0000', '10.0000', '69.0700', 6),
(4340, '2021-09-02 09:27:36', 57, '94.30', '0.5000', '0.0000', 'DragonsPearlAM', '0.4500', '0.0275', '0.0225', '1.0000', '28.5200', '10.1000', '10.0000', '10.0000', '10.0000', '68.6200', 6),
(4339, '2021-09-02 09:27:35', 57, '94.80', '0.5000', '0.0000', 'DragonsPearlAM', '0.4500', '0.0275', '0.0225', '1.0000', '28.1200', '10.0500', '10.0000', '10.0000', '10.0000', '68.1700', 6),
(4338, '2021-09-02 09:27:32', 57, '95.30', '0.5000', '1.3000', 'DragonsPearlAM', '0.4500', '0.0275', '0.0225', '1.0000', '27.7200', '10.0000', '10.0000', '10.0000', '10.0000', '67.7200', 6),
(4337, '2021-09-02 09:27:30', 57, '94.50', '0.5000', '0.0000', 'DragonsPearlAM', '0.4500', '0.0275', '0.0225', '1.0000', '28.6200', '9.9500', '10.0000', '10.0000', '10.0000', '68.5700', 6),
(4336, '2021-09-02 09:27:29', 57, '95.00', '0.5000', '0.0000', 'DragonsPearlAM', '0.4500', '0.0275', '0.0225', '1.0000', '28.2200', '9.9000', '10.0000', '10.0000', '10.0000', '68.1200', 6),
(4335, '2021-09-02 09:27:27', 57, '95.50', '0.5000', '0.0000', 'DragonsPearlAM', '0.4500', '0.0275', '0.0225', '1.0000', '27.8200', '9.8500', '10.0000', '10.0000', '10.0000', '67.6700', 6),
(4334, '2021-09-02 09:27:25', 57, '96.00', '0.5000', '0.0000', 'DragonsPearlAM', '0.4500', '0.0275', '0.0225', '1.0000', '27.4200', '9.8000', '10.0000', '10.0000', '10.0000', '67.2200', 6),
(4333, '2021-09-02 09:27:24', 57, '96.50', '0.5000', '0.0000', 'DragonsPearlAM', '0.4500', '0.0275', '0.0225', '1.0000', '27.0200', '9.7500', '10.0000', '10.0000', '10.0000', '66.7700', 6),
(4332, '2021-09-02 09:27:22', 57, '97.00', '0.5000', '0.0000', 'DragonsPearlAM', '0.4500', '0.0275', '0.0225', '1.0000', '26.6200', '9.7000', '10.0000', '10.0000', '10.0000', '66.3200', 6),
(4331, '2021-09-02 09:27:19', 57, '97.50', '0.5000', '0.0000', 'DragonsPearlAM', '0.4500', '0.0275', '0.0225', '1.0000', '26.2200', '9.6500', '10.0000', '10.0000', '10.0000', '65.8700', 6),
(4330, '2021-09-02 09:27:18', 57, '98.00', '0.5000', '0.0000', 'DragonsPearlAM', '0.4500', '0.0275', '0.0225', '1.0000', '25.8200', '9.6000', '10.0000', '10.0000', '10.0000', '65.4200', 6),
(4329, '2021-09-02 09:27:13', 57, '98.50', '0.5000', '1.5500', 'DragonsPearlAM', '0.4500', '0.0275', '0.0225', '1.0000', '25.4200', '9.5500', '10.0000', '10.0000', '10.0000', '64.9700', 6),
(4328, '2021-09-02 09:27:11', 57, '97.45', '0.5000', '0.0000', 'DragonsPearlAM', '0.4500', '0.0275', '0.0225', '1.0000', '26.5700', '9.5000', '10.0000', '10.0000', '10.0000', '66.0700', 6),
(4327, '2021-09-02 09:27:09', 57, '97.95', '0.5000', '0.0000', 'DragonsPearlAM', '0.4500', '0.0275', '0.0225', '1.0000', '26.1700', '9.4500', '10.0000', '10.0000', '10.0000', '65.6200', 6),
(4326, '2021-09-02 09:27:05', 57, '98.45', '0.5000', '0.4000', 'DragonsPearlAM', '0.4500', '0.0275', '0.0225', '1.0000', '25.7700', '9.4000', '10.0000', '10.0000', '10.0000', '65.1700', 6),
(4325, '2021-09-02 09:27:03', 57, '98.55', '0.5000', '0.0000', 'DragonsPearlAM', '0.4500', '0.0275', '0.0225', '1.0000', '25.7700', '9.3500', '10.0000', '10.0000', '10.0000', '65.1200', 6),
(4324, '2021-09-02 09:27:00', 57, '99.05', '0.5000', '0.0000', 'DragonsPearlAM', '0.4500', '0.0275', '0.0225', '1.0000', '25.3700', '9.3000', '10.0000', '10.0000', '10.0000', '64.6700', 6),
(4323, '2021-09-02 09:26:54', 57, '99.55', '0.5000', '0.0000', 'DragonsPearlAM', '0.4500', '0.0275', '0.0225', '1.0000', '24.9700', '9.2500', '10.0000', '10.0000', '10.0000', '64.2200', 6),
(4322, '2021-09-02 09:26:52', 57, '100.05', '0.5000', '0.0000', 'DragonsPearlAM', '0.4500', '0.0275', '0.0225', '1.0000', '24.5700', '9.2000', '10.0000', '10.0000', '10.0000', '63.7700', 6),
(4321, '2021-09-02 09:26:50', 57, '100.55', '0.5000', '0.0000', 'DragonsPearlAM', '0.4500', '0.0275', '0.0225', '1.0000', '24.1700', '9.1500', '10.0000', '10.0000', '10.0000', '63.3200', 6),
(4320, '2021-09-02 09:26:48', 57, '101.05', '0.5000', '0.0000', 'DragonsPearlAM', '0.4500', '0.0275', '0.0225', '1.0000', '23.7700', '9.1000', '10.0000', '10.0000', '10.0000', '62.8700', 6),
(4319, '2021-09-02 09:26:45', 57, '101.55', '0.5000', '0.0000', 'DragonsPearlAM', '0.4500', '0.0275', '0.0225', '1.0000', '23.3700', '9.0500', '10.0000', '10.0000', '10.0000', '62.4200', 6),
(4318, '2021-09-02 09:26:44', 57, '102.05', '0.5000', '0.0000', 'DragonsPearlAM', '0.4500', '0.0275', '0.0225', '1.0000', '22.9700', '9.0000', '10.0000', '10.0000', '10.0000', '61.9700', 6),
(4317, '2021-09-02 09:26:42', 57, '102.55', '0.5000', '0.0000', 'DragonsPearlAM', '0.4500', '0.0275', '0.0225', '1.0000', '22.5700', '8.9500', '10.0000', '10.0000', '10.0000', '61.5200', 6),
(4316, '2021-09-02 09:26:40', 57, '103.05', '0.5000', '0.0000', 'DragonsPearlAM', '0.4500', '0.0275', '0.0225', '1.0000', '22.1700', '8.9000', '10.0000', '10.0000', '10.0000', '61.0700', 6),
(4315, '2021-09-02 09:26:34', 57, '103.55', '0.5000', '2.1500', 'DragonsPearlAM', '0.4500', '0.0275', '0.0225', '1.0000', '21.7700', '8.8500', '10.0000', '10.0000', '10.0000', '60.6200', 6),
(4314, '2021-09-02 09:25:55', 57, '101.90', '0.5000', '0.0000', 'DragonsPearlAM', '0.4500', '0.0275', '0.0225', '1.0000', '23.5200', '8.8000', '10.0000', '10.0000', '10.0000', '62.3200', 6),
(4313, '2021-09-02 09:25:52', 57, '102.40', '0.5000', '0.0000', 'DragonsPearlAM', '0.4500', '0.0275', '0.0225', '1.0000', '23.1200', '8.7500', '10.0000', '10.0000', '10.0000', '61.8700', 6),
(4312, '2021-09-02 09:25:50', 57, '102.90', '0.5000', '0.0000', 'DragonsPearlAM', '0.4500', '0.0275', '0.0225', '1.0000', '22.7200', '8.7000', '10.0000', '10.0000', '10.0000', '61.4200', 6),
(4311, '2021-09-02 09:25:49', 57, '103.40', '0.5000', '0.0000', 'DragonsPearlAM', '0.4500', '0.0275', '0.0225', '1.0000', '22.3200', '8.6500', '10.0000', '10.0000', '10.0000', '60.9700', 6),
(4310, '2021-09-02 09:25:47', 57, '103.90', '0.5000', '0.0000', 'DragonsPearlAM', '0.4500', '0.0275', '0.0225', '1.0000', '21.9200', '8.6000', '10.0000', '10.0000', '10.0000', '60.5200', 6),
(4309, '2021-09-02 09:25:46', 57, '104.40', '0.5000', '0.0000', 'DragonsPearlAM', '0.4500', '0.0275', '0.0225', '1.0000', '21.5200', '8.5500', '10.0000', '10.0000', '10.0000', '60.0700', 6),
(4308, '2021-09-02 09:24:02', 57, '104.90', '0.5000', '1.0000', 'DragonsPearlAM', '0.4500', '0.0275', '0.0225', '1.0000', '21.1200', '8.5000', '10.0000', '10.0000', '10.0000', '59.6200', 6),
(4307, '2021-09-02 09:23:59', 57, '104.40', '0.5000', '0.1000', 'DragonsPearlAM', '0.4500', '0.0275', '0.0225', '1.0000', '21.7200', '8.4500', '10.0000', '10.0000', '10.0000', '60.1700', 6),
(4306, '2021-09-02 09:23:57', 57, '104.80', '0.5000', '0.0000', 'DragonsPearlAM', '0.4500', '0.0275', '0.0225', '1.0000', '21.4200', '8.4000', '10.0000', '10.0000', '10.0000', '59.8200', 6),
(4305, '2021-09-02 09:23:55', 57, '105.30', '0.5000', '0.0000', 'DragonsPearlAM', '0.4500', '0.0275', '0.0225', '1.0000', '21.0200', '8.3500', '10.0000', '10.0000', '10.0000', '59.3700', 6),
(4304, '2021-09-02 09:23:52', 57, '105.80', '0.5000', '0.0000', 'DragonsPearlAM', '0.4500', '0.0275', '0.0225', '1.0000', '20.6200', '8.3000', '10.0000', '10.0000', '10.0000', '58.9200', 6),
(4303, '2021-09-02 09:23:51', 57, '106.30', '0.5000', '0.0000', 'DragonsPearlAM', '0.4500', '0.0275', '0.0225', '1.0000', '20.2200', '8.2500', '10.0000', '10.0000', '10.0000', '58.4700', 6),
(4302, '2021-09-02 09:23:49', 57, '106.80', '0.5000', '0.0000', 'DragonsPearlAM', '0.4500', '0.0275', '0.0225', '1.0000', '19.8200', '8.2000', '10.0000', '10.0000', '10.0000', '58.0200', 6),
(4301, '2021-09-02 09:23:46', 57, '107.30', '0.5000', '0.0000', 'DragonsPearlAM', '0.4500', '0.0275', '0.0225', '1.0000', '19.4200', '8.1500', '10.0000', '10.0000', '10.0000', '57.5700', 6),
(4300, '2021-09-02 09:23:45', 57, '107.80', '0.5000', '0.0000', 'DragonsPearlAM', '0.4500', '0.0275', '0.0225', '1.0000', '19.0200', '8.1000', '10.0000', '10.0000', '10.0000', '57.1200', 6),
(4299, '2021-09-02 09:23:43', 57, '108.30', '0.5000', '0.0000', 'DragonsPearlAM', '0.4500', '0.0275', '0.0225', '1.0000', '18.6200', '8.0500', '10.0000', '10.0000', '10.0000', '56.6700', 6),
(4298, '2021-09-02 09:23:39', 57, '108.80', '0.5000', '0.3000', 'DragonsPearlAM', '0.4500', '0.0275', '0.0225', '1.0000', '18.2200', '8.0000', '10.0000', '10.0000', '10.0000', '56.2200', 6),
(4297, '2021-09-02 09:23:36', 57, '109.00', '0.5000', '0.0000', 'DragonsPearlAM', '0.4500', '0.0275', '0.0225', '1.0000', '18.1200', '7.9500', '10.0000', '10.0000', '10.0000', '56.0700', 6),
(4296, '2021-09-02 09:23:32', 57, '109.50', '0.5000', '0.0000', 'DragonsPearlAM', '0.4500', '0.0275', '0.0225', '1.0000', '17.7200', '7.9000', '10.0000', '10.0000', '10.0000', '55.6200', 6),
(4295, '2021-09-02 08:24:58', 50, '93.13', '0.4000', '0.0000', 'WildBuffaloNG', '0.3600', '0.0220', '0.0180', '1.0000', '17.3200', '7.8500', '10.0000', '10.0000', '10.0000', '55.1700', 6),
(4294, '2021-09-02 08:24:50', 50, '93.53', '0.4000', '0.0000', 'WildBuffaloNG FG', '0.0000', '0.0000', '0.0000', '1.0000', '17.0000', '7.8100', '10.0000', '10.0000', '10.0000', '54.8100', 6),
(4293, '2021-09-02 08:24:47', 50, '93.53', '0.4000', '0.0000', 'WildBuffaloNG FG', '0.0000', '0.0000', '0.0000', '1.0000', '17.0000', '7.8100', '10.0000', '10.0000', '10.0000', '54.8100', 6),
(4292, '2021-09-02 08:24:43', 50, '93.53', '0.4000', '0.0000', 'WildBuffaloNG FG', '0.0000', '0.0000', '0.0000', '1.0000', '17.0000', '7.8100', '10.0000', '10.0000', '10.0000', '54.8100', 6),
(4291, '2021-09-02 08:24:39', 50, '93.53', '0.4000', '0.0000', 'WildBuffaloNG FG', '0.0000', '0.0000', '0.0000', '1.0000', '17.0000', '7.8100', '10.0000', '10.0000', '10.0000', '54.8100', 6),
(4290, '2021-09-02 08:24:35', 50, '93.53', '0.4000', '0.0000', 'WildBuffaloNG FG', '0.0000', '0.0000', '0.0000', '1.0000', '17.0000', '7.8100', '10.0000', '10.0000', '10.0000', '54.8100', 6),
(4289, '2021-09-02 08:24:32', 50, '93.53', '0.4000', '0.0000', 'WildBuffaloNG FG', '0.0000', '0.0000', '0.0000', '1.0000', '17.0000', '7.8100', '10.0000', '10.0000', '10.0000', '54.8100', 6),
(4288, '2021-09-02 08:24:28', 50, '93.53', '0.4000', '0.0000', 'WildBuffaloNG FG', '0.0000', '0.0000', '0.0000', '1.0000', '17.0000', '7.8100', '10.0000', '10.0000', '10.0000', '54.8100', 6),
(4287, '2021-09-02 08:24:23', 50, '93.53', '0.4000', '0.2000', 'WildBuffaloNG FG', '0.0000', '0.0000', '0.0000', '1.0000', '17.0000', '7.8100', '10.0000', '10.0000', '10.0000', '54.8100', 6),
(4286, '2021-09-02 08:24:20', 50, '93.33', '0.4000', '0.0000', 'WildBuffaloNG FG', '0.0000', '0.0000', '0.0000', '1.0000', '17.0000', '8.0100', '10.0000', '10.0000', '10.0000', '55.0100', 6),
(4285, '2021-09-02 08:24:16', 50, '93.33', '0.4000', '0.0000', 'WildBuffaloNG FG', '0.0000', '0.0000', '0.0000', '1.0000', '17.0000', '8.0100', '10.0000', '10.0000', '10.0000', '55.0100', 6),
(4284, '2021-09-02 08:24:12', 50, '93.33', '0.4000', '0.0000', 'WildBuffaloNG FG', '0.0000', '0.0000', '0.0000', '1.0000', '17.0000', '8.0100', '10.0000', '10.0000', '10.0000', '55.0100', 6),
(4283, '2021-09-02 08:24:08', 50, '93.33', '0.4000', '0.0000', 'WildBuffaloNG FG', '0.0000', '0.0000', '0.0000', '1.0000', '17.0000', '8.0100', '10.0000', '10.0000', '10.0000', '55.0100', 6),
(4282, '2021-09-02 08:24:02', 50, '93.33', '0.4000', '1.8000', 'WildBuffaloNG FG', '0.0000', '0.0000', '0.0000', '1.0000', '17.0000', '8.0100', '10.0000', '10.0000', '10.0000', '55.0100', 6),
(4281, '2021-09-02 08:23:56', 50, '91.53', '0.4000', '0.0000', 'WildBuffaloNG FG', '0.0000', '0.0000', '0.0000', '1.0000', '17.0000', '9.8100', '10.0000', '10.0000', '10.0000', '56.8100', 6),
(4280, '2021-09-02 08:23:53', 50, '91.53', '0.4000', '0.0000', 'WildBuffaloNG FG', '0.0000', '0.0000', '0.0000', '1.0000', '17.0000', '9.8100', '10.0000', '10.0000', '10.0000', '56.8100', 6),
(4279, '2021-09-02 08:22:59', 50, '91.53', '0.4000', '1.8500', 'WildBuffaloNG', '0.3600', '0.0220', '0.0180', '1.0000', '17.0000', '9.8100', '10.0000', '10.0000', '10.0000', '56.8100', 6),
(4278, '2021-09-02 08:22:58', 50, '90.08', '0.4000', '0.0000', 'WildBuffaloNG', '0.3600', '0.0220', '0.0180', '1.0000', '16.6800', '11.6200', '10.0000', '10.0000', '10.0000', '58.3000', 6),
(4277, '2021-09-02 08:22:56', 50, '90.48', '0.4000', '0.2000', 'WildBuffaloNG', '0.3600', '0.0220', '0.0180', '1.0000', '16.3600', '11.5800', '10.0000', '10.0000', '10.0000', '57.9400', 6),
(4276, '2021-09-02 08:22:54', 50, '90.68', '0.4000', '0.0000', 'WildBuffaloNG', '0.3600', '0.0220', '0.0180', '1.0000', '16.2400', '11.5400', '10.0000', '10.0000', '10.0000', '57.7800', 6),
(4275, '2021-09-02 08:22:52', 50, '91.08', '0.4000', '0.0000', 'WildBuffaloNG', '0.3600', '0.0220', '0.0180', '1.0000', '15.9200', '11.5000', '10.0000', '10.0000', '10.0000', '57.4200', 6),
(4274, '2021-09-02 08:22:50', 50, '91.48', '0.4000', '0.0000', 'WildBuffaloNG', '0.3600', '0.0220', '0.0180', '1.0000', '15.6000', '11.4600', '10.0000', '10.0000', '10.0000', '57.0600', 6),
(4273, '2021-09-02 08:22:49', 50, '91.88', '0.4000', '0.0000', 'WildBuffaloNG', '0.3600', '0.0220', '0.0180', '1.0000', '15.2800', '11.4200', '10.0000', '10.0000', '10.0000', '56.7000', 6),
(4272, '2021-09-02 08:22:47', 50, '92.28', '0.4000', '0.0000', 'WildBuffaloNG', '0.3600', '0.0220', '0.0180', '1.0000', '14.9600', '11.3800', '10.0000', '10.0000', '10.0000', '56.3400', 6),
(4271, '2021-09-02 08:22:44', 50, '92.68', '0.4000', '0.0000', 'WildBuffaloNG', '0.3600', '0.0220', '0.0180', '1.0000', '14.6400', '11.3400', '10.0000', '10.0000', '10.0000', '55.9800', 6),
(4270, '2021-09-02 08:22:40', 50, '93.08', '0.4000', '0.0000', 'WildBuffaloNG', '0.3600', '0.0220', '0.0180', '1.0000', '14.3200', '11.3000', '10.0000', '10.0000', '10.0000', '55.6200', 6),
(4269, '2021-09-02 08:22:37', 50, '93.48', '0.4000', '0.0000', 'WildBuffaloNG', '0.3600', '0.0220', '0.0180', '1.0000', '14.0000', '11.2600', '10.0000', '10.0000', '10.0000', '55.2600', 6),
(4268, '2021-09-02 08:22:33', 50, '93.88', '0.4000', '0.1000', 'WildBuffaloNG', '0.3600', '0.0220', '0.0180', '1.0000', '13.6800', '11.2200', '10.0000', '10.0000', '10.0000', '54.9000', 6),
(4267, '2021-09-02 08:22:30', 50, '94.18', '0.4000', '0.0000', 'WildBuffaloNG', '0.3600', '0.0220', '0.0180', '1.0000', '13.4600', '11.1800', '10.0000', '10.0000', '10.0000', '54.6400', 6),
(4266, '2021-09-02 08:22:26', 50, '94.58', '0.4000', '0.0000', 'WildBuffaloNG', '0.3600', '0.0220', '0.0180', '1.0000', '13.1400', '11.1400', '10.0000', '10.0000', '10.0000', '54.2800', 6),
(4265, '2021-09-02 08:22:23', 50, '94.98', '0.4000', '0.0000', 'WildBuffaloNG', '0.3600', '0.0220', '0.0180', '1.0000', '12.8200', '11.1000', '10.0000', '10.0000', '10.0000', '53.9200', 6),
(4264, '2021-09-02 08:22:19', 50, '95.38', '0.4000', '0.5000', 'WildBuffaloNG', '0.3600', '0.0220', '0.0180', '1.0000', '12.5000', '11.0600', '10.0000', '10.0000', '10.0000', '53.5600', 6),
(4263, '2021-09-02 08:22:15', 50, '95.28', '0.4000', '0.0000', 'WildBuffaloNG', '0.3600', '0.0220', '0.0180', '1.0000', '12.6800', '11.0200', '10.0000', '10.0000', '10.0000', '53.7000', 6),
(4262, '2021-09-02 08:22:12', 50, '95.68', '0.4000', '0.0000', 'WildBuffaloNG', '0.3600', '0.0220', '0.0180', '1.0000', '12.3600', '10.9800', '10.0000', '10.0000', '10.0000', '53.3400', 6),
(4261, '2021-09-02 08:22:09', 50, '96.08', '0.4000', '0.0000', 'WildBuffaloNG', '0.3600', '0.0220', '0.0180', '1.0000', '12.0400', '10.9400', '10.0000', '10.0000', '10.0000', '52.9800', 6),
(4260, '2021-09-02 08:20:41', 50, '96.48', '0.1000', '0.0000', 'WildSharkAM', '0.0900', '0.0055', '0.0045', '1.0000', '11.7200', '10.9000', '10.0000', '10.0000', '10.0000', '52.6200', 6),
(4259, '2021-09-02 08:20:39', 50, '96.58', '0.1000', '0.0000', 'WildSharkAM', '0.0900', '0.0055', '0.0045', '1.0000', '11.6400', '10.8900', '10.0000', '10.0000', '10.0000', '52.5300', 6),
(4258, '2021-09-02 08:20:36', 50, '96.68', '0.1000', '0.0000', 'WildSharkAM', '0.0900', '0.0055', '0.0045', '1.0000', '11.5600', '10.8800', '10.0000', '10.0000', '10.0000', '52.4400', 6),
(4257, '2021-09-02 08:20:32', 50, '96.78', '0.1000', '0.3000', 'WildSharkAM', '0.0900', '0.0055', '0.0045', '1.0000', '11.4800', '10.8700', '10.0000', '10.0000', '10.0000', '52.3500', 6),
(4256, '2021-09-02 08:20:29', 50, '96.58', '0.1000', '0.0000', 'WildSharkAM', '0.0900', '0.0055', '0.0045', '1.0000', '11.7000', '10.8600', '10.0000', '10.0000', '10.0000', '52.5600', 6),
(4255, '2021-09-02 08:20:26', 50, '96.68', '0.1000', '0.0000', 'WildSharkAM', '0.0900', '0.0055', '0.0045', '1.0000', '11.6200', '10.8500', '10.0000', '10.0000', '10.0000', '52.4700', 6),
(4254, '2021-09-02 08:20:22', 50, '96.78', '0.1000', '0.3000', 'WildSharkAM', '0.0900', '0.0055', '0.0045', '1.0000', '11.5400', '10.8400', '10.0000', '10.0000', '10.0000', '52.3800', 6),
(4253, '2021-09-02 08:20:18', 50, '96.58', '0.1000', '0.5000', 'WildSharkAM', '0.0900', '0.0055', '0.0045', '1.0000', '11.7600', '10.8300', '10.0000', '10.0000', '10.0000', '52.5900', 6),
(4252, '2021-09-02 08:20:15', 50, '96.18', '0.1000', '0.0000', 'WildSharkAM', '0.0900', '0.0055', '0.0045', '1.0000', '12.1800', '10.8200', '10.0000', '10.0000', '10.0000', '53.0000', 6),
(4251, '2021-09-02 08:20:13', 50, '96.28', '0.1000', '0.0000', 'WildSharkAM', '0.0900', '0.0055', '0.0045', '1.0000', '12.1000', '10.8100', '10.0000', '10.0000', '10.0000', '52.9100', 6),
(4250, '2021-09-02 08:20:10', 50, '96.38', '0.1000', '0.0000', 'WildSharkAM', '0.0900', '0.0055', '0.0045', '1.0000', '12.0200', '10.8000', '10.0000', '10.0000', '10.0000', '52.8200', 6),
(4249, '2021-09-02 08:20:08', 50, '96.48', '0.1000', '0.0000', 'WildSharkAM', '0.0900', '0.0055', '0.0045', '1.0000', '11.9400', '10.7900', '10.0000', '10.0000', '10.0000', '52.7300', 6),
(4248, '2021-09-02 08:20:07', 50, '96.58', '0.1000', '0.0000', 'WildSharkAM', '0.0900', '0.0055', '0.0045', '1.0000', '11.8600', '10.7800', '10.0000', '10.0000', '10.0000', '52.6400', 6),
(4247, '2021-09-02 08:20:04', 50, '96.68', '0.1000', '0.2000', 'WildSharkAM', '0.0900', '0.0055', '0.0045', '1.0000', '11.7800', '10.7700', '10.0000', '10.0000', '10.0000', '52.5500', 6),
(4246, '2021-09-02 08:20:02', 50, '96.58', '0.1000', '0.0000', 'WildSharkAM', '0.0900', '0.0055', '0.0045', '1.0000', '11.9000', '10.7600', '10.0000', '10.0000', '10.0000', '52.6600', 6),
(4245, '2021-09-02 08:19:59', 50, '96.68', '0.1000', '0.0000', 'WildSharkAM', '0.0900', '0.0055', '0.0045', '1.0000', '11.8200', '10.7500', '10.0000', '10.0000', '10.0000', '52.5700', 6),
(4244, '2021-09-02 08:19:56', 50, '96.78', '0.1000', '0.0000', 'WildSharkAM', '0.0900', '0.0055', '0.0045', '1.0000', '11.7400', '10.7400', '10.0000', '10.0000', '10.0000', '52.4800', 6),
(4243, '2021-09-02 08:19:50', 50, '96.88', '0.1000', '0.8000', 'WildSharkAM', '0.0900', '0.0055', '0.0045', '1.0000', '11.6600', '10.7300', '10.0000', '10.0000', '10.0000', '52.3900', 6),
(4242, '2021-09-02 08:19:48', 50, '96.18', '0.1000', '0.0000', 'WildSharkAM', '0.0900', '0.0055', '0.0045', '1.0000', '12.3800', '10.7200', '10.0000', '10.0000', '10.0000', '53.1000', 6),
(4241, '2021-09-02 08:19:45', 50, '96.28', '0.1000', '0.0000', 'WildSharkAM', '0.0900', '0.0055', '0.0045', '1.0000', '12.3000', '10.7100', '10.0000', '10.0000', '10.0000', '53.0100', 6),
(4240, '2021-09-02 08:19:43', 50, '96.38', '0.1000', '0.0000', 'WildSharkAM', '0.0900', '0.0055', '0.0045', '1.0000', '12.2200', '10.7000', '10.0000', '10.0000', '10.0000', '52.9200', 6),
(4239, '2021-09-02 08:19:40', 50, '96.48', '0.1000', '0.0000', 'WildSharkAM', '0.0900', '0.0055', '0.0045', '1.0000', '12.1400', '10.6900', '10.0000', '10.0000', '10.0000', '52.8300', 6),
(4238, '2021-09-02 08:19:37', 50, '96.58', '0.1000', '0.0000', 'WildSharkAM', '0.0900', '0.0055', '0.0045', '1.0000', '12.0600', '10.6800', '10.0000', '10.0000', '10.0000', '52.7400', 6),
(4237, '2021-09-02 08:19:34', 50, '96.68', '0.1000', '0.0000', 'WildSharkAM', '0.0900', '0.0055', '0.0045', '1.0000', '11.9800', '10.6700', '10.0000', '10.0000', '10.0000', '52.6500', 6),
(4236, '2021-09-02 08:19:30', 50, '96.78', '0.1000', '0.2000', 'WildSharkAM', '0.0900', '0.0055', '0.0045', '1.0000', '11.9000', '10.6600', '10.0000', '10.0000', '10.0000', '52.5600', 6),
(4235, '2021-09-02 08:19:28', 50, '96.68', '0.1000', '0.0000', 'WildSharkAM', '0.0900', '0.0055', '0.0045', '1.0000', '12.0200', '10.6500', '10.0000', '10.0000', '10.0000', '52.6700', 6),
(4234, '2021-09-02 08:19:26', 50, '96.78', '0.1000', '0.0000', 'WildSharkAM', '0.0900', '0.0055', '0.0045', '1.0000', '11.9400', '10.6400', '10.0000', '10.0000', '10.0000', '52.5800', 6),
(4233, '2021-09-02 08:19:24', 50, '96.88', '0.1000', '0.0000', 'WildSharkAM', '0.0900', '0.0055', '0.0045', '1.0000', '11.8600', '10.6300', '10.0000', '10.0000', '10.0000', '52.4900', 6),
(4232, '2021-09-02 08:19:23', 50, '96.98', '0.1000', '0.0000', 'WildSharkAM', '0.0900', '0.0055', '0.0045', '1.0000', '11.7800', '10.6200', '10.0000', '10.0000', '10.0000', '52.4000', 6),
(4231, '2021-09-02 08:19:21', 50, '97.08', '0.1000', '0.0000', 'WildSharkAM', '0.0900', '0.0055', '0.0045', '1.0000', '11.7000', '10.6100', '10.0000', '10.0000', '10.0000', '52.3100', 6),
(4230, '2021-09-02 08:19:20', 50, '97.18', '0.1000', '0.0000', 'WildSharkAM', '0.0900', '0.0055', '0.0045', '1.0000', '11.6200', '10.6000', '10.0000', '10.0000', '10.0000', '52.2200', 6),
(4229, '2021-09-02 08:19:19', 50, '97.28', '0.1000', '0.0000', 'WildSharkAM', '0.0900', '0.0055', '0.0045', '1.0000', '11.5400', '10.5900', '10.0000', '10.0000', '10.0000', '52.1300', 6),
(4228, '2021-09-02 08:19:18', 50, '97.38', '0.1000', '0.0000', 'WildSharkAM', '0.0900', '0.0055', '0.0045', '1.0000', '11.4600', '10.5800', '10.0000', '10.0000', '10.0000', '52.0400', 6),
(4227, '2021-09-02 08:19:16', 50, '97.48', '0.1000', '0.0000', 'WildSharkAM', '0.0900', '0.0055', '0.0045', '1.0000', '11.3800', '10.5700', '10.0000', '10.0000', '10.0000', '51.9500', 6),
(4226, '2021-09-02 08:19:15', 50, '97.58', '0.1000', '0.0000', 'WildSharkAM', '0.0900', '0.0055', '0.0045', '1.0000', '11.3000', '10.5600', '10.0000', '10.0000', '10.0000', '51.8600', 6),
(4225, '2021-09-02 08:19:14', 50, '97.68', '0.1000', '0.0000', 'WildSharkAM', '0.0900', '0.0055', '0.0045', '1.0000', '11.2200', '10.5500', '10.0000', '10.0000', '10.0000', '51.7700', 6);
